{"id":730350,"date":"2025-08-27T21:12:49","date_gmt":"2025-08-27T18:12:49","guid":{"rendered":"https:\/\/roveyayinevi.com.tr\/index.php\/urun\/tirtil-osmanin-bir-gunu\/"},"modified":"2026-04-16T02:38:27","modified_gmt":"2026-04-15T23:38:27","slug":"tirtil-osmanin-bir-gunu","status":"publish","type":"product","link":"https:\/\/roveyayinevi.com.tr\/index.php\/urun\/tirtil-osmanin-bir-gunu\/","title":{"rendered":"T\u0131rt\u0131l Osman&#8217;\u0131n Bir G\u00fcn\u00fc"},"content":{"rendered":"<p>&#8220;Herkesin a\u011fz\u0131nda bir s\u00f6z. Ya \u2018Osman, sen benim psikolojimi mi bozmak istiyorsun?\u2019 ya da \u2018Dikkat, \u00e7ocu\u011fun psikolojisini bozacaks\u0131n&#8230;\u2019&#8221;\u00c7ocuk olmak kolay m\u0131, her g\u00fcn ayr\u0131 bir macera. T\u0131rt\u0131l Osman bizimle dertle\u015fiyor, tam bir g\u00fcn\u00fcn\u00fc, sabahtan gece uykusuna kadar olan biteni i\u00e7tenlikle anlat\u0131yor. Okulda ya\u015fad\u0131klar\u0131, futbol sevdas\u0131 y\u00fcz\u00fcnden ba\u015f\u0131na gelenler, i\u00e7ini d\u00f6kt\u00fc\u011f\u00fc g\u00fcnl\u00fc\u011f\u00fc&#8230;Osman\u2019\u0131n bir g\u00fcnl\u00fck maceras\u0131 hem sahici hem e\u011flenceli. Hadi \u015fimdi ona kulak verelim de \u00e7ocu\u011fun psikolojisini bozmayal\u0131m!Akademisyen yazar Ayfer G\u00fcrdal \u00dcnal&#8217;\u0131n muzip kalemi ve Do\u011fan Gen\u00e7soy&#8217;un ne\u015feli \u00e7izimleriyle &#8220;T\u0131rt\u0131l Osman&#8217;\u0131n Bir G\u00fcn\u00fc&#8221;, s\u0131radan g\u00fcnlerde sakl\u0131 maceralar\u0131 \u00f6ne \u00e7\u0131kar\u0131rken \u00e7ocuklar\u0131n sesine de kulak veriyor.<\/p>\n","protected":false},"excerpt":{"rendered":"<p>&#8220;Herkesin a\u011fz\u0131nda bir s\u00f6z. Ya \u2018Osman, sen benim psikolojimi mi bozmak istiyorsun?\u2019 ya da \u2018Dikkat, \u00e7ocu\u011fun psikolojisini bozacaks\u0131n&#8230;\u2019&#8221;\u00c7ocuk olmak kolay m\u0131, her g\u00fcn ayr\u0131 bir macera.<span class=\"excerpt-hellip\"> [\u2026]<\/span><\/p>\n","protected":false},"featured_media":0,"template":"","meta":{"_monsterinsights_skip_tracking":false,"_monsterinsights_sitenote_active":false,"_monsterinsights_sitenote_note":"","_monsterinsights_sitenote_category":0},"product_brand":[],"product_cat":[12275,12274],"product_tag":[],"class_list":{"0":"post-730350","1":"product","2":"type-product","3":"status-publish","5":"product_cat-6-12-yas-kitaplari","6":"product_cat-cocuk-ve-genclik-kitaplari","7":"pa_cilt-ciltsiz","8":"pa_tur-kitap","9":"pa_yayinevi-redhouse-kidz-yayinlari","10":"pa_yazar-ayfer-gurdal-unal","12":"first","13":"instock","14":"sale","15":"shipping-taxable","16":"purchasable","17":"product-type-simple"},"_links":{"self":[{"href":"https:\/\/roveyayinevi.com.tr\/index.php\/wp-json\/wp\/v2\/product\/730350","targetHints":{"allow":["GET"]}}],"collection":[{"href":"https:\/\/roveyayinevi.com.tr\/index.php\/wp-json\/wp\/v2\/product"}],"about":[{"href":"https:\/\/roveyayinevi.com.tr\/index.php\/wp-json\/wp\/v2\/types\/product"}],"wp:attachment":[{"href":"https:\/\/roveyayinevi.com.tr\/index.php\/wp-json\/wp\/v2\/media?parent=730350"}],"wp:term":[{"taxonomy":"product_brand","embeddable":true,"href":"https:\/\/roveyayinevi.com.tr\/index.php\/wp-json\/wp\/v2\/product_brand?post=730350"},{"taxonomy":"product_cat","embeddable":true,"href":"https:\/\/roveyayinevi.com.tr\/index.php\/wp-json\/wp\/v2\/product_cat?post=730350"},{"taxonomy":"product_tag","embeddable":true,"href":"https:\/\/roveyayinevi.com.tr\/index.php\/wp-json\/wp\/v2\/product_tag?post=730350"}],"curies":[{"name":"wp","href":"https:\/\/api.w.org\/{rel}","templated":true}]}}