{"id":730332,"date":"2025-08-27T21:12:33","date_gmt":"2025-08-27T18:12:33","guid":{"rendered":"https:\/\/roveyayinevi.com.tr\/index.php\/urun\/avcinin-son-gecesi\/"},"modified":"2026-04-16T02:38:27","modified_gmt":"2026-04-15T23:38:27","slug":"avcinin-son-gecesi","status":"publish","type":"product","link":"https:\/\/roveyayinevi.com.tr\/index.php\/urun\/avcinin-son-gecesi\/","title":{"rendered":"Avc\u0131n\u0131n Son Gecesi"},"content":{"rendered":"<p>Bir seri katili anlamak m\u00fcmk\u00fcn m\u00fcd\u00fcr? Peki adalet beklediklerimizden mi ibarettir yoksa g\u00f6rd\u00fcklerimizden mi? O bir ressam, bir \u015f\u00f6valye, sanattan, incelikten, hik\u00e2yelerden anlayan bir romantik. Kibar, sevgi dolu ve kurbanlar\u0131n\u0131n kalbini s\u00f6ken bir seri katil. Onun ad\u0131 Avc\u0131. Ona g\u00f6re \u0130stanbul bir tuval ve o tuvale adaletin resmini \u00e7izecek, hem de kalem kullanmadan.Ge\u00e7mi\u015f travmalar\u0131yla ba\u015f edemeyen Avc\u0131, bir intikam oyunu ba\u015flat\u0131r. G\u00f6z\u00fc kara savc\u0131 Feryal, bu oyunun kalbi olacak ya da kendi yolunu \u00e7izecektir. Romanda adalet kavram\u0131 sorgulan\u0131rken, avc\u0131 ile savc\u0131y\u0131 birbirine ba\u011flayan tesad\u00fcfler zincirinin halkas\u0131 bir bir \u00e7\u00f6z\u00fcl\u00fcyor. Halk\u0131 ikiye b\u00f6len \u00e2\u015f\u0131k d\u00fc\u015fmanlar\u0131n sava\u015f\u0131, bamba\u015fka bir adalet aray\u0131\u015f\u0131 sunuyor.\u00d6d\u00fcll\u00fc, gen\u00e7 yazar Dilruba Y\u0131ld\u0131z\u2019dan gerilimi her sayfada t\u0131rmand\u0131ran, tart\u0131\u015fmalar yaratacak s\u0131k\u0131 bir polisiye.\u015eiir, s\u0131rlar, cinayet, adalet ve a\u015fk.Avc\u0131n\u0131n son gecesi g\u00fcr\u00fclt\u00fcl\u00fc olacak.<\/p>\n","protected":false},"excerpt":{"rendered":"<p>Bir seri katili anlamak m\u00fcmk\u00fcn m\u00fcd\u00fcr? Peki adalet beklediklerimizden mi ibarettir yoksa g\u00f6rd\u00fcklerimizden mi? O bir ressam, bir \u015f\u00f6valye, sanattan, incelikten, hik\u00e2yelerden anlayan bir romantik. Kibar,<span class=\"excerpt-hellip\"> [\u2026]<\/span><\/p>\n","protected":false},"featured_media":0,"template":"","meta":{"_monsterinsights_skip_tracking":false,"_monsterinsights_sitenote_active":false,"_monsterinsights_sitenote_note":"","_monsterinsights_sitenote_category":0},"product_brand":[],"product_cat":[12291,12711],"product_tag":[],"class_list":{"0":"post-730332","1":"product","2":"type-product","3":"status-publish","5":"product_cat-edebiyat","6":"product_cat-roman-oyku","7":"pa_cilt-ciltsiz","8":"pa_tur-kitap","9":"pa_yayinevi-portakal-kitap","10":"pa_yazar-dilruba-yildiz","12":"first","13":"instock","14":"sale","15":"shipping-taxable","16":"purchasable","17":"product-type-simple"},"_links":{"self":[{"href":"https:\/\/roveyayinevi.com.tr\/index.php\/wp-json\/wp\/v2\/product\/730332","targetHints":{"allow":["GET"]}}],"collection":[{"href":"https:\/\/roveyayinevi.com.tr\/index.php\/wp-json\/wp\/v2\/product"}],"about":[{"href":"https:\/\/roveyayinevi.com.tr\/index.php\/wp-json\/wp\/v2\/types\/product"}],"wp:attachment":[{"href":"https:\/\/roveyayinevi.com.tr\/index.php\/wp-json\/wp\/v2\/media?parent=730332"}],"wp:term":[{"taxonomy":"product_brand","embeddable":true,"href":"https:\/\/roveyayinevi.com.tr\/index.php\/wp-json\/wp\/v2\/product_brand?post=730332"},{"taxonomy":"product_cat","embeddable":true,"href":"https:\/\/roveyayinevi.com.tr\/index.php\/wp-json\/wp\/v2\/product_cat?post=730332"},{"taxonomy":"product_tag","embeddable":true,"href":"https:\/\/roveyayinevi.com.tr\/index.php\/wp-json\/wp\/v2\/product_tag?post=730332"}],"curies":[{"name":"wp","href":"https:\/\/api.w.org\/{rel}","templated":true}]}}