{"id":730329,"date":"2025-08-27T21:12:30","date_gmt":"2025-08-27T18:12:30","guid":{"rendered":"https:\/\/roveyayinevi.com.tr\/index.php\/urun\/sofyadan-istanbula\/"},"modified":"2026-04-16T02:37:45","modified_gmt":"2026-04-15T23:37:45","slug":"sofyadan-istanbula","status":"publish","type":"product","link":"https:\/\/roveyayinevi.com.tr\/index.php\/urun\/sofyadan-istanbula\/","title":{"rendered":"Sofya&#8217;dan \u0130stanbul&#8217;a"},"content":{"rendered":"<p>Her seyahatname, tarihin dipnotlar\u0131nda kalm\u0131\u015f hayatlar\u0131 canland\u0131r\u0131r. Angel Karaliy\u00e7ev de \u0130stanbul ile ilgili perde arkas\u0131ndaki sesleri defterine ta\u015f\u0131yor. &#8220;\u0130stanbullu Bulgar t\u00fcccarlar\u0131, milli uyan\u0131\u015f\u0131n ve maddi k\u00fclt\u00fcr\u00fcn \u00f6n saftaki erleri&#8221; olarak g\u00f6ren yazar, \u015fehrin desenlerini g\u00f6steriyor: &#8220;29 May\u0131s gecesi Ayasofya&#8217;da son H\u0131ristiyan ayini \u00e7\u0131nlad\u0131, Ha\u00e7\u0131 yeniden Ayasofya&#8217;n\u0131n kubbesine dikrnek isteyen Yunanlar\u0131 Atat\u00fcrk durdurdu, Girdi\u011fimiz ilk dar \u0130stanbul soka\u011f\u0131 bir Bulgar&#8217;\u0131n ad\u0131n\u0131 ta\u015f\u0131yor: Baltao\u011flu S\u00fcleyman Bey, Balkapan\u0131 Han Bir yeralt\u0131 t\u00fcneliyle han, Ayasofya&#8217;ya \u00e7ekiyor:&#8217;<\/p>\n","protected":false},"excerpt":{"rendered":"<p>Her seyahatname, tarihin dipnotlar\u0131nda kalm\u0131\u015f hayatlar\u0131 canland\u0131r\u0131r. Angel Karaliy\u00e7ev de \u0130stanbul ile ilgili perde arkas\u0131ndaki sesleri defterine ta\u015f\u0131yor. &#8220;\u0130stanbullu Bulgar t\u00fcccarlar\u0131, milli uyan\u0131\u015f\u0131n ve maddi k\u00fclt\u00fcr\u00fcn<span class=\"excerpt-hellip\"> [\u2026]<\/span><\/p>\n","protected":false},"featured_media":0,"template":"","meta":{"_monsterinsights_skip_tracking":false,"_monsterinsights_sitenote_active":false,"_monsterinsights_sitenote_note":"","_monsterinsights_sitenote_category":0},"product_brand":[],"product_cat":[13072,12291],"product_tag":[],"class_list":{"0":"post-730329","1":"product","2":"type-product","3":"status-publish","5":"product_cat-arastirma-inceleme-referans","6":"product_cat-edebiyat","7":"pa_cilt-ciltsiz","8":"pa_tur-kitap","9":"pa_yayinevi-timas-yayinlari","10":"pa_yazar-angel-karaliycev","12":"first","13":"instock","14":"sale","15":"shipping-taxable","16":"purchasable","17":"product-type-simple"},"_links":{"self":[{"href":"https:\/\/roveyayinevi.com.tr\/index.php\/wp-json\/wp\/v2\/product\/730329","targetHints":{"allow":["GET"]}}],"collection":[{"href":"https:\/\/roveyayinevi.com.tr\/index.php\/wp-json\/wp\/v2\/product"}],"about":[{"href":"https:\/\/roveyayinevi.com.tr\/index.php\/wp-json\/wp\/v2\/types\/product"}],"wp:attachment":[{"href":"https:\/\/roveyayinevi.com.tr\/index.php\/wp-json\/wp\/v2\/media?parent=730329"}],"wp:term":[{"taxonomy":"product_brand","embeddable":true,"href":"https:\/\/roveyayinevi.com.tr\/index.php\/wp-json\/wp\/v2\/product_brand?post=730329"},{"taxonomy":"product_cat","embeddable":true,"href":"https:\/\/roveyayinevi.com.tr\/index.php\/wp-json\/wp\/v2\/product_cat?post=730329"},{"taxonomy":"product_tag","embeddable":true,"href":"https:\/\/roveyayinevi.com.tr\/index.php\/wp-json\/wp\/v2\/product_tag?post=730329"}],"curies":[{"name":"wp","href":"https:\/\/api.w.org\/{rel}","templated":true}]}}