{"id":730274,"date":"2025-08-27T21:11:37","date_gmt":"2025-08-27T18:11:37","guid":{"rendered":"https:\/\/roveyayinevi.com.tr\/index.php\/urun\/yasli-kadin-ve-papagan-3\/"},"modified":"2026-04-16T02:37:44","modified_gmt":"2026-04-15T23:37:44","slug":"yasli-kadin-ve-papagan-3","status":"publish","type":"product","link":"https:\/\/roveyayinevi.com.tr\/index.php\/urun\/yasli-kadin-ve-papagan-3\/","title":{"rendered":"Ya\u015fl\u0131 Kad\u0131n ve Papa\u011fan"},"content":{"rendered":"<p>Bayan Gage, \u00e7ok sevdi\u011fi k\u00f6pe\u011fiyle birlikte ya\u015fayan yoksul bir kad\u0131nd\u0131. Bir g\u00fcn evine gelen mektupla a\u011fabeyinin hayat\u0131n\u0131 kaybetti\u011fini ve b\u00fct\u00fcn miras\u0131n\u0131 ona b\u0131rakt\u0131\u011f\u0131n\u0131 \u00f6\u011frendi. Hemen yola \u00e7\u0131k\u0131p a\u011fabeyinin ya\u015fad\u0131\u011f\u0131 eve giden Bayan Gage\u2019i bir s\u00fcrpriz bekliyordu: A\u011fabeyi ona k\u00f6ydeki harabe bir evle birlikte gri bir papa\u011fan b\u0131rakm\u0131\u015ft\u0131! Ve ya\u015fl\u0131 kad\u0131n\u0131n hayat\u0131, bu papa\u011fan sayesinde tamamen de\u011fi\u015fmek \u00fczereydi&#8230;   Edebiyat\u0131n unutulmaz isimlerinden Virginia Woolf\u2019un yazd\u0131\u011f\u0131; hayvan sevgisi ve yard\u0131mla\u015fman\u0131n \u00f6nemini anlatan bu s\u0131cac\u0131k hik\u00e2ye, minik okurlar i\u00e7in G\u00fcnberk G\u00fclderen taraf\u0131ndan uyarland\u0131 ve resimlendi. <\/p>\n","protected":false},"excerpt":{"rendered":"<p>Bayan Gage, \u00e7ok sevdi\u011fi k\u00f6pe\u011fiyle birlikte ya\u015fayan yoksul bir kad\u0131nd\u0131. Bir g\u00fcn evine gelen mektupla a\u011fabeyinin hayat\u0131n\u0131 kaybetti\u011fini ve b\u00fct\u00fcn miras\u0131n\u0131 ona b\u0131rakt\u0131\u011f\u0131n\u0131 \u00f6\u011frendi. Hemen yola<span class=\"excerpt-hellip\"> [\u2026]<\/span><\/p>\n","protected":false},"featured_media":0,"template":"","meta":{"_monsterinsights_skip_tracking":false,"_monsterinsights_sitenote_active":false,"_monsterinsights_sitenote_note":"","_monsterinsights_sitenote_category":0},"product_brand":[],"product_cat":[12275,12274],"product_tag":[],"class_list":{"0":"post-730274","1":"product","2":"type-product","3":"status-publish","5":"product_cat-6-12-yas-kitaplari","6":"product_cat-cocuk-ve-genclik-kitaplari","7":"pa_cilt-ciltsiz","8":"pa_tur-kitap","9":"pa_yayinevi-ithaki-yayinlari","10":"pa_yazar-virginia-woolf","12":"first","13":"instock","14":"sale","15":"shipping-taxable","16":"purchasable","17":"product-type-simple"},"_links":{"self":[{"href":"https:\/\/roveyayinevi.com.tr\/index.php\/wp-json\/wp\/v2\/product\/730274","targetHints":{"allow":["GET"]}}],"collection":[{"href":"https:\/\/roveyayinevi.com.tr\/index.php\/wp-json\/wp\/v2\/product"}],"about":[{"href":"https:\/\/roveyayinevi.com.tr\/index.php\/wp-json\/wp\/v2\/types\/product"}],"wp:attachment":[{"href":"https:\/\/roveyayinevi.com.tr\/index.php\/wp-json\/wp\/v2\/media?parent=730274"}],"wp:term":[{"taxonomy":"product_brand","embeddable":true,"href":"https:\/\/roveyayinevi.com.tr\/index.php\/wp-json\/wp\/v2\/product_brand?post=730274"},{"taxonomy":"product_cat","embeddable":true,"href":"https:\/\/roveyayinevi.com.tr\/index.php\/wp-json\/wp\/v2\/product_cat?post=730274"},{"taxonomy":"product_tag","embeddable":true,"href":"https:\/\/roveyayinevi.com.tr\/index.php\/wp-json\/wp\/v2\/product_tag?post=730274"}],"curies":[{"name":"wp","href":"https:\/\/api.w.org\/{rel}","templated":true}]}}