{"id":730267,"date":"2025-08-27T21:11:31","date_gmt":"2025-08-27T18:11:31","guid":{"rendered":"https:\/\/roveyayinevi.com.tr\/index.php\/urun\/mekani-dusunmek\/"},"modified":"2026-04-16T02:37:44","modified_gmt":"2026-04-15T23:37:44","slug":"mekani-dusunmek","status":"publish","type":"product","link":"https:\/\/roveyayinevi.com.tr\/index.php\/urun\/mekani-dusunmek\/","title":{"rendered":"Mekan\u0131 D\u00fc\u015f\u00fcnmek"},"content":{"rendered":"<p>Mek\u00e2n, g\u00fcndelik hayatta genellikle \u201cnerede\u201d sorusuyla ili\u015fkili olarak kullan\u0131l\u0131r. Oysa s\u00f6z konusu kavram ba\u015fka sorularla ili\u015fkili oldu\u011fu gibi, tek disiplinin bak\u0131\u015f a\u00e7\u0131s\u0131yla da s\u0131n\u0131rl\u0131 bir anlama sahip de\u011fildir. Mimarl\u0131ktan sinemaya, felsefeden politikaya uzanan geni\u015f evrende mek\u00e2n olgusu, hem yeniden anlamlanmakta hem de sorulacak sorular, verilen yan\u0131tlar\u0131n \u00e7e\u015fitlili\u011fi oran\u0131nda \u00e7o\u011falmaktad\u0131r. Bu kitapta bir araya getirilen  makaleler de hem olgunun bu disiplinler aras\u0131 niteli\u011fine vurgu yapmak hem de bu niteli\u011fe vurgu yaparken farkl\u0131 bak\u0131\u015f a\u00e7\u0131lar\u0131n\u0131n do\u011furdu\u011fu yeni sorular\u0131 da okurun zihninde uyand\u0131rmak amac\u0131 ta\u015f\u0131yor. Bu do\u011frultuda, tekil bir uzmanl\u0131k alan\u0131na s\u0131k\u0131\u015fmak yerine, felsefe, politika, mimarl\u0131k ve sinema alanlar\u0131n\u0131n perspektifinden yararlanarak mek\u00e2n\u0131 anla(t)may\u0131 deneyen bu \u00e7al\u0131\u015fmada, \u201cmek\u00e2n nedir ve nas\u0131l \u00fcretilir?\u201d sorular\u0131na yan\u0131t bulacaks\u0131n\u0131z. David Harvey, \u201cmek\u00e2n varsaymakt\u0131r\u201d der.  Kitab\u0131n mek\u00e2n \u00e7al\u0131\u015fmalar\u0131na katk\u0131 sunmas\u0131 umudu ve varsay\u0131m\u0131yla&#8230;Kamusal Bir Hayalin Pe\u015finde: Mek\u00e2n Sempozyumu\u2019ndan Mek\u00e2n Kitab\u0131na Saim Can Beritan, Evren Haspolat, Hakan Sa\u011flam, Deniz Y\u0131ld\u0131r\u0131m Foucault\u2019da \u0130ktidar\u0131n Uzamsal Da\u011f\u0131l\u0131mlar\u0131 Ve Mek\u00e2n\u0131n Etik Ba\u011flam\u0131 Ceyhun G\u00fcrkan Mek\u00e2n\u0131n G\u00fcndelik Ya\u015fam \u0130\u00e7inde Kurgulan\u0131\u015f\u0131: \u00d6zne-Mek\u00e2n Etkile\u015fim S\u00fcreci Ezgi Karmaz (Mek\u00e2nsal) Rantla\u015ft\u0131rma Kavram\u0131 Ve Rant Rejimi Alt\u0131ndaki T\u00fcrkiye \u0130\u00e7in \u00d6nemi Emre Erol Kent Deneyimi Kavram\u0131 A\u00e7\u0131s\u0131ndan Mek\u00e2nsal Ayr\u0131\u015fma Ve Farkl\u0131la\u015fma G\u00fcncel \u00d6nkal, Erdem Yazar Erkekliklerin Ev \u0130\u00e7i Mek\u00e2n Ba\u011flam\u0131nda Analizi Hilal Peker Dural, G\u00fclg\u00fcn Me\u015fe Sinemada Karakter-Mek\u00e2n \u00d6zde\u015fleyimi \u00dczerine Bir \u0130deoloji: K\u0131\u015f Uykusu Filmi \u015eeyma Duman, Asu Be\u015fgen    samsun  liman  kentinin  e\u015fitsiz  geli\u015fimi  ali Somel Modernle\u015fme Ba\u011flam\u0131nda Mek\u00e2nsal Arketipler: T\u00fcrkiye\u2019nin Halk K\u00fct\u00fcphaneleri Berrak Erdal Sokak, Mek\u00e2n Ve Grafiti: Karak\u00f6y \u00d6rne\u011fi N. Ezgi Z\u00fcnb\u00fclo\u011flu, T. Kerem Koramaz<\/p>\n","protected":false},"excerpt":{"rendered":"<p>Mek\u00e2n, g\u00fcndelik hayatta genellikle \u201cnerede\u201d sorusuyla ili\u015fkili olarak kullan\u0131l\u0131r. Oysa s\u00f6z konusu kavram ba\u015fka sorularla ili\u015fkili oldu\u011fu gibi, tek disiplinin bak\u0131\u015f a\u00e7\u0131s\u0131yla da s\u0131n\u0131rl\u0131 bir anlama<span class=\"excerpt-hellip\"> [\u2026]<\/span><\/p>\n","protected":false},"featured_media":0,"template":"","meta":{"_monsterinsights_skip_tracking":false,"_monsterinsights_sitenote_active":false,"_monsterinsights_sitenote_note":"","_monsterinsights_sitenote_category":0},"product_brand":[],"product_cat":[13512,12408],"product_tag":[],"class_list":{"0":"post-730267","1":"product","2":"type-product","3":"status-publish","5":"product_cat-mimarlik","6":"product_cat-sanat","7":"pa_cilt-ciltsiz","8":"pa_tur-kitap","9":"pa_yayinevi-nika-yayinevi","10":"pa_yazar-nika-yayinevi-kolektif","12":"first","13":"instock","14":"sale","15":"shipping-taxable","16":"purchasable","17":"product-type-simple"},"_links":{"self":[{"href":"https:\/\/roveyayinevi.com.tr\/index.php\/wp-json\/wp\/v2\/product\/730267","targetHints":{"allow":["GET"]}}],"collection":[{"href":"https:\/\/roveyayinevi.com.tr\/index.php\/wp-json\/wp\/v2\/product"}],"about":[{"href":"https:\/\/roveyayinevi.com.tr\/index.php\/wp-json\/wp\/v2\/types\/product"}],"wp:attachment":[{"href":"https:\/\/roveyayinevi.com.tr\/index.php\/wp-json\/wp\/v2\/media?parent=730267"}],"wp:term":[{"taxonomy":"product_brand","embeddable":true,"href":"https:\/\/roveyayinevi.com.tr\/index.php\/wp-json\/wp\/v2\/product_brand?post=730267"},{"taxonomy":"product_cat","embeddable":true,"href":"https:\/\/roveyayinevi.com.tr\/index.php\/wp-json\/wp\/v2\/product_cat?post=730267"},{"taxonomy":"product_tag","embeddable":true,"href":"https:\/\/roveyayinevi.com.tr\/index.php\/wp-json\/wp\/v2\/product_tag?post=730267"}],"curies":[{"name":"wp","href":"https:\/\/api.w.org\/{rel}","templated":true}]}}