{"id":730254,"date":"2025-08-27T21:11:20","date_gmt":"2025-08-27T18:11:20","guid":{"rendered":"https:\/\/roveyayinevi.com.tr\/index.php\/urun\/yasam-simdidir\/"},"modified":"2026-04-16T02:37:44","modified_gmt":"2026-04-15T23:37:44","slug":"yasam-simdidir","status":"publish","type":"product","link":"https:\/\/roveyayinevi.com.tr\/index.php\/urun\/yasam-simdidir\/","title":{"rendered":"Ya\u015fam \u015eimdidir"},"content":{"rendered":"<p>Ya\u015fam\u0131n h\u0131zla ge\u00e7ti\u011fi zannedilerek pek de fark edilmeyen \u201c\u015eimdi\u201d kavram\u0131, bir k\u00f6\u015fede \u00f6ks\u00fcz dursa da ya\u015fam\u0131n her an\u0131n\u0131 ilmek ilmek \u00f6ren tek ger\u00e7ektir. T\u00fcm ya\u015fam formlar\u0131 o var diye vard\u0131r asl\u0131nda. Davran\u0131\u015fsal kavramlar\u0131n tiyatral bir dille anlat\u0131ld\u0131\u011f\u0131 kitab\u0131m\u0131zda, ya\u015fam\u0131n ana dinamiklerinin neler oldu\u011fu, huzur, sevgi, mutlulu\u011fun elde edilmesi s\u00fcrecindeki zorluk ve ba\u015far\u0131lar\u0131n neler oldu\u011fu yorumland\u0131. B\u00f6l\u00fcmlerden Baz\u0131lar\u0131; Varl\u0131k Bilinci Nedir? &#8211; \u0130\u00e7sel Uyanma Olur mu?- \u0130\u00e7sel \u00d6zg\u00fcrl\u00fck Olur mu?-  Zihne Ba\u011f\u0131ml\u0131l\u0131k Nedir?- Duygu &amp; Ego &amp; \u00d6fke Ortakl\u0131\u011f\u0131 &#8211; Sevgi &#8211; Sevin\u00e7 &#8211; Huzur Karde\u015f mi? &#8211;  Ego &#8211; Benlik \u00c7at\u0131\u015fmas\u0131 Olur mu?- Ya\u015fama Kafa Tutulur mu? &#8211; Ya\u015fama Evet Demek Zor mu? &#8211;  Zihne Kar\u015f\u0131 Duru\u015f Nas\u0131l Ba\u015far\u0131l\u0131r?- Ya\u015fama Evet Demek Zor mu? &#8211; Ya\u015fam\u0131 Ger\u00e7ekle\u015ftirmek Nedir? &#8211; Ge\u00e7mi\u015f \u015eimdinin Marifetleri? &#8211; Ya\u015fam\u0131n \u015eimdisi I\u015f\u0131k m\u0131? &#8211; De\u011ferlilik Hissi Zor mu? &#8211; Ego Korkak m\u0131? &#8211; Zihin Tuza\u011fa m\u0131 d\u00fc\u015f\u00fcr\u00fcr? &#8211; Ego Korkak m\u0131?- Kendimizle ili\u015fki Kurabiliyor muyuz?- Tam ve B\u00fct\u00fcn Olmak Zor mu?- Nas\u0131l\u0131n Zaferi Olur mu? &#8211;  Davran\u0131\u015flar Nas\u0131l Olu\u015fur? &#8211; Zihnin Emrine Girince Ne Olur? &#8211; Duygular Kontrol Edilmezse Ne Olur?- Gelecek Bir \u0130ll\u00fczyon mu?- Sahte \u0130li\u015fkinin Seyri Nas\u0131l olur?- \u0130leti\u015fim Ne Zaman Ba\u015flar? &#8211; Kad\u0131n Fark\u0131nda m\u0131? &#8211; Neden \u0130li\u015fki kurulur ?-  Alg\u0131lad\u0131\u011f\u0131m\u0131z da m\u0131 Var Oluruz?- Olana Direnmek Bilin\u00e7sizlik mi? Ve di\u011fer sorular\u0131n yorumlar\u0131\u2026. <\/p>\n","protected":false},"excerpt":{"rendered":"<p>Ya\u015fam\u0131n h\u0131zla ge\u00e7ti\u011fi zannedilerek pek de fark edilmeyen \u201c\u015eimdi\u201d kavram\u0131, bir k\u00f6\u015fede \u00f6ks\u00fcz dursa da ya\u015fam\u0131n her an\u0131n\u0131 ilmek ilmek \u00f6ren tek ger\u00e7ektir. T\u00fcm ya\u015fam formlar\u0131<span class=\"excerpt-hellip\"> [\u2026]<\/span><\/p>\n","protected":false},"featured_media":0,"template":"","meta":{"_monsterinsights_skip_tracking":false,"_monsterinsights_sitenote_active":false,"_monsterinsights_sitenote_note":"","_monsterinsights_sitenote_category":0},"product_brand":[],"product_cat":[12364,12376],"product_tag":[],"class_list":{"0":"post-730254","1":"product","2":"type-product","3":"status-publish","5":"product_cat-genel-konular","6":"product_cat-kisisel-gelisim","7":"pa_cilt-ciltsiz","8":"pa_tur-kitap","9":"pa_yayinevi-ayata-kitap","10":"pa_yazar-ahmet-bayindir","12":"first","13":"instock","14":"sale","15":"shipping-taxable","16":"purchasable","17":"product-type-simple"},"_links":{"self":[{"href":"https:\/\/roveyayinevi.com.tr\/index.php\/wp-json\/wp\/v2\/product\/730254","targetHints":{"allow":["GET"]}}],"collection":[{"href":"https:\/\/roveyayinevi.com.tr\/index.php\/wp-json\/wp\/v2\/product"}],"about":[{"href":"https:\/\/roveyayinevi.com.tr\/index.php\/wp-json\/wp\/v2\/types\/product"}],"wp:attachment":[{"href":"https:\/\/roveyayinevi.com.tr\/index.php\/wp-json\/wp\/v2\/media?parent=730254"}],"wp:term":[{"taxonomy":"product_brand","embeddable":true,"href":"https:\/\/roveyayinevi.com.tr\/index.php\/wp-json\/wp\/v2\/product_brand?post=730254"},{"taxonomy":"product_cat","embeddable":true,"href":"https:\/\/roveyayinevi.com.tr\/index.php\/wp-json\/wp\/v2\/product_cat?post=730254"},{"taxonomy":"product_tag","embeddable":true,"href":"https:\/\/roveyayinevi.com.tr\/index.php\/wp-json\/wp\/v2\/product_tag?post=730254"}],"curies":[{"name":"wp","href":"https:\/\/api.w.org\/{rel}","templated":true}]}}