{"id":730248,"date":"2025-08-27T21:11:15","date_gmt":"2025-08-27T18:11:15","guid":{"rendered":"https:\/\/roveyayinevi.com.tr\/index.php\/urun\/the-lost-cat\/"},"modified":"2026-04-16T02:37:43","modified_gmt":"2026-04-15T23:37:43","slug":"the-lost-cat","status":"publish","type":"product","link":"https:\/\/roveyayinevi.com.tr\/index.php\/urun\/the-lost-cat\/","title":{"rendered":"The Lost Cat"},"content":{"rendered":"<p>Redhouse, \u0130ngilizce \u00fcr\u00fcn yelpazesine yepyeni bir seri daha ekliyor!Redhouse Early Readers Set, Susie ve Fred\u2019in e\u011flenceli maceralar\u0131n\u0131 \u0130ngilizceyi \u00f6\u011frenmeye yeni ba\u015flayan \u00e7ocuklarla bulu\u015fturuyor.Tabby, s\u0131cac\u0131k evinde, pencereden ku\u015flar\u0131 izleyerek s\u0131radan bir g\u00fcn ge\u00e7irmektedir. Bir anda, Fred\u2019in a\u00e7t\u0131\u011f\u0131 kap\u0131dan ka\u00e7ar ve ortadan kaybolur. Susie ve Fred, t\u00fcm g\u00fcn \u015fehirde Tabby\u2019i ararlar. Tabby ise yeni arkada\u015f\u0131yla olduk\u00e7a mutludur.The Lost Cat, \u015eehrimde (My Town) ba\u015fl\u0131kl\u0131 \u00fcnite konusunu ele al\u0131yor. Ba\u015flang\u0131\u00e7 seviyesinde haz\u0131rlanan bu seride, her hik\u00e2yenin sonunda okudu\u011funu anlama al\u0131\u015ft\u0131rmalar\u0131 ve resimli s\u00f6zl\u00fck bulunmaktad\u0131r.\u0130ngilizce Seviyesi: Early Beginner \/ Pre-A1<\/p>\n","protected":false},"excerpt":{"rendered":"<p>Redhouse, \u0130ngilizce \u00fcr\u00fcn yelpazesine yepyeni bir seri daha ekliyor!Redhouse Early Readers Set, Susie ve Fred\u2019in e\u011flenceli maceralar\u0131n\u0131 \u0130ngilizceyi \u00f6\u011frenmeye yeni ba\u015flayan \u00e7ocuklarla bulu\u015fturuyor.Tabby, s\u0131cac\u0131k evinde, pencereden<span class=\"excerpt-hellip\"> [\u2026]<\/span><\/p>\n","protected":false},"featured_media":0,"template":"","meta":{"_monsterinsights_skip_tracking":false,"_monsterinsights_sitenote_active":false,"_monsterinsights_sitenote_note":"","_monsterinsights_sitenote_category":0},"product_brand":[],"product_cat":[12275,12274],"product_tag":[],"class_list":{"0":"post-730248","1":"product","2":"type-product","3":"status-publish","5":"product_cat-6-12-yas-kitaplari","6":"product_cat-cocuk-ve-genclik-kitaplari","7":"pa_cilt-ciltsiz","8":"pa_tur-kitap","9":"pa_yayinevi-redhouse-yayinlari","10":"pa_yazar-sarah-sweeney","12":"first","13":"instock","14":"sale","15":"shipping-taxable","16":"purchasable","17":"product-type-simple"},"_links":{"self":[{"href":"https:\/\/roveyayinevi.com.tr\/index.php\/wp-json\/wp\/v2\/product\/730248","targetHints":{"allow":["GET"]}}],"collection":[{"href":"https:\/\/roveyayinevi.com.tr\/index.php\/wp-json\/wp\/v2\/product"}],"about":[{"href":"https:\/\/roveyayinevi.com.tr\/index.php\/wp-json\/wp\/v2\/types\/product"}],"wp:attachment":[{"href":"https:\/\/roveyayinevi.com.tr\/index.php\/wp-json\/wp\/v2\/media?parent=730248"}],"wp:term":[{"taxonomy":"product_brand","embeddable":true,"href":"https:\/\/roveyayinevi.com.tr\/index.php\/wp-json\/wp\/v2\/product_brand?post=730248"},{"taxonomy":"product_cat","embeddable":true,"href":"https:\/\/roveyayinevi.com.tr\/index.php\/wp-json\/wp\/v2\/product_cat?post=730248"},{"taxonomy":"product_tag","embeddable":true,"href":"https:\/\/roveyayinevi.com.tr\/index.php\/wp-json\/wp\/v2\/product_tag?post=730248"}],"curies":[{"name":"wp","href":"https:\/\/api.w.org\/{rel}","templated":true}]}}