{"id":730247,"date":"2025-08-27T21:11:14","date_gmt":"2025-08-27T18:11:14","guid":{"rendered":"https:\/\/roveyayinevi.com.tr\/index.php\/urun\/the-bad-lemonade\/"},"modified":"2026-04-16T02:37:43","modified_gmt":"2026-04-15T23:37:43","slug":"the-bad-lemonade","status":"publish","type":"product","link":"https:\/\/roveyayinevi.com.tr\/index.php\/urun\/the-bad-lemonade\/","title":{"rendered":"The Bad Lemonade"},"content":{"rendered":"<p>Redhouse, \u0130ngilizce \u00fcr\u00fcn yelpazesine yepyeni bir seri daha ekliyor!Redhouse Early Readers Set, Susie ve Fred\u2019in e\u011flenceli maceralar\u0131n\u0131 \u0130ngilizceyi \u00f6\u011frenmeye yeni ba\u015flayan \u00e7ocuklarla bulu\u015fturuyor.S\u0131cak bir yaz g\u00fcn\u00fc, Fred, t\u00fcm g\u00fcn bah\u00e7eyle u\u011fra\u015fan babas\u0131na so\u011fuk bir limonatan\u0131n iyi gelece\u011fini d\u00fc\u015f\u00fcn\u00fcr. Fakat limonatan\u0131n tad\u0131 d\u00fc\u015f\u00fcnd\u00fc\u011f\u00fc kadar da lezzetli olmaz. G\u00fcn\u00fc kurtaracak ki\u015fi, \u00e7antas\u0131nda \u015fa\u015f\u0131rtan hediyeleriyle kap\u0131y\u0131 \u00e7almak \u00fczeredir.The Bad Lemonade, Ailem (My Family) ve Duygular (Feelings) ba\u015fl\u0131kl\u0131 \u00fcnite konular\u0131n\u0131 ele al\u0131yor. Ba\u015flang\u0131\u00e7 seviyesinde haz\u0131rlanan bu seride, her hik\u00e2yenin sonunda okudu\u011funu anlama al\u0131\u015ft\u0131rmalar\u0131 ve resimli s\u00f6zl\u00fck bulunmaktad\u0131r.\u0130ngilizce Seviyesi: Early Beginner \/ Pre-A1<\/p>\n","protected":false},"excerpt":{"rendered":"<p>Redhouse, \u0130ngilizce \u00fcr\u00fcn yelpazesine yepyeni bir seri daha ekliyor!Redhouse Early Readers Set, Susie ve Fred\u2019in e\u011flenceli maceralar\u0131n\u0131 \u0130ngilizceyi \u00f6\u011frenmeye yeni ba\u015flayan \u00e7ocuklarla bulu\u015fturuyor.S\u0131cak bir yaz g\u00fcn\u00fc,<span class=\"excerpt-hellip\"> [\u2026]<\/span><\/p>\n","protected":false},"featured_media":0,"template":"","meta":{"_monsterinsights_skip_tracking":false,"_monsterinsights_sitenote_active":false,"_monsterinsights_sitenote_note":"","_monsterinsights_sitenote_category":0},"product_brand":[],"product_cat":[12275,12274],"product_tag":[],"class_list":{"0":"post-730247","1":"product","2":"type-product","3":"status-publish","5":"product_cat-6-12-yas-kitaplari","6":"product_cat-cocuk-ve-genclik-kitaplari","7":"pa_cilt-ciltsiz","8":"pa_tur-kitap","9":"pa_yayinevi-redhouse-yayinlari","10":"pa_yazar-sarah-sweeney","12":"first","13":"instock","14":"sale","15":"shipping-taxable","16":"purchasable","17":"product-type-simple"},"_links":{"self":[{"href":"https:\/\/roveyayinevi.com.tr\/index.php\/wp-json\/wp\/v2\/product\/730247","targetHints":{"allow":["GET"]}}],"collection":[{"href":"https:\/\/roveyayinevi.com.tr\/index.php\/wp-json\/wp\/v2\/product"}],"about":[{"href":"https:\/\/roveyayinevi.com.tr\/index.php\/wp-json\/wp\/v2\/types\/product"}],"wp:attachment":[{"href":"https:\/\/roveyayinevi.com.tr\/index.php\/wp-json\/wp\/v2\/media?parent=730247"}],"wp:term":[{"taxonomy":"product_brand","embeddable":true,"href":"https:\/\/roveyayinevi.com.tr\/index.php\/wp-json\/wp\/v2\/product_brand?post=730247"},{"taxonomy":"product_cat","embeddable":true,"href":"https:\/\/roveyayinevi.com.tr\/index.php\/wp-json\/wp\/v2\/product_cat?post=730247"},{"taxonomy":"product_tag","embeddable":true,"href":"https:\/\/roveyayinevi.com.tr\/index.php\/wp-json\/wp\/v2\/product_tag?post=730247"}],"curies":[{"name":"wp","href":"https:\/\/api.w.org\/{rel}","templated":true}]}}