{"id":730244,"date":"2025-08-27T21:11:11","date_gmt":"2025-08-27T18:11:11","guid":{"rendered":"https:\/\/roveyayinevi.com.tr\/index.php\/urun\/ataturk-inonu-bayarli-yillarda-turk-amerikan-iliskileri\/"},"modified":"2026-04-16T02:37:43","modified_gmt":"2026-04-15T23:37:43","slug":"ataturk-inonu-bayarli-yillarda-turk-amerikan-iliskileri","status":"publish","type":"product","link":"https:\/\/roveyayinevi.com.tr\/index.php\/urun\/ataturk-inonu-bayarli-yillarda-turk-amerikan-iliskileri\/","title":{"rendered":"Atat\u00fcrk &#8211; \u0130n\u00f6n\u00fc &#8211; Bayar&#8217;l\u0131 Y\u0131llarda T\u00fcrk &#8211; Amerikan \u0130li\u015fkileri"},"content":{"rendered":"<p>Atat\u00fcrk &#8211; \u0130n\u00f6n\u00fc &#8211; Bayar&#8217;l\u0131 Y\u0131llarda T\u00fcrk &#8211; Amerikan \u0130li\u015fkileri<\/p>\n","protected":false},"excerpt":{"rendered":"<p>Atat\u00fcrk &#8211; \u0130n\u00f6n\u00fc &#8211; Bayar&#8217;l\u0131 Y\u0131llarda T\u00fcrk &#8211; Amerikan \u0130li\u015fkileri<\/p>\n","protected":false},"featured_media":0,"template":"","meta":{"_monsterinsights_skip_tracking":false,"_monsterinsights_sitenote_active":false,"_monsterinsights_sitenote_note":"","_monsterinsights_sitenote_category":0},"product_brand":[],"product_cat":[12370,12304],"product_tag":[],"class_list":{"0":"post-730244","1":"product","2":"type-product","3":"status-publish","5":"product_cat-arastirma-inceleme","6":"product_cat-tarih","7":"pa_cilt-ciltsiz","8":"pa_tur-kitap","9":"pa_yayinevi-soncag","10":"pa_yazar-mehmet-arif-demirer-tugay-ulucevik","12":"first","13":"instock","14":"sale","15":"shipping-taxable","16":"purchasable","17":"product-type-simple"},"_links":{"self":[{"href":"https:\/\/roveyayinevi.com.tr\/index.php\/wp-json\/wp\/v2\/product\/730244","targetHints":{"allow":["GET"]}}],"collection":[{"href":"https:\/\/roveyayinevi.com.tr\/index.php\/wp-json\/wp\/v2\/product"}],"about":[{"href":"https:\/\/roveyayinevi.com.tr\/index.php\/wp-json\/wp\/v2\/types\/product"}],"wp:attachment":[{"href":"https:\/\/roveyayinevi.com.tr\/index.php\/wp-json\/wp\/v2\/media?parent=730244"}],"wp:term":[{"taxonomy":"product_brand","embeddable":true,"href":"https:\/\/roveyayinevi.com.tr\/index.php\/wp-json\/wp\/v2\/product_brand?post=730244"},{"taxonomy":"product_cat","embeddable":true,"href":"https:\/\/roveyayinevi.com.tr\/index.php\/wp-json\/wp\/v2\/product_cat?post=730244"},{"taxonomy":"product_tag","embeddable":true,"href":"https:\/\/roveyayinevi.com.tr\/index.php\/wp-json\/wp\/v2\/product_tag?post=730244"}],"curies":[{"name":"wp","href":"https:\/\/api.w.org\/{rel}","templated":true}]}}