{"id":730239,"date":"2025-08-27T21:11:07","date_gmt":"2025-08-27T18:11:07","guid":{"rendered":"https:\/\/roveyayinevi.com.tr\/index.php\/urun\/heidi-bez-ciltli\/"},"modified":"2026-04-16T02:37:43","modified_gmt":"2026-04-15T23:37:43","slug":"heidi-bez-ciltli","status":"publish","type":"product","link":"https:\/\/roveyayinevi.com.tr\/index.php\/urun\/heidi-bez-ciltli\/","title":{"rendered":"Heidi (Bez Ciltli)"},"content":{"rendered":"<p>\u201cBu kadar u\u0308zu\u0308lme, gu\u0308lu\u0308msemeye devam et. Unutma, gu\u0308lu\u0308msemek yap\u0131lacak en gu\u0308zel \u015feydir.\u201d Alp Da\u011flar\u0131&#8217;n\u0131n tatl\u0131 k\u0131z\u0131 Heidi&#8217;yi hepimiz biliriz. \u00c7o\u011fumuz dostlu\u011fu, c\u00f6mertli\u011fi, sevgiyi ve her \u015feye ra\u011fmen hayata d\u00f6rt elle sar\u0131lmay\u0131 ondan \u00f6\u011frendi.  Heidi&#8217;nin kimi zaman y\u00fcrek burkan kimi zaman g\u00fcl\u00fcmseten s\u0131cac\u0131k hik\u00e2yesi, bu kez yeti\u015fkinler i\u00e7in roman tad\u0131nda evlerinize, kitapl\u0131klar\u0131n\u0131za konuk oluyor. <\/p>\n","protected":false},"excerpt":{"rendered":"<p>\u201cBu kadar u\u0308zu\u0308lme, gu\u0308lu\u0308msemeye devam et. Unutma, gu\u0308lu\u0308msemek yap\u0131lacak en gu\u0308zel \u015feydir.\u201d Alp Da\u011flar\u0131&#8217;n\u0131n tatl\u0131 k\u0131z\u0131 Heidi&#8217;yi hepimiz biliriz. \u00c7o\u011fumuz dostlu\u011fu, c\u00f6mertli\u011fi, sevgiyi ve her \u015feye<span class=\"excerpt-hellip\"> [\u2026]<\/span><\/p>\n","protected":false},"featured_media":0,"template":"","meta":{"_monsterinsights_skip_tracking":false,"_monsterinsights_sitenote_active":false,"_monsterinsights_sitenote_note":"","_monsterinsights_sitenote_category":0},"product_brand":[],"product_cat":[12291,12711],"product_tag":[],"class_list":{"0":"post-730239","1":"product","2":"type-product","3":"status-publish","5":"product_cat-edebiyat","6":"product_cat-roman-oyku","7":"pa_cilt-ciltli","8":"pa_tur-kitap","9":"pa_yayinevi-koridor-yayincilik","10":"pa_yazar-johanna-spyri","12":"first","13":"instock","14":"sale","15":"shipping-taxable","16":"purchasable","17":"product-type-simple"},"_links":{"self":[{"href":"https:\/\/roveyayinevi.com.tr\/index.php\/wp-json\/wp\/v2\/product\/730239","targetHints":{"allow":["GET"]}}],"collection":[{"href":"https:\/\/roveyayinevi.com.tr\/index.php\/wp-json\/wp\/v2\/product"}],"about":[{"href":"https:\/\/roveyayinevi.com.tr\/index.php\/wp-json\/wp\/v2\/types\/product"}],"wp:attachment":[{"href":"https:\/\/roveyayinevi.com.tr\/index.php\/wp-json\/wp\/v2\/media?parent=730239"}],"wp:term":[{"taxonomy":"product_brand","embeddable":true,"href":"https:\/\/roveyayinevi.com.tr\/index.php\/wp-json\/wp\/v2\/product_brand?post=730239"},{"taxonomy":"product_cat","embeddable":true,"href":"https:\/\/roveyayinevi.com.tr\/index.php\/wp-json\/wp\/v2\/product_cat?post=730239"},{"taxonomy":"product_tag","embeddable":true,"href":"https:\/\/roveyayinevi.com.tr\/index.php\/wp-json\/wp\/v2\/product_tag?post=730239"}],"curies":[{"name":"wp","href":"https:\/\/api.w.org\/{rel}","templated":true}]}}