{"id":730236,"date":"2025-08-27T21:11:04","date_gmt":"2025-08-27T18:11:04","guid":{"rendered":"https:\/\/roveyayinevi.com.tr\/index.php\/urun\/bilincin-ve-bilincaltinin-gucu\/"},"modified":"2026-04-16T02:37:43","modified_gmt":"2026-04-15T23:37:43","slug":"bilincin-ve-bilincaltinin-gucu","status":"publish","type":"product","link":"https:\/\/roveyayinevi.com.tr\/index.php\/urun\/bilincin-ve-bilincaltinin-gucu\/","title":{"rendered":"Bilincin ve Bilin\u00e7alt\u0131n\u0131n G\u00fcc\u00fc"},"content":{"rendered":"<p>Bilin\u00e7, bir geminin kaptan\u0131 gibidir. Gemiyi o y\u00f6netir. Motor odas\u0131ndaki ki\u015filere komutlar g\u00f6nderir. Bu ki\u015filer s\u0131rayla kazanlar\u0131, aletleri, \u00f6l\u00e7\u00fcleri vb. kontrol ederler. Motor odas\u0131ndakiler nereye gittiklerini bilmezler; sadece komutlar\u0131 yerine getirirler. E\u011fer kaptan pusulaya, sekstanta ya da di\u011fer aletlere ba\u011fl\u0131 bulgulara dayanarak hatal\u0131 ya da yanl\u0131\u015f talimatlar verirse kayalara bindirebilirler. Kontrol ve sorumluluk kaptanda oldu\u011fu i\u00e7in, motor odas\u0131ndakiler ona itaat ederler. Kaptan ne yapt\u0131\u011f\u0131n\u0131 bilmek durumunda oldu\u011fundan, m\u00fcrettebat onunla tart\u0131\u015fmaz, yaln\u0131zca emirlere uyar. Kaptan gemisinin efendisidir ve istekleri yerine getirilir. Ayn\u0131 \u015fekilde bilinciniz de geminizin -yani bedeninizin, \u00e7evrenizin ve ili\u015fkilerinizin- kaptan\u0131 ve efendisidir.Bilin\u00e7alt\u0131n\u0131z size ilham verir ve yol g\u00f6sterir. Haf\u0131zan\u0131z\u0131n deposundan \u00f6nemli sahneleri \u00e7a\u011f\u0131r\u0131r. Kalp at\u0131\u015flar\u0131n\u0131z\u0131 ve kan dola\u015f\u0131m\u0131n\u0131z\u0131 kontrol eder. Sindiriminizi d\u00fczenler, \u00f6z\u00fcmseme ve bo\u015falt\u0131m i\u015flevi g\u00f6r\u00fcr. Bir par\u00e7a ekmek yedi\u011finizde, bilin\u00e7alt\u0131 bunu dokuya, kasa, kemi\u011fe ve kana d\u00f6n\u00fc\u015ft\u00fcr\u00fcr. Bilin\u00e7alt\u0131n\u0131z, bedeninizin b\u00fct\u00fcn hayati s\u00fcre\u00e7lerini ve fonksiyonlar\u0131n\u0131 kontrol eder. B\u00fct\u00fcn sorunlar\u0131n \u00e7\u00f6z\u00fcmlerini bilir. Bilin\u00e7alt\u0131 hi\u00e7 uyumaz, hi\u00e7 dinlenmez. Her zaman i\u015f ba\u015f\u0131ndad\u0131r. Bilin\u00e7alt\u0131n\u0131z zaman ve mekandan ba\u011f\u0131ms\u0131z olman\u0131z\u0131 sa\u011flayabilir. Bilin\u00e7alt\u0131n\u0131za hangi d\u00fc\u015f\u00fcnceleri, inan\u00e7lar\u0131, fikirleri, teorileri, dogmalar\u0131 yazar, kaz\u0131r ya da iletirseniz, bunlar\u0131 ko\u015fullar\u0131n, durumlar\u0131n ve olaylar\u0131n nesnel g\u00f6stergeleri olarak ya\u015fars\u0131n\u0131z. \u0130\u00e7eriye ne yazarsan\u0131z, d\u0131\u015far\u0131da onu ya\u015fars\u0131n\u0131z.<\/p>\n","protected":false},"excerpt":{"rendered":"<p>Bilin\u00e7, bir geminin kaptan\u0131 gibidir. Gemiyi o y\u00f6netir. Motor odas\u0131ndaki ki\u015filere komutlar g\u00f6nderir. Bu ki\u015filer s\u0131rayla kazanlar\u0131, aletleri, \u00f6l\u00e7\u00fcleri vb. kontrol ederler. Motor odas\u0131ndakiler nereye gittiklerini<span class=\"excerpt-hellip\"> [\u2026]<\/span><\/p>\n","protected":false},"featured_media":0,"template":"","meta":{"_monsterinsights_skip_tracking":false,"_monsterinsights_sitenote_active":false,"_monsterinsights_sitenote_note":"","_monsterinsights_sitenote_category":0},"product_brand":[],"product_cat":[13072,12291],"product_tag":[],"class_list":{"0":"post-730236","1":"product","2":"type-product","3":"status-publish","5":"product_cat-arastirma-inceleme-referans","6":"product_cat-edebiyat","7":"pa_cilt-ciltsiz","8":"pa_tur-kitap","9":"pa_yayinevi-eftalya-kitap","10":"pa_yazar-meltem-soyuguzel","12":"first","13":"instock","14":"sale","15":"shipping-taxable","16":"purchasable","17":"product-type-simple"},"_links":{"self":[{"href":"https:\/\/roveyayinevi.com.tr\/index.php\/wp-json\/wp\/v2\/product\/730236","targetHints":{"allow":["GET"]}}],"collection":[{"href":"https:\/\/roveyayinevi.com.tr\/index.php\/wp-json\/wp\/v2\/product"}],"about":[{"href":"https:\/\/roveyayinevi.com.tr\/index.php\/wp-json\/wp\/v2\/types\/product"}],"wp:attachment":[{"href":"https:\/\/roveyayinevi.com.tr\/index.php\/wp-json\/wp\/v2\/media?parent=730236"}],"wp:term":[{"taxonomy":"product_brand","embeddable":true,"href":"https:\/\/roveyayinevi.com.tr\/index.php\/wp-json\/wp\/v2\/product_brand?post=730236"},{"taxonomy":"product_cat","embeddable":true,"href":"https:\/\/roveyayinevi.com.tr\/index.php\/wp-json\/wp\/v2\/product_cat?post=730236"},{"taxonomy":"product_tag","embeddable":true,"href":"https:\/\/roveyayinevi.com.tr\/index.php\/wp-json\/wp\/v2\/product_tag?post=730236"}],"curies":[{"name":"wp","href":"https:\/\/api.w.org\/{rel}","templated":true}]}}