{"id":730234,"date":"2025-08-27T21:11:02","date_gmt":"2025-08-27T18:11:02","guid":{"rendered":"https:\/\/roveyayinevi.com.tr\/index.php\/urun\/belgelerle-kocgiri\/"},"modified":"2026-04-16T02:37:43","modified_gmt":"2026-04-15T23:37:43","slug":"belgelerle-kocgiri","status":"publish","type":"product","link":"https:\/\/roveyayinevi.com.tr\/index.php\/urun\/belgelerle-kocgiri\/","title":{"rendered":"Belgelerle Ko\u00e7giri"},"content":{"rendered":"<p>1860 y\u0131l\u0131nda 55 Ko\u00e7girili muhtar ve \u00f6nderler merhameten af talep dilek\u00e7esinde \u0130stanbul\u2018da s\u00fcrg\u00fcnde bulunan Ko\u00e7girililerin T\u00fcrk\u00e7e bilmediklerini \u015fu s\u00f6zlerle ifade ederler: \u00ab\u2026 baz\u0131lar\u0131 bil\u00e2-c\u00fcrm beraberce ahz u girift olunmu\u015f ise, merk\u00fbmlar a\u015firet oldu\u011fundan lisana muktedir olamad\u0131klar\u0131ndan e\u015fk\u0131yalar ile birlikte mahbus ilk\u00e2 ve Tersane-i Amire&#8217;ye vaz\u2019 olunmu\u015f.\u00bb \u00ab\u2026 baz\u0131lar\u0131 su\u00e7suz olarak e\u015fk\u0131yalarla beraber yakalanarak teslim edilmi\u015flerse de, bunlar\u0131n da ismi ge\u00e7en a\u015firetten [Ko\u00e7giri] olup lisana muktedir olamad\u0131klar\u0131ndan dolay\u0131 konu\u015famam\u0131\u015flar, kendilerini kurtaramay\u0131p e\u015fk\u0131yalarla birlikte mahpusa at\u0131lm\u0131\u015flar ve Tersane i Amire\u2018ye [Donanma Tersanesine] konulmu\u015flar.\u00bb (BOA, MVL.599.65\/5, 1860 y\u0131l\u0131na ait tarihsiz). <\/p>\n","protected":false},"excerpt":{"rendered":"<p>1860 y\u0131l\u0131nda 55 Ko\u00e7girili muhtar ve \u00f6nderler merhameten af talep dilek\u00e7esinde \u0130stanbul\u2018da s\u00fcrg\u00fcnde bulunan Ko\u00e7girililerin T\u00fcrk\u00e7e bilmediklerini \u015fu s\u00f6zlerle ifade ederler: \u00ab\u2026 baz\u0131lar\u0131 bil\u00e2-c\u00fcrm beraberce ahz<span class=\"excerpt-hellip\"> [\u2026]<\/span><\/p>\n","protected":false},"featured_media":0,"template":"","meta":{"_monsterinsights_skip_tracking":false,"_monsterinsights_sitenote_active":false,"_monsterinsights_sitenote_note":"","_monsterinsights_sitenote_category":0},"product_brand":[],"product_cat":[12370,12304],"product_tag":[],"class_list":{"0":"post-730234","1":"product","2":"type-product","3":"status-publish","5":"product_cat-arastirma-inceleme","6":"product_cat-tarih","7":"pa_cilt-ciltsiz","8":"pa_tur-kitap","9":"pa_yayinevi-kalkedon-yayincilik","10":"pa_yazar-ali-riza-celik-riza-duran","12":"first","13":"instock","14":"sale","15":"shipping-taxable","16":"purchasable","17":"product-type-simple"},"_links":{"self":[{"href":"https:\/\/roveyayinevi.com.tr\/index.php\/wp-json\/wp\/v2\/product\/730234","targetHints":{"allow":["GET"]}}],"collection":[{"href":"https:\/\/roveyayinevi.com.tr\/index.php\/wp-json\/wp\/v2\/product"}],"about":[{"href":"https:\/\/roveyayinevi.com.tr\/index.php\/wp-json\/wp\/v2\/types\/product"}],"wp:attachment":[{"href":"https:\/\/roveyayinevi.com.tr\/index.php\/wp-json\/wp\/v2\/media?parent=730234"}],"wp:term":[{"taxonomy":"product_brand","embeddable":true,"href":"https:\/\/roveyayinevi.com.tr\/index.php\/wp-json\/wp\/v2\/product_brand?post=730234"},{"taxonomy":"product_cat","embeddable":true,"href":"https:\/\/roveyayinevi.com.tr\/index.php\/wp-json\/wp\/v2\/product_cat?post=730234"},{"taxonomy":"product_tag","embeddable":true,"href":"https:\/\/roveyayinevi.com.tr\/index.php\/wp-json\/wp\/v2\/product_tag?post=730234"}],"curies":[{"name":"wp","href":"https:\/\/api.w.org\/{rel}","templated":true}]}}