{"id":730216,"date":"2025-08-27T21:10:14","date_gmt":"2025-08-27T18:10:14","guid":{"rendered":"https:\/\/roveyayinevi.com.tr\/index.php\/urun\/deli-kulhani\/"},"modified":"2026-04-16T02:37:43","modified_gmt":"2026-04-15T23:37:43","slug":"deli-kulhani","status":"publish","type":"product","link":"https:\/\/roveyayinevi.com.tr\/index.php\/urun\/deli-kulhani\/","title":{"rendered":"Deli K\u00fclhani"},"content":{"rendered":"<p>Sahibinden sat\u0131l\u0131k Az kullan\u0131lm\u0131\u015f kalpler Tezgahlarda hara\u00e7 mezat a\u015fklar Ruh pazar\u0131nda kelepir adamlar, kad\u0131nlar&#8230; Bir ho\u015f\u00e7a kal so\u011fu\u011funda Ayr\u0131l\u0131klar ya\u011farken cesedime K\u0131rk g\u00fcn k\u0131rk gece Bir deli yas tutar.\u00b7 Ben \u00f6l\u00fcyorum deli! \u00d6l\u00fcyorum! <\/p>\n","protected":false},"excerpt":{"rendered":"<p>Sahibinden sat\u0131l\u0131k Az kullan\u0131lm\u0131\u015f kalpler Tezgahlarda hara\u00e7 mezat a\u015fklar Ruh pazar\u0131nda kelepir adamlar, kad\u0131nlar&#8230; Bir ho\u015f\u00e7a kal so\u011fu\u011funda Ayr\u0131l\u0131klar ya\u011farken cesedime K\u0131rk g\u00fcn k\u0131rk gece Bir<span class=\"excerpt-hellip\"> [\u2026]<\/span><\/p>\n","protected":false},"featured_media":0,"template":"","meta":{"_monsterinsights_skip_tracking":false,"_monsterinsights_sitenote_active":false,"_monsterinsights_sitenote_note":"","_monsterinsights_sitenote_category":0},"product_brand":[],"product_cat":[12291,12509],"product_tag":[],"class_list":{"0":"post-730216","1":"product","2":"type-product","3":"status-publish","5":"product_cat-edebiyat","6":"product_cat-siir","7":"pa_cilt-ciltsiz","8":"pa_tur-kitap","9":"pa_yayinevi-kuytu-yayinlari","10":"pa_yazar-niyazi-acikgozoglu","12":"first","13":"instock","14":"sale","15":"shipping-taxable","16":"purchasable","17":"product-type-simple"},"_links":{"self":[{"href":"https:\/\/roveyayinevi.com.tr\/index.php\/wp-json\/wp\/v2\/product\/730216","targetHints":{"allow":["GET"]}}],"collection":[{"href":"https:\/\/roveyayinevi.com.tr\/index.php\/wp-json\/wp\/v2\/product"}],"about":[{"href":"https:\/\/roveyayinevi.com.tr\/index.php\/wp-json\/wp\/v2\/types\/product"}],"wp:attachment":[{"href":"https:\/\/roveyayinevi.com.tr\/index.php\/wp-json\/wp\/v2\/media?parent=730216"}],"wp:term":[{"taxonomy":"product_brand","embeddable":true,"href":"https:\/\/roveyayinevi.com.tr\/index.php\/wp-json\/wp\/v2\/product_brand?post=730216"},{"taxonomy":"product_cat","embeddable":true,"href":"https:\/\/roveyayinevi.com.tr\/index.php\/wp-json\/wp\/v2\/product_cat?post=730216"},{"taxonomy":"product_tag","embeddable":true,"href":"https:\/\/roveyayinevi.com.tr\/index.php\/wp-json\/wp\/v2\/product_tag?post=730216"}],"curies":[{"name":"wp","href":"https:\/\/api.w.org\/{rel}","templated":true}]}}