{"id":730150,"date":"2025-08-27T21:09:16","date_gmt":"2025-08-27T18:09:16","guid":{"rendered":"https:\/\/roveyayinevi.com.tr\/index.php\/urun\/karanlik-ruzgar\/"},"modified":"2026-04-16T02:37:41","modified_gmt":"2026-04-15T23:37:41","slug":"karanlik-ruzgar","status":"publish","type":"product","link":"https:\/\/roveyayinevi.com.tr\/index.php\/urun\/karanlik-ruzgar\/","title":{"rendered":"Karanl\u0131k R\u00fczgar"},"content":{"rendered":"<p>Ba\u015flar\u0131m\u0131z, bir do\u011fruyu yeni anlam\u0131\u015f olman\u0131n utanga\u00e7l\u0131\u011f\u0131yla yana e\u011filiyor. \u201cEvet hakl\u0131s\u0131n\u0131z,\u201d diyoruz. Birden beliren bir ger\u00e7e\u011fin kanatlar\u0131 alt\u0131na girmeyi kabullenen, yerinde bulan, ba\u015f e\u011fen sesimizi yad\u0131rg\u0131yoruz bir an; kaybetmeye ba\u015flad\u0131\u011f\u0131m\u0131z\u0131n fark\u0131na var\u0131yoruz.Bize, \u2018hakl\u0131s\u0131n\u0131z\u2019 dedirten \u015fey kal\u0131n bir tabakaya d\u00f6n\u00fc\u015fecekti ve biz o tabakan\u0131n \u00e7\u0131kard\u0131\u011f\u0131 zehirli havay\u0131 soluyacakt\u0131k. Onaylayan, itaat eden zay\u0131f b\u0131rak\u0131lm\u0131\u015f biz, d\u00fc\u015f\u00fcnce \u00fcretmemize engel olan bir a\u011f \u00f6recek; art\u0131k ne derlerse \u201cHakl\u0131s\u0131n\u0131z,\u201d diyecektik. \u201cEvet efendim. \u00d6z\u00fcr dileriz.\u201d<\/p>\n","protected":false},"excerpt":{"rendered":"<p>Ba\u015flar\u0131m\u0131z, bir do\u011fruyu yeni anlam\u0131\u015f olman\u0131n utanga\u00e7l\u0131\u011f\u0131yla yana e\u011filiyor. \u201cEvet hakl\u0131s\u0131n\u0131z,\u201d diyoruz. Birden beliren bir ger\u00e7e\u011fin kanatlar\u0131 alt\u0131na girmeyi kabullenen, yerinde bulan, ba\u015f e\u011fen sesimizi yad\u0131rg\u0131yoruz<span class=\"excerpt-hellip\"> [\u2026]<\/span><\/p>\n","protected":false},"featured_media":0,"template":"","meta":{"_monsterinsights_skip_tracking":false,"_monsterinsights_sitenote_active":false,"_monsterinsights_sitenote_note":"","_monsterinsights_sitenote_category":0},"product_brand":[],"product_cat":[12291,12711],"product_tag":[],"class_list":{"0":"post-730150","1":"product","2":"type-product","3":"status-publish","5":"product_cat-edebiyat","6":"product_cat-roman-oyku","7":"pa_cilt-ciltsiz","8":"pa_tur-kitap","9":"pa_yayinevi-muhit-kitap","10":"pa_yazar-emine-batar","12":"first","13":"instock","14":"sale","15":"shipping-taxable","16":"purchasable","17":"product-type-simple"},"_links":{"self":[{"href":"https:\/\/roveyayinevi.com.tr\/index.php\/wp-json\/wp\/v2\/product\/730150","targetHints":{"allow":["GET"]}}],"collection":[{"href":"https:\/\/roveyayinevi.com.tr\/index.php\/wp-json\/wp\/v2\/product"}],"about":[{"href":"https:\/\/roveyayinevi.com.tr\/index.php\/wp-json\/wp\/v2\/types\/product"}],"wp:attachment":[{"href":"https:\/\/roveyayinevi.com.tr\/index.php\/wp-json\/wp\/v2\/media?parent=730150"}],"wp:term":[{"taxonomy":"product_brand","embeddable":true,"href":"https:\/\/roveyayinevi.com.tr\/index.php\/wp-json\/wp\/v2\/product_brand?post=730150"},{"taxonomy":"product_cat","embeddable":true,"href":"https:\/\/roveyayinevi.com.tr\/index.php\/wp-json\/wp\/v2\/product_cat?post=730150"},{"taxonomy":"product_tag","embeddable":true,"href":"https:\/\/roveyayinevi.com.tr\/index.php\/wp-json\/wp\/v2\/product_tag?post=730150"}],"curies":[{"name":"wp","href":"https:\/\/api.w.org\/{rel}","templated":true}]}}