{"id":730110,"date":"2025-08-27T21:08:41","date_gmt":"2025-08-27T18:08:41","guid":{"rendered":"https:\/\/roveyayinevi.com.tr\/index.php\/urun\/kucuk-ve-siradan-seylerle-mutlulugu-bulma-yollari\/"},"modified":"2026-04-12T02:44:55","modified_gmt":"2026-04-11T23:44:55","slug":"kucuk-ve-siradan-seylerle-mutlulugu-bulma-yollari","status":"publish","type":"product","link":"https:\/\/roveyayinevi.com.tr\/index.php\/urun\/kucuk-ve-siradan-seylerle-mutlulugu-bulma-yollari\/","title":{"rendered":"K\u00fc\u00e7\u00fck ve S\u0131radan \u015eeylerle Mutlulu\u011fu Bulma Yollar\u0131"},"content":{"rendered":"<p>Gaye de senin benim gibi s\u0131radan birisi. Geceleri d\u00fcnyay\u0131 kurtarmas\u0131na yard\u0131m eden s\u00fcper bir g\u00fcc\u00fc ya da \u00e7\u00f6zemedi\u011fimiz problemlerin \u00fcstesinden gelebilecek \u00fcst\u00fcn bir zek\u00e2s\u0131 yok. Tek \u00f6zelli\u011fi, ki bu bir \u00f6zellikse tabii, s\u0131radan ama mutlu olmas\u0131. Hayat yolunun bir anda de\u011fi\u015fmesiyle kendisini d\u00fcnyan\u0131n en mutlu \u00fclkelerinden birisi olan \u0130svi\u00e7re\u2019de bulan ve hayatla ilgili kendine \u00f6\u011fretilenleri sorgulamaya ba\u015flayan Gaye, ya\u015fam yolculu\u011funu ve bu yolculukta ke\u015ffettiklerini bizlerle payla\u015f\u0131yor. G\u00fcnl\u00fck hayat\u0131n s\u0131radan anlar\u0131nda ve \u00e7o\u011fumuzun belki de g\u00f6zden ka\u00e7\u0131rd\u0131\u011f\u0131 k\u00fc\u00e7\u00fck \u015feylerde mutlulu\u011fu ar\u0131yor. Ba\u015far\u0131, para, a\u015fk ve m\u00fckemmeliyet\u00e7ilik gibi hayatlar\u0131m\u0131z\u0131n merkezindeki bir\u00e7ok konuya farkl\u0131 bak\u0131\u015f a\u00e7\u0131lar\u0131ndan bakmam\u0131za ve denklemlerimizi yeniden kurmam\u0131za yard\u0131mc\u0131 oluyor. Hayatlar\u0131ndaki baz\u0131 \u015feyleri de\u011fi\u015ftirmek isteyip de o g\u00fcc\u00fc kendinde bulamayanlara ise Epictetus gibi soruyor: \u201cYar\u0131n bamba\u015fka bir insan olaca\u011f\u0131m diyorsun. Niye bug\u00fcnden ba\u015flam\u0131yorsun?\u201d<\/p>\n","protected":false},"excerpt":{"rendered":"<p>Gaye de senin benim gibi s\u0131radan birisi. Geceleri d\u00fcnyay\u0131 kurtarmas\u0131na yard\u0131m eden s\u00fcper bir g\u00fcc\u00fc ya da \u00e7\u00f6zemedi\u011fimiz problemlerin \u00fcstesinden gelebilecek \u00fcst\u00fcn bir zek\u00e2s\u0131 yok. Tek<span class=\"excerpt-hellip\"> [\u2026]<\/span><\/p>\n","protected":false},"featured_media":0,"template":"","meta":{"_monsterinsights_skip_tracking":false,"_monsterinsights_sitenote_active":false,"_monsterinsights_sitenote_note":"","_monsterinsights_sitenote_category":0},"product_brand":[],"product_cat":[12364,12376],"product_tag":[],"class_list":{"0":"post-730110","1":"product","2":"type-product","3":"status-publish","5":"product_cat-genel-konular","6":"product_cat-kisisel-gelisim","7":"pa_cilt-ciltsiz","8":"pa_tur-kitap","9":"pa_yayinevi-inkilap-kitabevi","10":"pa_yazar-gaye-von-holzen","12":"first","13":"instock","14":"sale","15":"shipping-taxable","16":"purchasable","17":"product-type-simple"},"_links":{"self":[{"href":"https:\/\/roveyayinevi.com.tr\/index.php\/wp-json\/wp\/v2\/product\/730110","targetHints":{"allow":["GET"]}}],"collection":[{"href":"https:\/\/roveyayinevi.com.tr\/index.php\/wp-json\/wp\/v2\/product"}],"about":[{"href":"https:\/\/roveyayinevi.com.tr\/index.php\/wp-json\/wp\/v2\/types\/product"}],"wp:attachment":[{"href":"https:\/\/roveyayinevi.com.tr\/index.php\/wp-json\/wp\/v2\/media?parent=730110"}],"wp:term":[{"taxonomy":"product_brand","embeddable":true,"href":"https:\/\/roveyayinevi.com.tr\/index.php\/wp-json\/wp\/v2\/product_brand?post=730110"},{"taxonomy":"product_cat","embeddable":true,"href":"https:\/\/roveyayinevi.com.tr\/index.php\/wp-json\/wp\/v2\/product_cat?post=730110"},{"taxonomy":"product_tag","embeddable":true,"href":"https:\/\/roveyayinevi.com.tr\/index.php\/wp-json\/wp\/v2\/product_tag?post=730110"}],"curies":[{"name":"wp","href":"https:\/\/api.w.org\/{rel}","templated":true}]}}