{"id":730094,"date":"2025-08-27T21:08:25","date_gmt":"2025-08-27T18:08:25","guid":{"rendered":"https:\/\/roveyayinevi.com.tr\/index.php\/urun\/mektepten-memlekete-bir-sehir-estetigi-van\/"},"modified":"2026-04-16T02:37:40","modified_gmt":"2026-04-15T23:37:40","slug":"mektepten-memlekete-bir-sehir-estetigi-van","status":"publish","type":"product","link":"https:\/\/roveyayinevi.com.tr\/index.php\/urun\/mektepten-memlekete-bir-sehir-estetigi-van\/","title":{"rendered":"Mektepten Memlekete Bir \u015eehir Esteti\u011fi Van"},"content":{"rendered":"<p>Bir \u015fehir nesinden tan\u0131n\u0131r? \u00c7ehresinden mi? Yoksa tabiat\u0131n ve tarihin ona bah\u015fetti\u011fi ruhundan m\u0131? D\u00fcnyada her \u015feyin \u00e7ehresi de\u011fi\u015fir. \u00c7\u00fcnk\u00fc zaman\u0131n y\u0131prat\u0131c\u0131l\u0131\u011f\u0131ndan yakas\u0131n\u0131 kurtaran hi\u00e7bir \u015fey yok gibidir. \u0130nsan\u0131n, e\u015fyan\u0131n, nesnenin bu de\u011fi\u015fimden yakas\u0131n\u0131 kurtarmas\u0131 nas\u0131l kabil de\u011filse \u015fehirler de bu de\u011fi\u015fimden nasiplerini al\u0131rlar. Fakat \u015fehirler de\u011fi\u015fimin yan\u0131nda kendi zamanlar\u0131n\u0131n ruhunu da as\u0131rlar boyunca ta\u015f\u0131rlar. \u015eehre kimlik ve ki\u015filik kazand\u0131ran de\u011ferleri, eserleri, y\u00f6resel hususiyetleri bu ruh bi\u00e7imlendirir. Bu kitap, bir kadim zaman \u015fehrinin, fizi\u011finden geometrisinden \u00f6te, ruhuna i\u00e7eriden a\u015fina derin bir bak\u0131\u015f\u0131n ni\u015fanesidir. \u015eehrin uzakta kalm\u0131\u015f eski zaman hat\u0131ralar\u0131n\u0131n \u00e7ekim kuvvetine kap\u0131lm\u0131\u015f bir zihnin, ge\u00e7mi\u015f zamanla \u015fimdiki zaman aras\u0131ndaki gizli ge\u00e7itlerden haf\u0131zan\u0131n yer alt\u0131 \u015fehrine giden maceras\u0131n\u0131 anlatmaktad\u0131r. Okuyucu yer yer \u015fehrin g\u00fcndelik hayat\u0131na ili\u015fkin latifeler okuyacak, yer yer \u015fehrin b\u00fcy\u00fcmesiyle birlikte hoyrat kentle\u015fme kar\u015f\u0131s\u0131nda yitik hazinelerin h\u00fczn\u00fcn\u00fc hissedecektir. Bu kitab\u0131n okurlar\u0131 fiziksel olarak kitaba konu olan \u015fehirden uzak olsalar bile, sat\u0131rlar\u0131n i\u00e7inde kendileri i\u00e7in zihinsel yak\u0131nl\u0131k ve dima\u011flar\u0131nda selis bir anlat\u0131n\u0131n lezzetini hissedeceklerdir. Son olarak bu kitap, hidayetsiz kentle\u015fmenin talan\u0131ndan ge\u00e7mi\u015fin seslerini, renklerini, kokular\u0131n\u0131, g\u00f6z lezzetlerini hat\u0131ran\u0131n ve haf\u0131zan\u0131n kar beyaz\u0131 tuvaline bir kanavi\u00e7e inceli\u011fiyle i\u015fleyip \u00f6l\u00fcm\u00fcn ve unutulman\u0131n elinden kurtaran zevk sahibi bereketli bir kalemin ahenkli bir tablosudur. Mimar \u015eahabettin \u00d6zt\u00fcrk<\/p>\n","protected":false},"excerpt":{"rendered":"<p>Bir \u015fehir nesinden tan\u0131n\u0131r? \u00c7ehresinden mi? Yoksa tabiat\u0131n ve tarihin ona bah\u015fetti\u011fi ruhundan m\u0131? D\u00fcnyada her \u015feyin \u00e7ehresi de\u011fi\u015fir. \u00c7\u00fcnk\u00fc zaman\u0131n y\u0131prat\u0131c\u0131l\u0131\u011f\u0131ndan yakas\u0131n\u0131 kurtaran hi\u00e7bir \u015fey<span class=\"excerpt-hellip\"> [\u2026]<\/span><\/p>\n","protected":false},"featured_media":0,"template":"","meta":{"_monsterinsights_skip_tracking":false,"_monsterinsights_sitenote_active":false,"_monsterinsights_sitenote_note":"","_monsterinsights_sitenote_category":0},"product_brand":[],"product_cat":[13055,13054],"product_tag":[],"class_list":{"0":"post-730094","1":"product","2":"type-product","3":"status-publish","5":"product_cat-gezi-rehberi","6":"product_cat-gezi-ve-rehber-kitaplari","7":"pa_cilt-ciltsiz","8":"pa_tur-kitap","9":"pa_yayinevi-otuken-nesriyat","10":"pa_yazar-sait-ebinc","12":"first","13":"instock","14":"sale","15":"shipping-taxable","16":"purchasable","17":"product-type-simple"},"_links":{"self":[{"href":"https:\/\/roveyayinevi.com.tr\/index.php\/wp-json\/wp\/v2\/product\/730094","targetHints":{"allow":["GET"]}}],"collection":[{"href":"https:\/\/roveyayinevi.com.tr\/index.php\/wp-json\/wp\/v2\/product"}],"about":[{"href":"https:\/\/roveyayinevi.com.tr\/index.php\/wp-json\/wp\/v2\/types\/product"}],"wp:attachment":[{"href":"https:\/\/roveyayinevi.com.tr\/index.php\/wp-json\/wp\/v2\/media?parent=730094"}],"wp:term":[{"taxonomy":"product_brand","embeddable":true,"href":"https:\/\/roveyayinevi.com.tr\/index.php\/wp-json\/wp\/v2\/product_brand?post=730094"},{"taxonomy":"product_cat","embeddable":true,"href":"https:\/\/roveyayinevi.com.tr\/index.php\/wp-json\/wp\/v2\/product_cat?post=730094"},{"taxonomy":"product_tag","embeddable":true,"href":"https:\/\/roveyayinevi.com.tr\/index.php\/wp-json\/wp\/v2\/product_tag?post=730094"}],"curies":[{"name":"wp","href":"https:\/\/api.w.org\/{rel}","templated":true}]}}