{"id":730073,"date":"2025-08-27T21:08:05","date_gmt":"2025-08-27T18:08:05","guid":{"rendered":"https:\/\/roveyayinevi.com.tr\/index.php\/urun\/cocuklar-icin-uyku-atlasi\/"},"modified":"2026-04-16T02:37:40","modified_gmt":"2026-04-15T23:37:40","slug":"cocuklar-icin-uyku-atlasi","status":"publish","type":"product","link":"https:\/\/roveyayinevi.com.tr\/index.php\/urun\/cocuklar-icin-uyku-atlasi\/","title":{"rendered":"\u00c7ocuklar \u0130\u00e7in Uyku Atlas\u0131"},"content":{"rendered":"<p>\u00c7ocuklar\u0131m\u0131z d\u00fczenli ya\u015famal\u0131. \u00c7ocuklar\u0131m\u0131z\u0131n yemeklerine dikkat etti\u011fimiz kadar uykular\u0131na da dikkat etmeliyiz. G\u00fcnd\u00fcz tam ayd\u0131nl\u0131kta tam uyan\u0131k olmal\u0131. Gece de karanl\u0131kta verimli bir uyku i\u00e7inde olmal\u0131d\u0131r. Bu kitap \u00e7ocuklar\u0131m\u0131za uykuyu tatl\u0131 bir dille ve resimlerle anlat\u0131yor. Uykunun bo\u015fa ge\u00e7en bir zaman de\u011fil, v\u00fccudumuzun dinlenmesi ve beynimizin temizlenmesi i\u00e7in gerekli oldu\u011funu g\u00f6sterecek. \u00c7ocuklar\u0131m\u0131z uykunun s\u0131rlar\u0131n\u0131 \u00f6\u011frendik\u00e7e uykuyu daha \u00e7ok sevecekler. Nas\u0131l uyumal\u0131, ka\u00e7 saat uyumal\u0131, ne zaman uykuya ge\u00e7meli ve uyku odam\u0131z nas\u0131l olmal\u0131? G\u00fczel bir uyku i\u00e7in neler yapmal\u0131y\u0131z? Uykumuz bozulmadan \u00f6nce nas\u0131l \u00f6nlemler almal\u0131y\u0131z? Uyku hijyeni nedir? Hayvanlar ka\u00e7 saat uyur? Neden uyuyoruz? 24 saatlik bir g\u00fcn\u00fc nas\u0131l ya\u015famal\u0131y\u0131z? Uyku ve \u00f6\u011frenme aras\u0131ndaki ili\u015fki nedir? Kitab\u0131m\u0131z\u0131n son b\u00f6l\u00fcm\u00fcnde ebeveynler i\u00e7in uyku rehberimizi de bulabileceksiniz. Bu sorular\u0131n cevaplar\u0131n\u0131 birlikte bulmaya \u00e7al\u0131\u015faca\u011f\u0131z.       Haydi \u00e7ocuklar Uyku\u2019ya\u2026 <\/p>\n","protected":false},"excerpt":{"rendered":"<p>\u00c7ocuklar\u0131m\u0131z d\u00fczenli ya\u015famal\u0131. \u00c7ocuklar\u0131m\u0131z\u0131n yemeklerine dikkat etti\u011fimiz kadar uykular\u0131na da dikkat etmeliyiz. G\u00fcnd\u00fcz tam ayd\u0131nl\u0131kta tam uyan\u0131k olmal\u0131. Gece de karanl\u0131kta verimli bir uyku i\u00e7inde olmal\u0131d\u0131r.<span class=\"excerpt-hellip\"> [\u2026]<\/span><\/p>\n","protected":false},"featured_media":0,"template":"","meta":{"_monsterinsights_skip_tracking":false,"_monsterinsights_sitenote_active":false,"_monsterinsights_sitenote_note":"","_monsterinsights_sitenote_category":0},"product_brand":[],"product_cat":[12913,12274],"product_tag":[],"class_list":{"0":"post-730073","1":"product","2":"type-product","3":"status-publish","5":"product_cat-3-6-yas-kitaplari","6":"product_cat-cocuk-ve-genclik-kitaplari","7":"pa_cilt-ciltsiz","8":"pa_tur-kitap","9":"pa_yayinevi-foliant-yayinlari","10":"pa_yazar-yavuz-selvi","12":"first","13":"instock","14":"sale","15":"shipping-taxable","16":"purchasable","17":"product-type-simple"},"_links":{"self":[{"href":"https:\/\/roveyayinevi.com.tr\/index.php\/wp-json\/wp\/v2\/product\/730073","targetHints":{"allow":["GET"]}}],"collection":[{"href":"https:\/\/roveyayinevi.com.tr\/index.php\/wp-json\/wp\/v2\/product"}],"about":[{"href":"https:\/\/roveyayinevi.com.tr\/index.php\/wp-json\/wp\/v2\/types\/product"}],"wp:attachment":[{"href":"https:\/\/roveyayinevi.com.tr\/index.php\/wp-json\/wp\/v2\/media?parent=730073"}],"wp:term":[{"taxonomy":"product_brand","embeddable":true,"href":"https:\/\/roveyayinevi.com.tr\/index.php\/wp-json\/wp\/v2\/product_brand?post=730073"},{"taxonomy":"product_cat","embeddable":true,"href":"https:\/\/roveyayinevi.com.tr\/index.php\/wp-json\/wp\/v2\/product_cat?post=730073"},{"taxonomy":"product_tag","embeddable":true,"href":"https:\/\/roveyayinevi.com.tr\/index.php\/wp-json\/wp\/v2\/product_tag?post=730073"}],"curies":[{"name":"wp","href":"https:\/\/api.w.org\/{rel}","templated":true}]}}