{"id":730054,"date":"2025-08-27T21:07:50","date_gmt":"2025-08-27T18:07:50","guid":{"rendered":"https:\/\/roveyayinevi.com.tr\/index.php\/urun\/saglik-ekonomisi-2\/"},"modified":"2026-04-16T02:37:39","modified_gmt":"2026-04-15T23:37:39","slug":"saglik-ekonomisi-2","status":"publish","type":"product","link":"https:\/\/roveyayinevi.com.tr\/index.php\/urun\/saglik-ekonomisi-2\/","title":{"rendered":"Sa\u011fl\u0131k Ekonomisi"},"content":{"rendered":"<p>Sa\u011fl\u0131k ve ekonomi her zaman insanl\u0131k i\u00e7in temel problem alanlar\u0131 olagelmi\u015ftir. Sa\u011fl\u0131k ve ekonomiyi bulu\u015fturan sa\u011fl\u0131k ekonomisi disiplininin geli\u015ftirilmesi i\u00e7in gerekli e\u011fitim ve bilimsel faaliyetlerin \u00fclkemizde de \u00e7o\u011falt\u0131lmas\u0131nda yarar g\u00f6r\u00fclmektedir. Sa\u011fl\u0131k ekonomisi alan\u0131na daha \u00e7ok bilimsel \u00e7al\u0131\u015fma ve \u00f6zellikle kitap kazand\u0131rmak T\u00fcrkiye gibi geli\u015fmekte olan \u00fclkeler i\u00e7in de \u00f6nem ta\u015f\u0131maktad\u0131r. Gelecekte sa\u011fl\u0131k ekonomisin \u00f6neminin daha da artmas\u0131 beklenmektedir.Bu kitapta sa\u011fl\u0131k ekonomisi konusunda alan yaz\u0131nda var olan \u00e7al\u0131\u015fmalara katk\u0131 yapmak ama\u00e7lanmaktad\u0131r. Sa\u011fl\u0131k ekonomisi konular\u0131, genelden \u00f6zele do\u011fru okuyucular\u0131n bilgi birikimini artt\u0131rmak amac\u0131yla a\u00e7\u0131klanmaya \u00e7al\u0131\u015f\u0131lm\u0131\u015ft\u0131r. Kitab\u0131n baz\u0131 b\u00f6l\u00fcmlerinde teorik bilgilerin yan\u0131 s\u0131ra, T\u00fcrkiye sa\u011fl\u0131k sisteminden \u00f6rnekler veya bilgiler verilerek konular\u0131n daha iyi anla\u015f\u0131lmas\u0131 sa\u011flanmaya \u00e7al\u0131\u015f\u0131lm\u0131\u015ft\u0131r. B\u00f6ylece okuyucuya, sa\u011fl\u0131k sekt\u00f6r\u00fcn\u00fc sa\u011fl\u0131k ekonomisi bak\u0131\u015f a\u00e7\u0131s\u0131 ile de\u011ferlendirme f\u0131rsat\u0131 verilmek istenmi\u015ftir. Gerek g\u00fcncel sa\u011fl\u0131k ekonomisi konular\u0131n\u0131n ele al\u0131n\u0131\u015f\u0131 y\u00f6n\u00fcyle, gerek konular kapsam\u0131yla ba\u015fta profesyonel sa\u011fl\u0131k y\u00f6neticileri ve \u00f6\u011frencileri olmak \u00fczere, sa\u011fl\u0131k ekonomisine ilgi duyan t\u00fcm alan profesyonellerinin yarar sa\u011flayaca\u011f\u0131 bir eser ortaya koymak ama\u00e7lanm\u0131\u015ft\u0131r.Pandemisiz nice g\u00fcnlere ve y\u0131llara\u2026.<\/p>\n","protected":false},"excerpt":{"rendered":"<p>Sa\u011fl\u0131k ve ekonomi her zaman insanl\u0131k i\u00e7in temel problem alanlar\u0131 olagelmi\u015ftir. Sa\u011fl\u0131k ve ekonomiyi bulu\u015fturan sa\u011fl\u0131k ekonomisi disiplininin geli\u015ftirilmesi i\u00e7in gerekli e\u011fitim ve bilimsel faaliyetlerin \u00fclkemizde<span class=\"excerpt-hellip\"> [\u2026]<\/span><\/p>\n","protected":false},"featured_media":0,"template":"","meta":{"_monsterinsights_skip_tracking":false,"_monsterinsights_sitenote_active":false,"_monsterinsights_sitenote_note":"","_monsterinsights_sitenote_category":0},"product_brand":[],"product_cat":[13366,13365],"product_tag":[],"class_list":{"0":"post-730054","1":"product","2":"type-product","3":"status-publish","5":"product_cat-diger-saglik","6":"product_cat-saglik","7":"pa_cilt-ciltsiz","8":"pa_tur-kitap","9":"pa_yayinevi-siyasal-kitabevi-akademik-kitaplar","10":"pa_yazar-siyasal-kitabevi-kolektif","12":"first","13":"instock","14":"sale","15":"shipping-taxable","16":"purchasable","17":"product-type-simple"},"_links":{"self":[{"href":"https:\/\/roveyayinevi.com.tr\/index.php\/wp-json\/wp\/v2\/product\/730054","targetHints":{"allow":["GET"]}}],"collection":[{"href":"https:\/\/roveyayinevi.com.tr\/index.php\/wp-json\/wp\/v2\/product"}],"about":[{"href":"https:\/\/roveyayinevi.com.tr\/index.php\/wp-json\/wp\/v2\/types\/product"}],"wp:attachment":[{"href":"https:\/\/roveyayinevi.com.tr\/index.php\/wp-json\/wp\/v2\/media?parent=730054"}],"wp:term":[{"taxonomy":"product_brand","embeddable":true,"href":"https:\/\/roveyayinevi.com.tr\/index.php\/wp-json\/wp\/v2\/product_brand?post=730054"},{"taxonomy":"product_cat","embeddable":true,"href":"https:\/\/roveyayinevi.com.tr\/index.php\/wp-json\/wp\/v2\/product_cat?post=730054"},{"taxonomy":"product_tag","embeddable":true,"href":"https:\/\/roveyayinevi.com.tr\/index.php\/wp-json\/wp\/v2\/product_tag?post=730054"}],"curies":[{"name":"wp","href":"https:\/\/api.w.org\/{rel}","templated":true}]}}