{"id":730043,"date":"2025-08-27T21:07:40","date_gmt":"2025-08-27T18:07:40","guid":{"rendered":"https:\/\/roveyayinevi.com.tr\/index.php\/urun\/seni-oyle-cok-ozledim-ki\/"},"modified":"2026-04-16T02:37:39","modified_gmt":"2026-04-15T23:37:39","slug":"seni-oyle-cok-ozledim-ki","status":"publish","type":"product","link":"https:\/\/roveyayinevi.com.tr\/index.php\/urun\/seni-oyle-cok-ozledim-ki\/","title":{"rendered":"Seni \u00d6yle \u00c7ok \u00d6zledim ki"},"content":{"rendered":"<p>&#8220;Sen sustuk\u00e7a i\u00e7imdeki m\u00fcptezel ve bedevi sanc\u0131lar \u015faha kalkar&#8221; Anne sevgisi, vatan a\u015fk\u0131, sevgili hasreti&#8230; hepsinin harmanland\u0131\u011f\u0131 d\u00fc\u015ften d\u00fc\u015fe dald\u0131ran tatl\u0131 bir \u015fiir kitab\u0131.<\/p>\n","protected":false},"excerpt":{"rendered":"<p>&#8220;Sen sustuk\u00e7a i\u00e7imdeki m\u00fcptezel ve bedevi sanc\u0131lar \u015faha kalkar&#8221; Anne sevgisi, vatan a\u015fk\u0131, sevgili hasreti&#8230; hepsinin harmanland\u0131\u011f\u0131 d\u00fc\u015ften d\u00fc\u015fe dald\u0131ran tatl\u0131 bir \u015fiir kitab\u0131.<\/p>\n","protected":false},"featured_media":0,"template":"","meta":{"_monsterinsights_skip_tracking":false,"_monsterinsights_sitenote_active":false,"_monsterinsights_sitenote_note":"","_monsterinsights_sitenote_category":0},"product_brand":[],"product_cat":[12291,12509],"product_tag":[],"class_list":{"0":"post-730043","1":"product","2":"type-product","3":"status-publish","5":"product_cat-edebiyat","6":"product_cat-siir","7":"pa_cilt-ciltsiz","8":"pa_tur-kitap","9":"pa_yayinevi-fa-yayinlari","10":"pa_yazar-ali-abi","12":"first","13":"instock","14":"sale","15":"shipping-taxable","16":"purchasable","17":"product-type-simple"},"_links":{"self":[{"href":"https:\/\/roveyayinevi.com.tr\/index.php\/wp-json\/wp\/v2\/product\/730043","targetHints":{"allow":["GET"]}}],"collection":[{"href":"https:\/\/roveyayinevi.com.tr\/index.php\/wp-json\/wp\/v2\/product"}],"about":[{"href":"https:\/\/roveyayinevi.com.tr\/index.php\/wp-json\/wp\/v2\/types\/product"}],"wp:attachment":[{"href":"https:\/\/roveyayinevi.com.tr\/index.php\/wp-json\/wp\/v2\/media?parent=730043"}],"wp:term":[{"taxonomy":"product_brand","embeddable":true,"href":"https:\/\/roveyayinevi.com.tr\/index.php\/wp-json\/wp\/v2\/product_brand?post=730043"},{"taxonomy":"product_cat","embeddable":true,"href":"https:\/\/roveyayinevi.com.tr\/index.php\/wp-json\/wp\/v2\/product_cat?post=730043"},{"taxonomy":"product_tag","embeddable":true,"href":"https:\/\/roveyayinevi.com.tr\/index.php\/wp-json\/wp\/v2\/product_tag?post=730043"}],"curies":[{"name":"wp","href":"https:\/\/api.w.org\/{rel}","templated":true}]}}