{"id":730041,"date":"2025-08-27T21:07:38","date_gmt":"2025-08-27T18:07:38","guid":{"rendered":"https:\/\/roveyayinevi.com.tr\/index.php\/urun\/pembeli-teyzeyi-takip-uzumlu-kek-cetesi-5\/"},"modified":"2026-04-16T02:37:39","modified_gmt":"2026-04-15T23:37:39","slug":"pembeli-teyzeyi-takip-uzumlu-kek-cetesi-5","status":"publish","type":"product","link":"https:\/\/roveyayinevi.com.tr\/index.php\/urun\/pembeli-teyzeyi-takip-uzumlu-kek-cetesi-5\/","title":{"rendered":"Pembeli Teyzeyi Takip &#8211; \u00dcz\u00fcml\u00fc Kek \u00c7etesi 5"},"content":{"rendered":"<p>\u00dczu\u0308mlu\u0308 Kek \u00c7etesi bir iyilik \u00e7etesidir ve \u00e7ete u\u0308yeleri iyilik yapmak isterken ba\u015flar\u0131na tu\u0308rlu\u0308 tu\u0308rlu\u0308 maceralar gelir.\u00c7ete \u00fcyeleri okul bah\u00e7esindeki a\u011fac\u0131n dibini kazan gizemli bir ya\u015fl\u0131 teyzeyle kar\u015f\u0131la\u015fm\u0131\u015flard\u0131r. Bu a\u011fac\u0131n dibinde eski paralar bulan ekip bu s\u0131rr\u0131 \u00e7\u00f6zmeye kararl\u0131d\u0131r.Demet\u2019in yeni belgesel projesi, okulu g\u00fczelle\u015ftirmek i\u00e7in yap\u0131lan \u00e7al\u0131\u015fmalar ve daha fazlas\u0131 \u00dcz\u00fcml\u00fc Kek \u00c7etesi serisinin son kitab\u0131nda!<\/p>\n","protected":false},"excerpt":{"rendered":"<p>\u00dczu\u0308mlu\u0308 Kek \u00c7etesi bir iyilik \u00e7etesidir ve \u00e7ete u\u0308yeleri iyilik yapmak isterken ba\u015flar\u0131na tu\u0308rlu\u0308 tu\u0308rlu\u0308 maceralar gelir.\u00c7ete \u00fcyeleri okul bah\u00e7esindeki a\u011fac\u0131n dibini kazan gizemli bir ya\u015fl\u0131<span class=\"excerpt-hellip\"> [\u2026]<\/span><\/p>\n","protected":false},"featured_media":0,"template":"","meta":{"_monsterinsights_skip_tracking":false,"_monsterinsights_sitenote_active":false,"_monsterinsights_sitenote_note":"","_monsterinsights_sitenote_category":0},"product_brand":[],"product_cat":[12275,12274],"product_tag":[],"class_list":{"0":"post-730041","1":"product","2":"type-product","3":"status-publish","5":"product_cat-6-12-yas-kitaplari","6":"product_cat-cocuk-ve-genclik-kitaplari","7":"pa_cilt-ciltsiz","8":"pa_tur-kitap","9":"pa_yayinevi-erdem-cocuk","10":"pa_yazar-elif-ozsoyman","12":"first","13":"instock","14":"sale","15":"shipping-taxable","16":"purchasable","17":"product-type-simple"},"_links":{"self":[{"href":"https:\/\/roveyayinevi.com.tr\/index.php\/wp-json\/wp\/v2\/product\/730041","targetHints":{"allow":["GET"]}}],"collection":[{"href":"https:\/\/roveyayinevi.com.tr\/index.php\/wp-json\/wp\/v2\/product"}],"about":[{"href":"https:\/\/roveyayinevi.com.tr\/index.php\/wp-json\/wp\/v2\/types\/product"}],"wp:attachment":[{"href":"https:\/\/roveyayinevi.com.tr\/index.php\/wp-json\/wp\/v2\/media?parent=730041"}],"wp:term":[{"taxonomy":"product_brand","embeddable":true,"href":"https:\/\/roveyayinevi.com.tr\/index.php\/wp-json\/wp\/v2\/product_brand?post=730041"},{"taxonomy":"product_cat","embeddable":true,"href":"https:\/\/roveyayinevi.com.tr\/index.php\/wp-json\/wp\/v2\/product_cat?post=730041"},{"taxonomy":"product_tag","embeddable":true,"href":"https:\/\/roveyayinevi.com.tr\/index.php\/wp-json\/wp\/v2\/product_tag?post=730041"}],"curies":[{"name":"wp","href":"https:\/\/api.w.org\/{rel}","templated":true}]}}