{"id":730039,"date":"2025-08-27T21:07:36","date_gmt":"2025-08-27T18:07:36","guid":{"rendered":"https:\/\/roveyayinevi.com.tr\/index.php\/urun\/ekip-kuruluyor-uzumlu-kek-cetesi-1\/"},"modified":"2026-04-16T02:37:39","modified_gmt":"2026-04-15T23:37:39","slug":"ekip-kuruluyor-uzumlu-kek-cetesi-1","status":"publish","type":"product","link":"https:\/\/roveyayinevi.com.tr\/index.php\/urun\/ekip-kuruluyor-uzumlu-kek-cetesi-1\/","title":{"rendered":"Ekip Kuruluyor &#8211; \u00dcz\u00fcml\u00fc Kek \u00c7etesi 1"},"content":{"rendered":"<p>\u00dczu\u0308mlu\u0308 Kek \u00c7etesi bir iyilik \u00e7etesidir ve \u00e7ete u\u0308yeleri iyilik yapmak isterken ba\u015flar\u0131na tu\u0308rlu\u0308 tu\u0308rlu\u0308 maceralar gelir.Yeni ta\u015f\u0131nd\u0131\u011f\u0131 mahallede bir \u00e7ete kurmaya niyetlenen Demet\u2019in bu \u00e7ete i\u00e7in b\u00fcy\u00fck bir eksi\u011fi vard\u0131r: \u00e7ete \u00fcyeleri. Ancak hi\u00e7 kimseyi tan\u0131mad\u0131\u011f\u0131 bir muhitte bunu yapmas\u0131 hayli zor olacak. \u00c7ete \u00fcyelerini toplad\u0131\u011f\u0131ndaysa iyilik dolu maceralar \u00dcz\u00fcml\u00fc Kek \u00c7etesi\u2019nin pe\u015finden ayr\u0131lmayacak!<\/p>\n","protected":false},"excerpt":{"rendered":"<p>\u00dczu\u0308mlu\u0308 Kek \u00c7etesi bir iyilik \u00e7etesidir ve \u00e7ete u\u0308yeleri iyilik yapmak isterken ba\u015flar\u0131na tu\u0308rlu\u0308 tu\u0308rlu\u0308 maceralar gelir.Yeni ta\u015f\u0131nd\u0131\u011f\u0131 mahallede bir \u00e7ete kurmaya niyetlenen Demet\u2019in bu \u00e7ete<span class=\"excerpt-hellip\"> [\u2026]<\/span><\/p>\n","protected":false},"featured_media":0,"template":"","meta":{"_monsterinsights_skip_tracking":false,"_monsterinsights_sitenote_active":false,"_monsterinsights_sitenote_note":"","_monsterinsights_sitenote_category":0},"product_brand":[],"product_cat":[12275,12274],"product_tag":[],"class_list":{"0":"post-730039","1":"product","2":"type-product","3":"status-publish","5":"product_cat-6-12-yas-kitaplari","6":"product_cat-cocuk-ve-genclik-kitaplari","7":"pa_cilt-ciltsiz","8":"pa_tur-kitap","9":"pa_yayinevi-erdem-cocuk","10":"pa_yazar-elif-ozsoyman","12":"first","13":"instock","14":"sale","15":"shipping-taxable","16":"purchasable","17":"product-type-simple"},"_links":{"self":[{"href":"https:\/\/roveyayinevi.com.tr\/index.php\/wp-json\/wp\/v2\/product\/730039","targetHints":{"allow":["GET"]}}],"collection":[{"href":"https:\/\/roveyayinevi.com.tr\/index.php\/wp-json\/wp\/v2\/product"}],"about":[{"href":"https:\/\/roveyayinevi.com.tr\/index.php\/wp-json\/wp\/v2\/types\/product"}],"wp:attachment":[{"href":"https:\/\/roveyayinevi.com.tr\/index.php\/wp-json\/wp\/v2\/media?parent=730039"}],"wp:term":[{"taxonomy":"product_brand","embeddable":true,"href":"https:\/\/roveyayinevi.com.tr\/index.php\/wp-json\/wp\/v2\/product_brand?post=730039"},{"taxonomy":"product_cat","embeddable":true,"href":"https:\/\/roveyayinevi.com.tr\/index.php\/wp-json\/wp\/v2\/product_cat?post=730039"},{"taxonomy":"product_tag","embeddable":true,"href":"https:\/\/roveyayinevi.com.tr\/index.php\/wp-json\/wp\/v2\/product_tag?post=730039"}],"curies":[{"name":"wp","href":"https:\/\/api.w.org\/{rel}","templated":true}]}}