{"id":730026,"date":"2025-08-27T21:06:50","date_gmt":"2025-08-27T18:06:50","guid":{"rendered":"https:\/\/roveyayinevi.com.tr\/index.php\/urun\/dogu-sorunu-ve-osmanli-ingiliz-iliskileri\/"},"modified":"2026-04-16T02:37:39","modified_gmt":"2026-04-15T23:37:39","slug":"dogu-sorunu-ve-osmanli-ingiliz-iliskileri","status":"publish","type":"product","link":"https:\/\/roveyayinevi.com.tr\/index.php\/urun\/dogu-sorunu-ve-osmanli-ingiliz-iliskileri\/","title":{"rendered":"Do\u011fu Sorunu ve Osmanl\u0131 &#8211; \u0130ngiliz \u0130li\u015fkileri"},"content":{"rendered":"<p>Necla Geyikda\u011f\u0131, Osmanl\u0131-\u0130ngiliz ili\u015fkileri \u00fczerinden 19. y\u00fczy\u0131lda ortaya \u00e7\u0131kan Do\u011fu sorununu inceliyor. Esas olarak yabanc\u0131 kaynaklara dayanan eser, Bat\u0131l\u0131lar\u0131n g\u00f6z\u00fcnden T\u00fcrkler hakk\u0131nda yap\u0131lan de\u011ferlendirmelere yer veriyor, T\u00fcrk d\u00fc\u015fmanl\u0131\u011f\u0131n\u0131n Ayd\u0131nlanma yazarlar\u0131 Voltaire, Diderot gibi yazarlara dahi sirayet etti\u011fini ortaya koyuyor.1838\u2019de imzalanan Ticaret Antla\u015fmas\u0131 \u0130ngilizlere Osmanl\u0131 ekonomisi i\u00e7erisinde b\u00fcy\u00fck avantajlar sa\u011flarken Osmanl\u0131 Devleti\u2019ni de b\u00fcy\u00fck bir ekonomik ve siyasi buhrana g\u00f6t\u00fcrm\u00fc\u015ft\u00fc. Tanzimat ve Islahat Ferman\u0131 gibi reformcu hareketler de bu s\u00fcreci durdurmaya yetmemi\u015fti.Osmanl\u0131 Devleti bu buhran\u0131 \u00f6nlemek amac\u0131yla ba\u015f\u0131n\u0131 \u0130ngilizlerin \u00e7ekti\u011fi emperyalist devletlere daha fazla imtiyaz verme yoluna gitti. Bu da Osmanl\u0131 Devleti\u2019ni ad\u0131m ad\u0131m \u00e7\u00f6k\u00fc\u015fe s\u00fcr\u00fckledi.Kitapta anlat\u0131lanlar g\u00fcn\u00fcm\u00fcz a\u00e7\u0131s\u0131ndan da \u00f6nemli dersler i\u00e7eriyor.Fakat bu olumsuzluklar\u0131ya\u015famam\u0131\u015f olan Bat\u0131 Avrupal\u0131lar\u0131n T\u00fcrkl\u00fc\u011fe onlardan daha da&#8221;Ba\u011f\u0131ms\u0131zl\u0131\u011f\u0131n\u0131 Osmanl\u0131&#8217;ya kar\u015f\u0131 kaybeden \u00e7e\u015fitli uluslar\u0131n uzun y\u0131llar, hatta as\u0131rlar boyunca Osmanl\u0131&#8217;ya ve T\u00fcrk&#8217;e d\u00fc\u015fmanca duygular beslemesi bir \u00f6l\u00e7\u00fcde anla\u015f\u0131labilir.\u00e7ok d\u00fc\u015fman olmalar\u0131n\u0131n nedenlerini anlamak g\u00fc\u00e7.&#8221;<\/p>\n","protected":false},"excerpt":{"rendered":"<p>Necla Geyikda\u011f\u0131, Osmanl\u0131-\u0130ngiliz ili\u015fkileri \u00fczerinden 19. y\u00fczy\u0131lda ortaya \u00e7\u0131kan Do\u011fu sorununu inceliyor. Esas olarak yabanc\u0131 kaynaklara dayanan eser, Bat\u0131l\u0131lar\u0131n g\u00f6z\u00fcnden T\u00fcrkler hakk\u0131nda yap\u0131lan de\u011ferlendirmelere yer veriyor,<span class=\"excerpt-hellip\"> [\u2026]<\/span><\/p>\n","protected":false},"featured_media":0,"template":"","meta":{"_monsterinsights_skip_tracking":false,"_monsterinsights_sitenote_active":false,"_monsterinsights_sitenote_note":"","_monsterinsights_sitenote_category":0},"product_brand":[],"product_cat":[12370,12304],"product_tag":[],"class_list":{"0":"post-730026","1":"product","2":"type-product","3":"status-publish","5":"product_cat-arastirma-inceleme","6":"product_cat-tarih","7":"pa_cilt-ciltsiz","8":"pa_tur-kitap","9":"pa_yayinevi-kaynak-yayinlari","10":"pa_yazar-v-necla-geyikdagi","12":"first","13":"instock","14":"sale","15":"shipping-taxable","16":"purchasable","17":"product-type-simple"},"_links":{"self":[{"href":"https:\/\/roveyayinevi.com.tr\/index.php\/wp-json\/wp\/v2\/product\/730026","targetHints":{"allow":["GET"]}}],"collection":[{"href":"https:\/\/roveyayinevi.com.tr\/index.php\/wp-json\/wp\/v2\/product"}],"about":[{"href":"https:\/\/roveyayinevi.com.tr\/index.php\/wp-json\/wp\/v2\/types\/product"}],"wp:attachment":[{"href":"https:\/\/roveyayinevi.com.tr\/index.php\/wp-json\/wp\/v2\/media?parent=730026"}],"wp:term":[{"taxonomy":"product_brand","embeddable":true,"href":"https:\/\/roveyayinevi.com.tr\/index.php\/wp-json\/wp\/v2\/product_brand?post=730026"},{"taxonomy":"product_cat","embeddable":true,"href":"https:\/\/roveyayinevi.com.tr\/index.php\/wp-json\/wp\/v2\/product_cat?post=730026"},{"taxonomy":"product_tag","embeddable":true,"href":"https:\/\/roveyayinevi.com.tr\/index.php\/wp-json\/wp\/v2\/product_tag?post=730026"}],"curies":[{"name":"wp","href":"https:\/\/api.w.org\/{rel}","templated":true}]}}