{"id":729988,"date":"2025-08-27T21:06:15","date_gmt":"2025-08-27T18:06:15","guid":{"rendered":"https:\/\/roveyayinevi.com.tr\/index.php\/urun\/sessizlikle-yika-icini\/"},"modified":"2026-04-16T02:37:38","modified_gmt":"2026-04-15T23:37:38","slug":"sessizlikle-yika-icini","status":"publish","type":"product","link":"https:\/\/roveyayinevi.com.tr\/index.php\/urun\/sessizlikle-yika-icini\/","title":{"rendered":"Sessizlikle Y\u0131ka \u0130\u00e7ini"},"content":{"rendered":"<p>Modern Hint edebiyat\u0131n\u0131n uluslararas\u0131 alandaki ilk b\u00fcy\u00fck imzalar\u0131ndan Rabindranath Tagore. Ba\u015fta William Butler Yeats olmak \u00fczere \u00e7a\u011f\u0131n\u0131n \u00f6nemli yazar ve \u015fairleri taraf\u0131ndan takip edilmi\u015f, 1913\u2019te Nobel Edebiyat \u00d6d\u00fcl\u00fc\u2019ne de\u011fer g\u00f6r\u00fcld\u00fc\u011f\u00fcnde bu \u00f6d\u00fcl\u00fc kazanan ilk Asyal\u0131 yazar olmu\u015ftu. Y\u00fcz binlerce dizeye imza atan, \u00fc\u00e7 binin \u00fczerinde \u015fark\u0131 besteleyen, \u00f6mr\u00fcn\u00fcn son y\u0131llar\u0131nda Avrupa ve Amerika\u2019da resim sergileri a\u00e7an \u00e7ok y\u00f6nl\u00fc bir sanat\u00e7\u0131yd\u0131. Tagore, e\u011fitimci kimli\u011finin yan\u0131nda Hindistan\u2019\u0131n sosyal ve politik tarihi a\u00e7\u0131s\u0131ndan da \u00f6nemli bir fig\u00fcrd\u00fc. Usta \u015fair ve \u00e7evirmen \u00dclk\u00fc Tamer\u2019in \u00e7evirip derledi\u011fi \u015fiirlerinden, \u00f6yk\u00fclerinden ve mektuplar\u0131ndan olu\u015fan Sessizlikle Y\u0131ka \u0130\u00e7ini, Tagore\u2019un b\u00fcy\u00fcl\u00fc d\u00fcnyas\u0131n\u0131 ortaya koyuyor. \u201cKendi ayak izlerini bulacaks\u0131n benim \u015fark\u0131lar\u0131mda.\u201d <\/p>\n","protected":false},"excerpt":{"rendered":"<p>Modern Hint edebiyat\u0131n\u0131n uluslararas\u0131 alandaki ilk b\u00fcy\u00fck imzalar\u0131ndan Rabindranath Tagore. Ba\u015fta William Butler Yeats olmak \u00fczere \u00e7a\u011f\u0131n\u0131n \u00f6nemli yazar ve \u015fairleri taraf\u0131ndan takip edilmi\u015f, 1913\u2019te Nobel<span class=\"excerpt-hellip\"> [\u2026]<\/span><\/p>\n","protected":false},"featured_media":0,"template":"","meta":{"_monsterinsights_skip_tracking":false,"_monsterinsights_sitenote_active":false,"_monsterinsights_sitenote_note":"","_monsterinsights_sitenote_category":0},"product_brand":[],"product_cat":[12291,12509],"product_tag":[],"class_list":{"0":"post-729988","1":"product","2":"type-product","3":"status-publish","5":"product_cat-edebiyat","6":"product_cat-siir","7":"pa_cilt-ciltsiz","8":"pa_tur-kitap","9":"pa_yayinevi-kirmizi-kedi-yayinevi","10":"pa_yazar-rabindranath-tagore","12":"first","13":"instock","14":"sale","15":"shipping-taxable","16":"purchasable","17":"product-type-simple"},"_links":{"self":[{"href":"https:\/\/roveyayinevi.com.tr\/index.php\/wp-json\/wp\/v2\/product\/729988","targetHints":{"allow":["GET"]}}],"collection":[{"href":"https:\/\/roveyayinevi.com.tr\/index.php\/wp-json\/wp\/v2\/product"}],"about":[{"href":"https:\/\/roveyayinevi.com.tr\/index.php\/wp-json\/wp\/v2\/types\/product"}],"wp:attachment":[{"href":"https:\/\/roveyayinevi.com.tr\/index.php\/wp-json\/wp\/v2\/media?parent=729988"}],"wp:term":[{"taxonomy":"product_brand","embeddable":true,"href":"https:\/\/roveyayinevi.com.tr\/index.php\/wp-json\/wp\/v2\/product_brand?post=729988"},{"taxonomy":"product_cat","embeddable":true,"href":"https:\/\/roveyayinevi.com.tr\/index.php\/wp-json\/wp\/v2\/product_cat?post=729988"},{"taxonomy":"product_tag","embeddable":true,"href":"https:\/\/roveyayinevi.com.tr\/index.php\/wp-json\/wp\/v2\/product_tag?post=729988"}],"curies":[{"name":"wp","href":"https:\/\/api.w.org\/{rel}","templated":true}]}}