{"id":729986,"date":"2025-08-27T21:06:14","date_gmt":"2025-08-27T18:06:14","guid":{"rendered":"https:\/\/roveyayinevi.com.tr\/index.php\/urun\/yoneticiler-icin-egitimde-politika-gelistirme-ve-analiz\/"},"modified":"2026-04-16T02:37:38","modified_gmt":"2026-04-15T23:37:38","slug":"yoneticiler-icin-egitimde-politika-gelistirme-ve-analiz","status":"publish","type":"product","link":"https:\/\/roveyayinevi.com.tr\/index.php\/urun\/yoneticiler-icin-egitimde-politika-gelistirme-ve-analiz\/","title":{"rendered":"Y\u00f6neticiler \u0130\u00e7in E\u011fitimde Politika Geli\u015ftirme ve Analiz"},"content":{"rendered":"<p>Deneyimlerim, ba\u011flamsal ve e\u011fitimsel olarak metodolojik olan bir kitaba duyulan ihtiyaca i\u015faret etmektedir. Bu kitap, e\u011fitim y\u00f6neticilerinin ve politika liderlerinin arzu ve uygulama ihtiya\u00e7lar\u0131n\u0131 kar\u015f\u0131lamaktad\u0131r. Politika analizi ad\u0131mlar\u0131n\u0131n anla\u015f\u0131l\u0131r olmas\u0131 i\u00e7in her bir b\u00f6l\u00fcm\u00fcn ba\u015f\u0131nda b\u00f6l\u00fcm hedeflerini ve e\u011fitim senaryolar\u0131n\u0131 kullan\u0131yorum. Her b\u00f6l\u00fcm\u00fcn ana fikri, \u00e7oklu e\u011fitim \u00f6rnekleri ve b\u00f6l\u00fcm\u00fcn ana noktalar\u0131n\u0131n bir\u00e7o\u011funu \u00f6zetleyen ve vurgulayan \u015fekiller ve tablolarla i\u00e7 i\u00e7e ge\u00e7mi\u015ftir. Her b\u00f6l\u00fcm bir \u00f6zet, yans\u0131t\u0131c\u0131 sorular, analiz i\u00e7in haber hik\u00e2yesi, se\u00e7ilen kaynaklar ve ilgili web siteleri ile bitmektedir. Se\u00e7ilen kaynaklar\u0131n ve web sitelerinin her biri, e\u011fitim liderlerinin kayna\u011f\u0131 neden ilgi \u00e7ekici bulaca\u011f\u0131na dair bir a\u00e7\u0131klama da i\u00e7ermektedir.<\/p>\n","protected":false},"excerpt":{"rendered":"<p>Deneyimlerim, ba\u011flamsal ve e\u011fitimsel olarak metodolojik olan bir kitaba duyulan ihtiyaca i\u015faret etmektedir. Bu kitap, e\u011fitim y\u00f6neticilerinin ve politika liderlerinin arzu ve uygulama ihtiya\u00e7lar\u0131n\u0131 kar\u015f\u0131lamaktad\u0131r. Politika<span class=\"excerpt-hellip\"> [\u2026]<\/span><\/p>\n","protected":false},"featured_media":0,"template":"","meta":{"_monsterinsights_skip_tracking":false,"_monsterinsights_sitenote_active":false,"_monsterinsights_sitenote_note":"","_monsterinsights_sitenote_category":0},"product_brand":[],"product_cat":[13043,19008],"product_tag":[],"class_list":{"0":"post-729986","1":"product","2":"type-product","3":"status-publish","5":"product_cat-ekonomi","6":"product_cat-yonetim","7":"pa_cilt-ciltsiz","8":"pa_tur-kitap","9":"pa_yayinevi-ani-yayincilik","10":"pa_yazar-ani-yayincilik-kolektif","12":"first","13":"instock","14":"sale","15":"shipping-taxable","16":"purchasable","17":"product-type-simple"},"_links":{"self":[{"href":"https:\/\/roveyayinevi.com.tr\/index.php\/wp-json\/wp\/v2\/product\/729986","targetHints":{"allow":["GET"]}}],"collection":[{"href":"https:\/\/roveyayinevi.com.tr\/index.php\/wp-json\/wp\/v2\/product"}],"about":[{"href":"https:\/\/roveyayinevi.com.tr\/index.php\/wp-json\/wp\/v2\/types\/product"}],"wp:attachment":[{"href":"https:\/\/roveyayinevi.com.tr\/index.php\/wp-json\/wp\/v2\/media?parent=729986"}],"wp:term":[{"taxonomy":"product_brand","embeddable":true,"href":"https:\/\/roveyayinevi.com.tr\/index.php\/wp-json\/wp\/v2\/product_brand?post=729986"},{"taxonomy":"product_cat","embeddable":true,"href":"https:\/\/roveyayinevi.com.tr\/index.php\/wp-json\/wp\/v2\/product_cat?post=729986"},{"taxonomy":"product_tag","embeddable":true,"href":"https:\/\/roveyayinevi.com.tr\/index.php\/wp-json\/wp\/v2\/product_tag?post=729986"}],"curies":[{"name":"wp","href":"https:\/\/api.w.org\/{rel}","templated":true}]}}