{"id":729969,"date":"2025-08-27T21:05:59","date_gmt":"2025-08-27T18:05:59","guid":{"rendered":"https:\/\/roveyayinevi.com.tr\/index.php\/urun\/koy-muhtarlarinin-spor-hizmetleri-ile-ilgili-yerel-yonetimlerden-beklentilerinin-tematik-analizi\/"},"modified":"2026-04-16T02:37:37","modified_gmt":"2026-04-15T23:37:37","slug":"koy-muhtarlarinin-spor-hizmetleri-ile-ilgili-yerel-yonetimlerden-beklentilerinin-tematik-analizi","status":"publish","type":"product","link":"https:\/\/roveyayinevi.com.tr\/index.php\/urun\/koy-muhtarlarinin-spor-hizmetleri-ile-ilgili-yerel-yonetimlerden-beklentilerinin-tematik-analizi\/","title":{"rendered":"K\u00f6y Muhtarlar\u0131n\u0131n Spor Hizmetleri ile \u0130lgili Yerel Y\u00f6netimlerden Beklentilerinin Tematik Analizi"},"content":{"rendered":"<p>\u0130\u00e7indekiler \u015eekiller Dizini Tablolar Dizini Simgeler ve K\u0131saltmalar 1.Giri\u015f 2. Genel Bilgiler 3.  Materyal ve Metod 4.  Bulgular 5.Tart\u0131\u015fma <\/p>\n","protected":false},"excerpt":{"rendered":"<p>\u0130\u00e7indekiler \u015eekiller Dizini Tablolar Dizini Simgeler ve K\u0131saltmalar 1.Giri\u015f 2. Genel Bilgiler 3. Materyal ve Metod 4. Bulgular 5.Tart\u0131\u015fma<\/p>\n","protected":false},"featured_media":0,"template":"","meta":{"_monsterinsights_skip_tracking":false,"_monsterinsights_sitenote_active":false,"_monsterinsights_sitenote_note":"","_monsterinsights_sitenote_category":0},"product_brand":[],"product_cat":[12573,12566],"product_tag":[],"class_list":{"0":"post-729969","1":"product","2":"type-product","3":"status-publish","5":"product_cat-akademik-kitaplar","6":"product_cat-egitim","7":"pa_cilt-ciltsiz","8":"pa_tur-kitap","9":"pa_yayinevi-gazi-kitabevi","10":"pa_yazar-abdullah-bingolbali","12":"first","13":"instock","14":"sale","15":"shipping-taxable","16":"purchasable","17":"product-type-simple"},"_links":{"self":[{"href":"https:\/\/roveyayinevi.com.tr\/index.php\/wp-json\/wp\/v2\/product\/729969","targetHints":{"allow":["GET"]}}],"collection":[{"href":"https:\/\/roveyayinevi.com.tr\/index.php\/wp-json\/wp\/v2\/product"}],"about":[{"href":"https:\/\/roveyayinevi.com.tr\/index.php\/wp-json\/wp\/v2\/types\/product"}],"wp:attachment":[{"href":"https:\/\/roveyayinevi.com.tr\/index.php\/wp-json\/wp\/v2\/media?parent=729969"}],"wp:term":[{"taxonomy":"product_brand","embeddable":true,"href":"https:\/\/roveyayinevi.com.tr\/index.php\/wp-json\/wp\/v2\/product_brand?post=729969"},{"taxonomy":"product_cat","embeddable":true,"href":"https:\/\/roveyayinevi.com.tr\/index.php\/wp-json\/wp\/v2\/product_cat?post=729969"},{"taxonomy":"product_tag","embeddable":true,"href":"https:\/\/roveyayinevi.com.tr\/index.php\/wp-json\/wp\/v2\/product_tag?post=729969"}],"curies":[{"name":"wp","href":"https:\/\/api.w.org\/{rel}","templated":true}]}}