{"id":729966,"date":"2025-08-27T21:05:57","date_gmt":"2025-08-27T18:05:57","guid":{"rendered":"https:\/\/roveyayinevi.com.tr\/index.php\/urun\/evi-eriyen-kutup-ayisi\/"},"modified":"2026-04-16T02:37:37","modified_gmt":"2026-04-15T23:37:37","slug":"evi-eriyen-kutup-ayisi","status":"publish","type":"product","link":"https:\/\/roveyayinevi.com.tr\/index.php\/urun\/evi-eriyen-kutup-ayisi\/","title":{"rendered":"Evi Eriyen Kutup Ay\u0131s\u0131"},"content":{"rendered":"<p>Her \u00e7ocu\u011fun bir masala, her masal\u0131n bir anlat\u0131c\u0131ya ihtiyac\u0131 vard\u0131r. Masallar hayatla ba\u015f etme becerilerimizi geli\u015ftirirken, hayal d\u00fcnyam\u0131z\u0131n zenginle\u015fmesine de yard\u0131mc\u0131 olur. Bu masal da bir kutup ay\u0131s\u0131n\u0131n evinin erimesiyle ba\u015fl\u0131yor. <\/p>\n","protected":false},"excerpt":{"rendered":"<p>Her \u00e7ocu\u011fun bir masala, her masal\u0131n bir anlat\u0131c\u0131ya ihtiyac\u0131 vard\u0131r. Masallar hayatla ba\u015f etme becerilerimizi geli\u015ftirirken, hayal d\u00fcnyam\u0131z\u0131n zenginle\u015fmesine de yard\u0131mc\u0131 olur. Bu masal da bir<span class=\"excerpt-hellip\"> [\u2026]<\/span><\/p>\n","protected":false},"featured_media":0,"template":"","meta":{"_monsterinsights_skip_tracking":false,"_monsterinsights_sitenote_active":false,"_monsterinsights_sitenote_note":"","_monsterinsights_sitenote_category":0},"product_brand":[],"product_cat":[12274,12523],"product_tag":[],"class_list":{"0":"post-729966","1":"product","2":"type-product","3":"status-publish","5":"product_cat-cocuk-ve-genclik-kitaplari","6":"product_cat-masallar","7":"pa_cilt-ciltsiz","8":"pa_tur-kitap","9":"pa_yayinevi-masalperest","10":"pa_yazar-ezo-sunal","12":"first","13":"instock","14":"sale","15":"shipping-taxable","16":"purchasable","17":"product-type-simple"},"_links":{"self":[{"href":"https:\/\/roveyayinevi.com.tr\/index.php\/wp-json\/wp\/v2\/product\/729966","targetHints":{"allow":["GET"]}}],"collection":[{"href":"https:\/\/roveyayinevi.com.tr\/index.php\/wp-json\/wp\/v2\/product"}],"about":[{"href":"https:\/\/roveyayinevi.com.tr\/index.php\/wp-json\/wp\/v2\/types\/product"}],"wp:attachment":[{"href":"https:\/\/roveyayinevi.com.tr\/index.php\/wp-json\/wp\/v2\/media?parent=729966"}],"wp:term":[{"taxonomy":"product_brand","embeddable":true,"href":"https:\/\/roveyayinevi.com.tr\/index.php\/wp-json\/wp\/v2\/product_brand?post=729966"},{"taxonomy":"product_cat","embeddable":true,"href":"https:\/\/roveyayinevi.com.tr\/index.php\/wp-json\/wp\/v2\/product_cat?post=729966"},{"taxonomy":"product_tag","embeddable":true,"href":"https:\/\/roveyayinevi.com.tr\/index.php\/wp-json\/wp\/v2\/product_tag?post=729966"}],"curies":[{"name":"wp","href":"https:\/\/api.w.org\/{rel}","templated":true}]}}