{"id":729961,"date":"2025-08-27T21:05:52","date_gmt":"2025-08-27T18:05:52","guid":{"rendered":"https:\/\/roveyayinevi.com.tr\/index.php\/urun\/ask-evlilik-sadakatsizlik\/"},"modified":"2026-04-16T02:37:37","modified_gmt":"2026-04-15T23:37:37","slug":"ask-evlilik-sadakatsizlik","status":"publish","type":"product","link":"https:\/\/roveyayinevi.com.tr\/index.php\/urun\/ask-evlilik-sadakatsizlik\/","title":{"rendered":"A\u015fk Evlilik Sadakatsizlik"},"content":{"rendered":"<p>\u00d6yle bir sevin ki sevilen de sevmeyi sizden \u00f6\u011frensin&#8230; A\u015fk \u201cben\u201dleri yok etmek pahas\u0131na \u201cbiz\u201d olabilme \u00e7abas\u0131, s\u0131n\u0131rlar\u0131 iyi \u00e7izilmi\u015f bir evlilik \u201cben\u201dleri koruyarak \u201cbiz\u201d olabilme sanat\u0131, sadakatsizlik ise \u201cbiz\u201di yok etme riskini g\u00f6ze almakt\u0131r. A\u015fk ba\u015f\u0131n\u0131z\u0131, sevgi d\u00fcnyay\u0131 d\u00f6nd\u00fcr\u00fcr. A\u015fk \u201cSeni seviyorum \u00e7\u00fcnk\u00fc sana ihtiyac\u0131m var\u201d derken sevgi \u201cSana ihtiyac\u0131m var \u00e7\u00fcnk\u00fc seni seviyorum\u201d der. A\u015fk tutkulu bir bi\u00e7imde ya\u015fan\u0131rken, sevgi fark\u0131ndal\u0131kl\u0131 ve dingin bi\u00e7imde ya\u015fan\u0131r ve dinginle\u015fen her \u015fey gibi derinle\u015fir. A\u015fk evlili\u011fi ba\u015flatabilir ancak iyi bir evlilik s\u00fcrd\u00fcrebilmek i\u00e7in a\u015fk asla yetmez. Evlilik de t\u0131pk\u0131 trafikte seyreden ara\u00e7 gibi bak\u0131m ve onar\u0131m ister. Bazen gitmek ister gidemez, bazen kalmak ister ama kalamazs\u0131n\u0131z. \u00c7\u00fcnk\u00fc evlili\u011finiz ne gidecek kadar k\u00f6t\u00fcd\u00fcr ne de kalacak kadar iyi&#8230; \u0130nsan kusurlu bir varl\u0131kt\u0131r. \u0130ncinir, incitir. Sevmeyi \u00f6\u011frenmek bazen affetmeyi \u00f6\u011frenmeyi de gerektirir. Affetmek ge\u00e7mi\u015fi de\u011fi\u015ftirmez ancak gelece\u011fi de\u011fi\u015ftirebilir. Affetmek unutmay\u0131 gerektirmez ancak borcu iptal edip, alacakl\u0131 olma halinden \u00e7\u0131kmay\u0131 ve y\u00fcre\u011finizi ele ge\u00e7iren \u00f6fkeden \u00f6zg\u00fcrle\u015fmenizi sa\u011flayabilir. Gelece\u011fe yer a\u00e7mak ancak ge\u00e7mi\u015fe yap\u0131\u015fmaktan vazge\u00e7mekle m\u00fcmk\u00fcnd\u00fcr. \u00d6yle bir sevin ki sevilen de sevmeyi sizden \u00f6\u011frensin&#8230; Bu d\u00fcnya biraz daha sevgi ve \u015fefkatle daha anlaml\u0131 bir yer olabilir. <\/p>\n","protected":false},"excerpt":{"rendered":"<p>\u00d6yle bir sevin ki sevilen de sevmeyi sizden \u00f6\u011frensin&#8230; A\u015fk \u201cben\u201dleri yok etmek pahas\u0131na \u201cbiz\u201d olabilme \u00e7abas\u0131, s\u0131n\u0131rlar\u0131 iyi \u00e7izilmi\u015f bir evlilik \u201cben\u201dleri koruyarak \u201cbiz\u201d olabilme<span class=\"excerpt-hellip\"> [\u2026]<\/span><\/p>\n","protected":false},"featured_media":0,"template":"","meta":{"_monsterinsights_skip_tracking":false,"_monsterinsights_sitenote_active":false,"_monsterinsights_sitenote_note":"","_monsterinsights_sitenote_category":0},"product_brand":[],"product_cat":[12358,12357],"product_tag":[],"class_list":{"0":"post-729961","1":"product","2":"type-product","3":"status-publish","5":"product_cat-genel-psikoloji","6":"product_cat-psikoloji","7":"pa_cilt-ciltsiz","8":"pa_tur-kitap","9":"pa_yayinevi-destek-yayinlari","10":"pa_yazar-mehmet-z-sungur","12":"first","13":"instock","14":"sale","15":"shipping-taxable","16":"purchasable","17":"product-type-simple"},"_links":{"self":[{"href":"https:\/\/roveyayinevi.com.tr\/index.php\/wp-json\/wp\/v2\/product\/729961","targetHints":{"allow":["GET"]}}],"collection":[{"href":"https:\/\/roveyayinevi.com.tr\/index.php\/wp-json\/wp\/v2\/product"}],"about":[{"href":"https:\/\/roveyayinevi.com.tr\/index.php\/wp-json\/wp\/v2\/types\/product"}],"wp:attachment":[{"href":"https:\/\/roveyayinevi.com.tr\/index.php\/wp-json\/wp\/v2\/media?parent=729961"}],"wp:term":[{"taxonomy":"product_brand","embeddable":true,"href":"https:\/\/roveyayinevi.com.tr\/index.php\/wp-json\/wp\/v2\/product_brand?post=729961"},{"taxonomy":"product_cat","embeddable":true,"href":"https:\/\/roveyayinevi.com.tr\/index.php\/wp-json\/wp\/v2\/product_cat?post=729961"},{"taxonomy":"product_tag","embeddable":true,"href":"https:\/\/roveyayinevi.com.tr\/index.php\/wp-json\/wp\/v2\/product_tag?post=729961"}],"curies":[{"name":"wp","href":"https:\/\/api.w.org\/{rel}","templated":true}]}}