{"id":729950,"date":"2025-08-27T21:05:42","date_gmt":"2025-08-27T18:05:42","guid":{"rendered":"https:\/\/roveyayinevi.com.tr\/index.php\/urun\/dunyanin-en-kucuk-pilotlari\/"},"modified":"2026-04-16T02:37:37","modified_gmt":"2026-04-15T23:37:37","slug":"dunyanin-en-kucuk-pilotlari","status":"publish","type":"product","link":"https:\/\/roveyayinevi.com.tr\/index.php\/urun\/dunyanin-en-kucuk-pilotlari\/","title":{"rendered":"D\u00fcnyan\u0131n En K\u00fc\u00e7\u00fck Pilotlar\u0131"},"content":{"rendered":"<p>Pilot olmak isteyen Nazl\u0131 ve abisi Mert\u2019in oyuncak u\u00e7aklar\u0131, bilgisayar oyunlar\u0131 ya da kumandal\u0131 helikopterleri yoktu. Bu y\u00fczden de pilot olamayacaklar\u0131n\u0131, hatta pilot\u00e7uluk bile oynayamayacaklar\u0131n\u0131 d\u00fc\u015f\u00fcn\u00fcyorlard\u0131! Ta ki dedeleri ne\u015feli bir kahkahayla yanlar\u0131na gelene dek\u2026 Dedeleri onlara yan\u0131ld\u0131klar\u0131n\u0131 g\u00f6stermeye haz\u0131rd\u0131! \u201cBe\u015f derste pilot\u00e7uluk e\u011fitimi\u201d ba\u015fl\u0131yordu!   Dedelerinin deste\u011fiyle Nazl\u0131 ve Mert, ellerindeki malzemeler ve hayal g\u00fc\u00e7leri sayesinde d\u00fcnyan\u0131n en k\u00fc\u00e7\u00fck pilotlar\u0131 olmaya haz\u0131rlan\u0131rken, i\u00e7inizi \u0131s\u0131tacak bu keyifli hik\u00e2yeye siz de ortak olun! <\/p>\n","protected":false},"excerpt":{"rendered":"<p>Pilot olmak isteyen Nazl\u0131 ve abisi Mert\u2019in oyuncak u\u00e7aklar\u0131, bilgisayar oyunlar\u0131 ya da kumandal\u0131 helikopterleri yoktu. Bu y\u00fczden de pilot olamayacaklar\u0131n\u0131, hatta pilot\u00e7uluk bile oynayamayacaklar\u0131n\u0131 d\u00fc\u015f\u00fcn\u00fcyorlard\u0131!<span class=\"excerpt-hellip\"> [\u2026]<\/span><\/p>\n","protected":false},"featured_media":0,"template":"","meta":{"_monsterinsights_skip_tracking":false,"_monsterinsights_sitenote_active":false,"_monsterinsights_sitenote_note":"","_monsterinsights_sitenote_category":0},"product_brand":[],"product_cat":[12913,12274],"product_tag":[],"class_list":{"0":"post-729950","1":"product","2":"type-product","3":"status-publish","5":"product_cat-3-6-yas-kitaplari","6":"product_cat-cocuk-ve-genclik-kitaplari","7":"pa_cilt-ciltsiz","8":"pa_tur-kitap","9":"pa_yayinevi-ithaki-yayinlari","10":"pa_yazar-nihan-temiz","12":"first","13":"instock","14":"sale","15":"shipping-taxable","16":"purchasable","17":"product-type-simple"},"_links":{"self":[{"href":"https:\/\/roveyayinevi.com.tr\/index.php\/wp-json\/wp\/v2\/product\/729950","targetHints":{"allow":["GET"]}}],"collection":[{"href":"https:\/\/roveyayinevi.com.tr\/index.php\/wp-json\/wp\/v2\/product"}],"about":[{"href":"https:\/\/roveyayinevi.com.tr\/index.php\/wp-json\/wp\/v2\/types\/product"}],"wp:attachment":[{"href":"https:\/\/roveyayinevi.com.tr\/index.php\/wp-json\/wp\/v2\/media?parent=729950"}],"wp:term":[{"taxonomy":"product_brand","embeddable":true,"href":"https:\/\/roveyayinevi.com.tr\/index.php\/wp-json\/wp\/v2\/product_brand?post=729950"},{"taxonomy":"product_cat","embeddable":true,"href":"https:\/\/roveyayinevi.com.tr\/index.php\/wp-json\/wp\/v2\/product_cat?post=729950"},{"taxonomy":"product_tag","embeddable":true,"href":"https:\/\/roveyayinevi.com.tr\/index.php\/wp-json\/wp\/v2\/product_tag?post=729950"}],"curies":[{"name":"wp","href":"https:\/\/api.w.org\/{rel}","templated":true}]}}