{"id":729937,"date":"2025-08-27T21:05:28","date_gmt":"2025-08-27T18:05:28","guid":{"rendered":"https:\/\/roveyayinevi.com.tr\/index.php\/urun\/hava-adami-ariel\/"},"modified":"2026-04-16T02:37:36","modified_gmt":"2026-04-15T23:37:36","slug":"hava-adami-ariel","status":"publish","type":"product","link":"https:\/\/roveyayinevi.com.tr\/index.php\/urun\/hava-adami-ariel\/","title":{"rendered":"Hava Adam\u0131 Ariel"},"content":{"rendered":"<p>\u201cD\u00f6neminin en \u00f6nemli, k\u00fclt bilimkurgu yazarlar\u0131ndan biri.\u201d \u2013John Scalzi   \u201cWells ve Verne\u2019in tarz\u0131n\u0131n Rus\u00e7adaki kar\u015f\u0131l\u0131\u011f\u0131 Belyaev\u2019dir.\u201d \u2013Adam Roberts   \u201cTANRILAR DA BAZEN SIRADAN \u0130NSANLARA \u0130MRENEB\u0130L\u0130R.\u201d   Aleksandr Belyaev, Sovyet d\u00f6neminin en sayg\u0131 duyulan bilimkurgu yazarlar\u0131ndan. Sovyetler\u2019in Jules Verne\u2019i olarak da an\u0131lan Belyaev, yay\u0131mlanan son roman\u0131 Hava Adam\u0131 Ariel\u2019de okuru bu kez g\u00f6ky\u00fcz\u00fcne \u00e7\u0131kar\u0131p insan\u00fcst\u00fc g\u00fc\u00e7lere sahip kahramanlar\u0131na bir yenisini ekliyor.   Bebek ya\u015fta ailesinden ve vatan\u0131ndan kopar\u0131l\u0131p Hindistan\u2019da ok\u00fcltist bir okula kapat\u0131lan Ariel, burada insanlar\u0131 kand\u0131rmak \u00fczere giri\u015filen mucizevi bir deneyin kurban\u0131 olur. Ariel yeni g\u00fc\u00e7leriyle hem d\u00fcnyan\u0131n adaletsiz yap\u0131s\u0131n\u0131 hem de ger\u00e7ekte kim oldu\u011funu \u00f6\u011frenece\u011fi bir ser\u00fcvene at\u0131l\u0131r.   Yuvas\u0131na varmak i\u00e7in d\u00fcnyan\u0131n \u00f6b\u00fcr ucuna gitmek zorunda kald\u0131\u011f\u0131 bu yolculu\u011funda, kimsenin yakla\u015fmak istemedi\u011fi paryalarla, zalim ve kudretli rajalarla, her yerde k\u00e2r kovalayan Amerikal\u0131 milyonerlerle kar\u015f\u0131la\u015fan Ariel a\u015fk ve arkada\u015fl\u0131kla da tan\u0131\u015facakt\u0131r. \u00c7\u0131kar u\u011fruna hem insanlar\u0131 hem de inan\u00e7lar\u0131 s\u00f6m\u00fcren bir d\u00fcnyada safl\u0131\u011f\u0131n ne kadar hayatta kalabilece\u011fini sorgulayan roman, ac\u0131mas\u0131z d\u00fcnya d\u00fczenine h\u00fcz\u00fcnl\u00fc bir \u015fekilde yakla\u015f\u0131yor.   Hava Adam\u0131 Ariel, g\u00fcne\u015fe yak\u0131n u\u00e7maktan korkmayanlar\u0131n roman\u0131. <\/p>\n","protected":false},"excerpt":{"rendered":"<p>\u201cD\u00f6neminin en \u00f6nemli, k\u00fclt bilimkurgu yazarlar\u0131ndan biri.\u201d \u2013John Scalzi \u201cWells ve Verne\u2019in tarz\u0131n\u0131n Rus\u00e7adaki kar\u015f\u0131l\u0131\u011f\u0131 Belyaev\u2019dir.\u201d \u2013Adam Roberts \u201cTANRILAR DA BAZEN SIRADAN \u0130NSANLARA \u0130MRENEB\u0130L\u0130R.\u201d Aleksandr Belyaev,<span class=\"excerpt-hellip\"> [\u2026]<\/span><\/p>\n","protected":false},"featured_media":0,"template":"","meta":{"_monsterinsights_skip_tracking":false,"_monsterinsights_sitenote_active":false,"_monsterinsights_sitenote_note":"","_monsterinsights_sitenote_category":0},"product_brand":[],"product_cat":[12540,12291],"product_tag":[],"class_list":{"0":"post-729937","1":"product","2":"type-product","3":"status-publish","5":"product_cat-bilim-kurgu","6":"product_cat-edebiyat","7":"pa_cilt-ciltsiz","8":"pa_tur-kitap","9":"pa_yayinevi-ithaki-yayinlari","10":"pa_yazar-aleksandr-romanovic-belyaev","12":"first","13":"instock","14":"sale","15":"shipping-taxable","16":"purchasable","17":"product-type-simple"},"_links":{"self":[{"href":"https:\/\/roveyayinevi.com.tr\/index.php\/wp-json\/wp\/v2\/product\/729937","targetHints":{"allow":["GET"]}}],"collection":[{"href":"https:\/\/roveyayinevi.com.tr\/index.php\/wp-json\/wp\/v2\/product"}],"about":[{"href":"https:\/\/roveyayinevi.com.tr\/index.php\/wp-json\/wp\/v2\/types\/product"}],"wp:attachment":[{"href":"https:\/\/roveyayinevi.com.tr\/index.php\/wp-json\/wp\/v2\/media?parent=729937"}],"wp:term":[{"taxonomy":"product_brand","embeddable":true,"href":"https:\/\/roveyayinevi.com.tr\/index.php\/wp-json\/wp\/v2\/product_brand?post=729937"},{"taxonomy":"product_cat","embeddable":true,"href":"https:\/\/roveyayinevi.com.tr\/index.php\/wp-json\/wp\/v2\/product_cat?post=729937"},{"taxonomy":"product_tag","embeddable":true,"href":"https:\/\/roveyayinevi.com.tr\/index.php\/wp-json\/wp\/v2\/product_tag?post=729937"}],"curies":[{"name":"wp","href":"https:\/\/api.w.org\/{rel}","templated":true}]}}