{"id":729912,"date":"2025-08-27T21:05:01","date_gmt":"2025-08-27T18:05:01","guid":{"rendered":"https:\/\/roveyayinevi.com.tr\/index.php\/urun\/efsuncu-baba-ciltli\/"},"modified":"2026-04-16T02:37:36","modified_gmt":"2026-04-15T23:37:36","slug":"efsuncu-baba-ciltli","status":"publish","type":"product","link":"https:\/\/roveyayinevi.com.tr\/index.php\/urun\/efsuncu-baba-ciltli\/","title":{"rendered":"Efsuncu Baba (Ciltli)"},"content":{"rendered":"<p>Efsuncu Baba b\u00fcy\u00fcyle, simyayla, t\u0131ls\u0131mla u\u011fra\u015fan; define aramak, madeni alt\u0131na \u00e7evirmek, y\u0131ld\u0131znamelerden \u00e2lemin s\u0131rr\u0131n\u0131 \u00e7\u00f6zmek gibi heveslere kap\u0131lm\u0131\u015f bir zat-\u0131 muhteremdir. Onun d\u00fcnyas\u0131n\u0131 bat\u0131l inan\u00e7lar\u0131 \u015fekillendirir, her ad\u0131m\u0131n\u0131 bu hurafelere g\u00f6re atar. Eline yeni bir kitap ge\u00e7er, \u0130stanbul\u2019un b\u00fct\u00fcn defineleri \u015fifreli halde bildirilmi\u015ftir bu kitapta. Defineye ula\u015fmak i\u00e7in t\u0131ls\u0131m\u0131 kald\u0131rmas\u0131 gerekir, bu da Binbirdirek\u2019teki anahtar\u0131 ve kendisine yard\u0131mc\u0131 olacak insan suretinde iki mele\u011fi bulmas\u0131na ba\u011fl\u0131d\u0131r. B\u00f6ylece Kirkor ve Agop\u2019la tan\u0131\u015f\u0131r\u0131z. Kar\u0131n toklu\u011funa \u00e7al\u0131\u015fan, ortaoyunundan f\u0131rlama bu iki komik tip Efsuncu Baba\u2019n\u0131n kar\u0131s\u0131 ve k\u0131z\u0131yla ya\u015fad\u0131\u011f\u0131 kona\u011fa ta\u015f\u0131n\u0131r. Entrika giderek t\u00fcm aileyi sarar. H\u00fcseyin Rahmi sofu g\u00f6r\u00fcn\u00fcml\u00fc budala karakterlerinden birini daha insanl\u0131\u011f\u0131n en b\u00fcy\u00fck derdi olarak, g\u00fclmeceyle s\u00fcsl\u00fc ser\u00fcvenli bir dille canland\u0131r\u0131yor. H\u00fcseyin Rahmi G\u00fcrp\u0131nar (1864-1944) D\u00f6nemini ve \u00e7evresini romanlar\u0131nda ya\u015fat\u0131p, gen\u00e7 ya\u015flar\u0131ndan itibaren geni\u015f halk kitlelerince sevilerek okunmu\u015f H\u00fcseyin Rahmi, edebiyat\u0131m\u0131z\u0131n benzeri az bulunur \u015fahsiyetlerindendir. Kitaplar\u0131nda \u0130stanbul ya\u015fam\u0131n\u0131n \u00f6zel inan\u0131\u015flar\u0131, toplumsal ve ekonomik e\u015fitsizlikler, kad\u0131n erkek ili\u015fkileri gibi konular halk\u0131n \u00f6zg\u00fcn konu\u015fma bi\u00e7imleri korunarak, \u00e7ok defa g\u00fcl\u00fcn\u00e7, bazen h\u00fcz\u00fcnl\u00fc olarak i\u015flenir. Roman\u0131m\u0131za \u201cmahalli renk\u201d ilk kez onunla girer. Yazarl\u0131k ya\u015fam\u0131na 1883\u2019te Terc\u00fcman-\u0131 Hakikat gazetesinde ba\u015flar. 1896\u2019da \u0130kdam gazetesinde roman ve \u00f6yk\u00fcleri tefrika edilirken \u00fcne kavu\u015fur. D\u00f6neminin en \u00e7ok okunan yazar\u0131 olur. T\u00fcm kazanc\u0131 yazarl\u0131ktan gelir. Bu sayede Heybeliada\u2019da \u015fimdi m\u00fcze olan k\u00f6\u015fk\u00fcn\u00fc al\u0131r. 1908 Me\u015frutiyet\u2019inden sonra Ahmet Rasim\u2019le Bo\u015fbo\u011faz ad\u0131nda bir mizah gazetesi \u00e7\u0131kar\u0131r. \u0130lk soru\u015fturmaya b\u00f6ylelikle u\u011frar. Gazetesi kapan\u0131r. \u0130kinci kez Ben Deli miyim? roman\u0131yla mahkemelik olacak ve yine beraat edecektir. \u00c7o\u011fu roman olmak \u00fczere \u00f6yk\u00fc, tiyatro, makale ve ele\u015ftiri t\u00fcr\u00fcnde altm\u0131\u015f\u0131n \u00fczerinde kitab\u0131 bulunmaktad\u0131r. Yazar\u0131n se\u00e7me eserlerine T\u00fcrk Edebiyat\u0131 Klasikleri Dizimizde yer vermeyi s\u00fcrd\u00fcrece\u011fiz. <\/p>\n","protected":false},"excerpt":{"rendered":"<p>Efsuncu Baba b\u00fcy\u00fcyle, simyayla, t\u0131ls\u0131mla u\u011fra\u015fan; define aramak, madeni alt\u0131na \u00e7evirmek, y\u0131ld\u0131znamelerden \u00e2lemin s\u0131rr\u0131n\u0131 \u00e7\u00f6zmek gibi heveslere kap\u0131lm\u0131\u015f bir zat-\u0131 muhteremdir. Onun d\u00fcnyas\u0131n\u0131 bat\u0131l inan\u00e7lar\u0131 \u015fekillendirir,<span class=\"excerpt-hellip\"> [\u2026]<\/span><\/p>\n","protected":false},"featured_media":0,"template":"","meta":{"_monsterinsights_skip_tracking":false,"_monsterinsights_sitenote_active":false,"_monsterinsights_sitenote_note":"","_monsterinsights_sitenote_category":0},"product_brand":[],"product_cat":[12291,26797],"product_tag":[],"class_list":{"0":"post-729912","1":"product","2":"type-product","3":"status-publish","5":"product_cat-edebiyat","6":"product_cat-modern-klasikler","7":"pa_cilt-ciltli","8":"pa_tur-kitap","9":"pa_yayinevi-is-bankasi-kultur-yayinlari","10":"pa_yazar-huseyin-rahmi-gurpinar","12":"first","13":"instock","14":"sale","15":"shipping-taxable","16":"purchasable","17":"product-type-simple"},"_links":{"self":[{"href":"https:\/\/roveyayinevi.com.tr\/index.php\/wp-json\/wp\/v2\/product\/729912","targetHints":{"allow":["GET"]}}],"collection":[{"href":"https:\/\/roveyayinevi.com.tr\/index.php\/wp-json\/wp\/v2\/product"}],"about":[{"href":"https:\/\/roveyayinevi.com.tr\/index.php\/wp-json\/wp\/v2\/types\/product"}],"wp:attachment":[{"href":"https:\/\/roveyayinevi.com.tr\/index.php\/wp-json\/wp\/v2\/media?parent=729912"}],"wp:term":[{"taxonomy":"product_brand","embeddable":true,"href":"https:\/\/roveyayinevi.com.tr\/index.php\/wp-json\/wp\/v2\/product_brand?post=729912"},{"taxonomy":"product_cat","embeddable":true,"href":"https:\/\/roveyayinevi.com.tr\/index.php\/wp-json\/wp\/v2\/product_cat?post=729912"},{"taxonomy":"product_tag","embeddable":true,"href":"https:\/\/roveyayinevi.com.tr\/index.php\/wp-json\/wp\/v2\/product_tag?post=729912"}],"curies":[{"name":"wp","href":"https:\/\/api.w.org\/{rel}","templated":true}]}}