{"id":729908,"date":"2025-08-27T21:04:57","date_gmt":"2025-08-27T18:04:57","guid":{"rendered":"https:\/\/roveyayinevi.com.tr\/index.php\/urun\/efsunlu-gozler\/"},"modified":"2026-04-13T02:46:43","modified_gmt":"2026-04-12T23:46:43","slug":"efsunlu-gozler","status":"publish","type":"product","link":"https:\/\/roveyayinevi.com.tr\/index.php\/urun\/efsunlu-gozler\/","title":{"rendered":"Efsunlu G\u00f6zler"},"content":{"rendered":"<p>Lise son s\u0131n\u0131ftan, iki g\u00fcn \u00f6ncesine kadar her gece r\u00fcyas\u0131nda ayn\u0131 g\u00f6zleri g\u00f6r\u00fcr fakat bu r\u00fcyaya bir anlam veremezdi. O siyah g\u00f6zler, efsunlu bak\u0131\u015flar\u0131yla bakard\u0131 Halil\u2019e. En sonunda bu r\u00fcya, i\u00e7sel d\u00fcnyas\u0131nda gizli bir g\u00fc\u00e7 olmu\u015ftu. B\u00f6yle kabullenmi\u015fti ve r\u00fcyay\u0131 g\u00f6rmedi\u011fi gecelerin sabah\u0131nda kendisinde bir eksiklik varm\u0131\u015f gibi hissederdi. Ama o g\u00fcn k\u00f6yde, o efsunlu g\u00f6zlerle kar\u015f\u0131la\u015ft\u0131\u011f\u0131nda yine r\u00fcyada oldu\u011funu d\u00fc\u015f\u00fcnd\u00fc bir an. G\u00f6zlerini ovalad\u0131. Bir daha bakt\u0131. R\u00fcyada m\u0131y\u0131m diye kendisine cimcik att\u0131. Evet! R\u00fcya de\u011fildi, ger\u00e7ekti bu! G\u00f6zler, y\u00fcz\u00fcn\u00fcn g\u00fczelli\u011fini zenginle\u015ftirmi\u015f sanki bir ceylan gibi s\u00fcz\u00fcl\u00fcyordu. Boyu posu da tam kendine g\u00f6reydi. Liseden itibaren r\u00fcyalar\u0131n\u0131 s\u00fcsleyen bu t\u0131ls\u0131ml\u0131 g\u00f6zler, nihayet ortaya \u00e7\u0131km\u0131\u015ft\u0131. Hem de askerlik yapt\u0131\u011f\u0131 yerde. \u201cAh bir daha kar\u015f\u0131ma \u00e7\u0131kar m\u0131yd\u0131 bu peri k\u0131z\u0131!\u201d diye s\u0131zlan\u0131p durmu\u015ftu. \u201cMutlaka g\u00f6rmeliyim onu! Bu r\u00fcyan\u0131n bir anlam\u0131 olmal\u0131. Benim kaderim galiba o k\u0131z.\u201d diye m\u0131r\u0131ldan\u0131yordu kendi kendine. <\/p>\n","protected":false},"excerpt":{"rendered":"<p>Lise son s\u0131n\u0131ftan, iki g\u00fcn \u00f6ncesine kadar her gece r\u00fcyas\u0131nda ayn\u0131 g\u00f6zleri g\u00f6r\u00fcr fakat bu r\u00fcyaya bir anlam veremezdi. O siyah g\u00f6zler, efsunlu bak\u0131\u015flar\u0131yla bakard\u0131 Halil\u2019e.<span class=\"excerpt-hellip\"> [\u2026]<\/span><\/p>\n","protected":false},"featured_media":0,"template":"","meta":{"_monsterinsights_skip_tracking":false,"_monsterinsights_sitenote_active":false,"_monsterinsights_sitenote_note":"","_monsterinsights_sitenote_category":0},"product_brand":[],"product_cat":[12291,12711],"product_tag":[],"class_list":{"0":"post-729908","1":"product","2":"type-product","3":"status-publish","5":"product_cat-edebiyat","6":"product_cat-roman-oyku","7":"pa_cilt-ciltsiz","8":"pa_tur-kitap","9":"pa_yayinevi-gulnar-yayinlari","10":"pa_yazar-nermin-guday-kacar","12":"first","13":"instock","14":"sale","15":"shipping-taxable","16":"purchasable","17":"product-type-simple"},"_links":{"self":[{"href":"https:\/\/roveyayinevi.com.tr\/index.php\/wp-json\/wp\/v2\/product\/729908","targetHints":{"allow":["GET"]}}],"collection":[{"href":"https:\/\/roveyayinevi.com.tr\/index.php\/wp-json\/wp\/v2\/product"}],"about":[{"href":"https:\/\/roveyayinevi.com.tr\/index.php\/wp-json\/wp\/v2\/types\/product"}],"wp:attachment":[{"href":"https:\/\/roveyayinevi.com.tr\/index.php\/wp-json\/wp\/v2\/media?parent=729908"}],"wp:term":[{"taxonomy":"product_brand","embeddable":true,"href":"https:\/\/roveyayinevi.com.tr\/index.php\/wp-json\/wp\/v2\/product_brand?post=729908"},{"taxonomy":"product_cat","embeddable":true,"href":"https:\/\/roveyayinevi.com.tr\/index.php\/wp-json\/wp\/v2\/product_cat?post=729908"},{"taxonomy":"product_tag","embeddable":true,"href":"https:\/\/roveyayinevi.com.tr\/index.php\/wp-json\/wp\/v2\/product_tag?post=729908"}],"curies":[{"name":"wp","href":"https:\/\/api.w.org\/{rel}","templated":true}]}}