{"id":729901,"date":"2025-08-27T21:04:50","date_gmt":"2025-08-27T18:04:50","guid":{"rendered":"https:\/\/roveyayinevi.com.tr\/index.php\/urun\/denizyildizi\/"},"modified":"2025-08-29T13:46:06","modified_gmt":"2025-08-29T10:46:06","slug":"denizyildizi","status":"publish","type":"product","link":"https:\/\/roveyayinevi.com.tr\/index.php\/urun\/denizyildizi\/","title":{"rendered":"Denizy\u0131ld\u0131z\u0131"},"content":{"rendered":"<p>Kim Ne Derse Desin, Seni Sen Yapan De\u011ferleri Kucakla!   Kilolar\u0131n\u0131z nedeniyle ya\u015f\u0131tlar\u0131n\u0131z taraf\u0131ndan zorbal\u0131\u011fa u\u011fruyor, ailenizin bask\u0131s\u0131na kar\u015f\u0131 \u00e7\u0131kamayarak kilo vermek i\u00e7in her yolu deniyor, toplu ta\u015f\u0131mada bile insanlar\u0131n \u00e7irkin s\u00f6zlerine maruz kal\u0131yorsan\u0131z Denizy\u0131ld\u0131z\u0131\u2019n\u0131 elinizden b\u0131rakamayacaks\u0131n\u0131z!   Be\u015f ya\u015f do\u011fum g\u00fcn\u00fcnde Ellie balina desenli mayosuyla havuza bombalama atlad\u0131\u011f\u0131nda etrafa s\u0131\u00e7ratt\u0131\u011f\u0131 b\u00fcy\u00fck su dalgalar\u0131, karde\u015fleri ve arkada\u015flar\u0131 taraf\u0131ndan ona \u201ccumburlop\u201d lakab\u0131n\u0131n tak\u0131lmas\u0131na sebep olmu\u015ftu. On iki ya\u015f\u0131na geldi\u011finde bile h\u00e2l\u00e2 devam eden ve kilosuna y\u00f6nelik yap\u0131lan zorbal\u0131kla ba\u015f edebilmek i\u00e7in kendisine bir liste haz\u0131rlad\u0131: \u201c\u015ei\u015fman K\u0131zlar Kurallar\u0131\u201d ad\u0131n\u0131 verdi\u011fi bu liste topluluk i\u00e7inde dikkat \u00e7ekmeden ve daha fazla zorbal\u0131\u011fa maruz kalmadan ya\u015fayabilmesi i\u00e7in bir rehber niteli\u011findeydi. Ancak hayat\u0131n\u0131 da bir\u00e7ok alanda k\u0131s\u0131tl\u0131yordu. Kendini g\u00fcvende hissetti\u011fi tek yer y\u00fczme havuzuydu. Annesinin kilo vermesi konusundaki bask\u0131s\u0131 ve d\u0131\u015f d\u00fcnyada kar\u015f\u0131la\u015ft\u0131\u011f\u0131 zorluklardan y\u00fczerek uzakla\u015fabiliyordu. Havuz, kendini \u201ca\u011f\u0131rl\u0131ks\u0131z\u201d hissetti\u011fi tek yerdi\u2026 Suyun \u00fczerinde ellerini ve ayaklar\u0131n\u0131 yana a\u00e7arak gev\u015fedi\u011fi ve s\u00fcz\u00fcld\u00fc\u011f\u00fc anlar ise paha bi\u00e7ilemezdi. T\u0131pk\u0131 bir denizy\u0131ld\u0131z\u0131 gibi\u2026   Babas\u0131 ve Meksikal\u0131 kom\u015fusunun sevgisi ve cesaretlendirmeleri, terapinin de deste\u011fiyle maruz kald\u0131\u011f\u0131 b\u00fct\u00fcn \u00f6nyarg\u0131larla ve zorbal\u0131kla ba\u015f etmeyi \u00f6\u011frenirken, onu kal\u0131plara sokan kurallardan ar\u0131nman\u0131n ve kendini oldu\u011fu gibi kabul ederek \u00f6zg\u00fcn kimli\u011fini bulman\u0131n yollar\u0131n\u0131 ke\u015ffetti\u011fi bu hikaye, \u015fiirsel bir dille yaz\u0131lm\u0131\u015f. D\u00fc\u015f\u00fcnd\u00fcr\u00fcc\u00fc ve duygusal \u00f6\u011felere sahip bu hikayeyle yazar, Ellie gibi kilolar\u0131 veya ba\u015fka sebeplerle zorbal\u0131\u011fa maruz kalan gen\u00e7lerin sesi olmay\u0131, onlara anla\u015f\u0131ld\u0131klar\u0131n\u0131 hissettirmeyi ve farkl\u0131l\u0131klara sayg\u0131n\u0131n \u00f6nemi konusunda toplumsal bir bak\u0131\u015f a\u00e7\u0131s\u0131 kazand\u0131rmay\u0131 ama\u00e7l\u0131yor.   Fipps\u2019in dizelerinin etkileyicili\u011fi, g\u00fcc\u00fcn\u00fc ger\u00e7eklikten al\u0131yor. Her b\u00f6l\u00fcmde anlat\u0131lanlar okuyucunun kendisini Ellie\u2019nin yerine koyarak onunla empati kurabilmesine olanak sa\u011fl\u0131yor. Toplu ta\u015f\u0131mada bile maruz kald\u0131\u011f\u0131 zorbal\u0131klar, de\u011fi\u015fmesi gerekenin toplumsal bak\u0131\u015f a\u00e7\u0131s\u0131 oldu\u011funun alt\u0131n\u0131 \u00f6nemle \u00e7iziyor. Bu duygu bo\u015falmas\u0131 etkisi yaratacak kitap i\u00e7in kalbinizde bir yer a\u00e7\u0131n\u2026 \u2014Kirkus Reviews   \u00d6zde\u011ferini bulmaya \u00e7al\u0131\u015fan bir k\u0131z hakk\u0131nda yaz\u0131lm\u0131\u015f b\u00fcy\u00fcleyici bir roman\u2026 Okumaya ba\u015flad\u0131ktan sonra gen\u00e7ler bu kitab\u0131 bir solukta bitirmek isteyeceklerdir. Ellie\u2019nin hikayesinde zaman zaman kat\u0131, keskin ve yaralay\u0131c\u0131 b\u00f6l\u00fcmler olsa da Fipps g\u00fczellik alg\u0131s\u0131n\u0131n \u201cfiziksel g\u00fczellikle\u201d \u00f6zde\u015fle\u015fti\u011fi bir d\u00fcnyada farkl\u0131 olmaktan dolay\u0131 maruz kal\u0131nan zorbal\u0131\u011f\u0131n ger\u00e7ek\u00e7i bir resmini \u00e7iziyor.  Ellie\u2019nin kendine g\u00fcvenerek aile i\u00e7inde bile maruz kald\u0131\u011f\u0131 zorbal\u0131\u011fa kar\u015f\u0131 ayakta durmas\u0131 ise kitab\u0131n i\u00e7 \u0131s\u0131tan taraflar\u0131ndan biri\u2026 Gen\u00e7 okuyuculara mutlaka ula\u015ft\u0131r\u0131lmas\u0131 gereken bir kaynak. \u2014School Library Journal   Ellie\u2019nin \u201cinsanlar\u0131n ba\u015fka birinin yerine kendilerini koyabilmelerine\u201d yard\u0131mc\u0131 olmak i\u00e7in bir hikaye anlat\u0131c\u0131s\u0131 ve \u015fair olmay\u0131 istedi\u011fi d\u00fc\u015f\u00fcn\u00fcld\u00fc\u011f\u00fcnde, Fipps\u2019in hikayeyi m\u0131sralara d\u00f6kerek anlatmas\u0131 kitab\u0131 epey etkileyici k\u0131l\u0131yor.  \u2014Publisher\u2019s Weekly <\/p>\n","protected":false},"excerpt":{"rendered":"<p>Kim Ne Derse Desin, Seni Sen Yapan De\u011ferleri Kucakla! Kilolar\u0131n\u0131z nedeniyle ya\u015f\u0131tlar\u0131n\u0131z taraf\u0131ndan zorbal\u0131\u011fa u\u011fruyor, ailenizin bask\u0131s\u0131na kar\u015f\u0131 \u00e7\u0131kamayarak kilo vermek i\u00e7in her yolu deniyor, toplu<span class=\"excerpt-hellip\"> [\u2026]<\/span><\/p>\n","protected":false},"featured_media":0,"template":"","meta":{"_monsterinsights_skip_tracking":false,"_monsterinsights_sitenote_active":false,"_monsterinsights_sitenote_note":"","_monsterinsights_sitenote_category":0},"product_brand":[],"product_cat":[12275,12274],"product_tag":[],"class_list":{"0":"post-729901","1":"product","2":"type-product","3":"status-publish","5":"product_cat-6-12-yas-kitaplari","6":"product_cat-cocuk-ve-genclik-kitaplari","7":"pa_cilt-ciltsiz","8":"pa_tur-kitap","9":"pa_yayinevi-okuyan-koala","10":"pa_yazar-lisa-lipps","12":"first","13":"instock","14":"sale","15":"shipping-taxable","16":"purchasable","17":"product-type-simple"},"_links":{"self":[{"href":"https:\/\/roveyayinevi.com.tr\/index.php\/wp-json\/wp\/v2\/product\/729901","targetHints":{"allow":["GET"]}}],"collection":[{"href":"https:\/\/roveyayinevi.com.tr\/index.php\/wp-json\/wp\/v2\/product"}],"about":[{"href":"https:\/\/roveyayinevi.com.tr\/index.php\/wp-json\/wp\/v2\/types\/product"}],"wp:attachment":[{"href":"https:\/\/roveyayinevi.com.tr\/index.php\/wp-json\/wp\/v2\/media?parent=729901"}],"wp:term":[{"taxonomy":"product_brand","embeddable":true,"href":"https:\/\/roveyayinevi.com.tr\/index.php\/wp-json\/wp\/v2\/product_brand?post=729901"},{"taxonomy":"product_cat","embeddable":true,"href":"https:\/\/roveyayinevi.com.tr\/index.php\/wp-json\/wp\/v2\/product_cat?post=729901"},{"taxonomy":"product_tag","embeddable":true,"href":"https:\/\/roveyayinevi.com.tr\/index.php\/wp-json\/wp\/v2\/product_tag?post=729901"}],"curies":[{"name":"wp","href":"https:\/\/api.w.org\/{rel}","templated":true}]}}