{"id":729891,"date":"2025-08-27T21:04:42","date_gmt":"2025-08-27T18:04:42","guid":{"rendered":"https:\/\/roveyayinevi.com.tr\/index.php\/urun\/darbelerde-harbiyeli-olmak\/"},"modified":"2026-04-16T02:37:35","modified_gmt":"2026-04-15T23:37:35","slug":"darbelerde-harbiyeli-olmak","status":"publish","type":"product","link":"https:\/\/roveyayinevi.com.tr\/index.php\/urun\/darbelerde-harbiyeli-olmak\/","title":{"rendered":"Darbelerde Harbiyeli Olmak"},"content":{"rendered":"<p>Jandarma Kurmay Albay Mustafa \u00d6nsel bana telefon etti\u011finde -her g\u00fcn hat\u0131r\u0131mda olup da bir t\u00fcrl\u00fc mevzuya giremedi\u011fim de\u011fil, girmek istemedi\u011fim- \u00f6\u011frenci olarak bizzat i\u00e7inde bulundu\u011fum 22 \u015eubat 1962 ve 21 May\u0131s 1963 hadiseleri zihnimde yeniden canlanm\u0131\u015f oldu.O y\u0131llarda ya\u015fad\u0131klar\u0131m\u0131 kendisine takriben yirmi sayfal\u0131k bir \u00f6zet yazarak g\u00f6nderdim ve o da, bizim k\u00f6yden \u00fc\u00e7 ki\u015fiyi daha il\u00e2ve ederek d\u00f6rde tamamlad\u0131, \u201c1 K\u00f6y, 4 Adam, 6,5 Darbe\u201d kitab\u0131n\u0131 yazd\u0131. Ben ise, bu yazd\u0131klar\u0131m\u0131n biraz daha ge\u00e7mi\u015fine ve yine ilerisine giderek bunu, \u201cDarbelerde Harbiyeli Olmak\u201d ad\u0131yla tamamlam\u0131\u015f oldum. \u201cDarbelerde Harbiyeli Olmak\u201d; benim, k\u00f6y hayat\u0131mdan ba\u015flayarak adalet facias\u0131 bir kararla Kara Harp Okulundan \u00e7\u0131kar\u0131l\u0131\u015f\u0131ma kadar s\u00fcren, \u00f6mr\u00fcm\u00fcn ilk yirmi y\u0131ll\u0131k hik\u00e2yesidir.Bir \u00f6mr\u00fcn ilk yirmi y\u0131l\u0131n\u0131n ac\u0131 tatl\u0131 hat\u0131ralar\u0131&#8230; Austin marka bir kamyonla Trabzon\u2019dan hareket ederek Erzincan yollar\u0131nda istikbal aray\u0131\u015f\u0131, 27 May\u0131s 1960 sonras\u0131nda 22 \u015eubat 1962 ve 21 May\u0131s 1963 hadiseleri&#8230; \u201cHarbiyeli aldanmaz\u201d ne demektir? Talat Aydemir, ni\u00e7in \u201cBiz ihtilal yap\u0131yoruz, \u00e7ocuk oyunca\u011f\u0131 de\u011fil!\u201d dedi? Harbiyeliler nas\u0131l harekete ge\u00e7ti, nas\u0131l sahipsiz kald\u0131, ni\u00e7in okuldan \u00e7\u0131kar\u0131ld\u0131 ve sonu\u00e7 ne oldu?<\/p>\n","protected":false},"excerpt":{"rendered":"<p>Jandarma Kurmay Albay Mustafa \u00d6nsel bana telefon etti\u011finde -her g\u00fcn hat\u0131r\u0131mda olup da bir t\u00fcrl\u00fc mevzuya giremedi\u011fim de\u011fil, girmek istemedi\u011fim- \u00f6\u011frenci olarak bizzat i\u00e7inde bulundu\u011fum 22<span class=\"excerpt-hellip\"> [\u2026]<\/span><\/p>\n","protected":false},"featured_media":0,"template":"","meta":{"_monsterinsights_skip_tracking":false,"_monsterinsights_sitenote_active":false,"_monsterinsights_sitenote_note":"","_monsterinsights_sitenote_category":0},"product_brand":[],"product_cat":[13701,12291],"product_tag":[],"class_list":{"0":"post-729891","1":"product","2":"type-product","3":"status-publish","5":"product_cat-ani-mektup-gunluk","6":"product_cat-edebiyat","7":"pa_cilt-ciltsiz","8":"pa_tur-kitap","9":"pa_yayinevi-pankus-yayinlari","10":"pa_yazar-m-halistin-kukul","12":"first","13":"instock","14":"sale","15":"shipping-taxable","16":"purchasable","17":"product-type-simple"},"_links":{"self":[{"href":"https:\/\/roveyayinevi.com.tr\/index.php\/wp-json\/wp\/v2\/product\/729891","targetHints":{"allow":["GET"]}}],"collection":[{"href":"https:\/\/roveyayinevi.com.tr\/index.php\/wp-json\/wp\/v2\/product"}],"about":[{"href":"https:\/\/roveyayinevi.com.tr\/index.php\/wp-json\/wp\/v2\/types\/product"}],"wp:attachment":[{"href":"https:\/\/roveyayinevi.com.tr\/index.php\/wp-json\/wp\/v2\/media?parent=729891"}],"wp:term":[{"taxonomy":"product_brand","embeddable":true,"href":"https:\/\/roveyayinevi.com.tr\/index.php\/wp-json\/wp\/v2\/product_brand?post=729891"},{"taxonomy":"product_cat","embeddable":true,"href":"https:\/\/roveyayinevi.com.tr\/index.php\/wp-json\/wp\/v2\/product_cat?post=729891"},{"taxonomy":"product_tag","embeddable":true,"href":"https:\/\/roveyayinevi.com.tr\/index.php\/wp-json\/wp\/v2\/product_tag?post=729891"}],"curies":[{"name":"wp","href":"https:\/\/api.w.org\/{rel}","templated":true}]}}