{"id":729871,"date":"2025-08-27T21:04:23","date_gmt":"2025-08-27T18:04:23","guid":{"rendered":"https:\/\/roveyayinevi.com.tr\/index.php\/urun\/orta-zekalilar-cenneti\/"},"modified":"2026-04-16T02:37:35","modified_gmt":"2026-04-15T23:37:35","slug":"orta-zekalilar-cenneti","status":"publish","type":"product","link":"https:\/\/roveyayinevi.com.tr\/index.php\/urun\/orta-zekalilar-cenneti\/","title":{"rendered":"Orta Zekal\u0131lar Cenneti"},"content":{"rendered":"<p>\u00dczerlerinde bir sevgisizlik kabu\u011fu ta\u015f\u0131yan orta zek\u00e2l\u0131lar, toplumdaki sayg\u0131n yerlerini koruyabilir, insanlar\u0131n ya\u015famlar\u0131 hakk\u0131nda kararlar verebilir, hepimizi y\u00f6netebilir\u2026\u201d  Kimi \u015fiir dizeleri, besteleri ile T\u00fcrkiye toplumunun s\u00f6z da\u011farc\u0131\u011f\u0131na kal\u0131c\u0131 izler b\u0131rakmay\u0131 ba\u015faran usta edebiyat\u00e7\u0131 Z\u00fclf\u00fc Livaneli, bu kez, yak\u0131ndan tan\u0131d\u0131\u011f\u0131m\u0131z bir ifadenin k\u00e2\u015fifi olarak kar\u015f\u0131m\u0131za \u00e7\u0131k\u0131yor: Orta Zek\u00e2l\u0131lar Cenneti. Orta Zek\u00e2l\u0131lar Cenneti, ilk yay\u0131mlan\u0131\u015f\u0131n\u0131n \u00fczerinden ge\u00e7en ony\u0131llara ra\u011fmen \u201corta zek\u00e2l\u0131\u201dlar\u0131n geni\u015fleyen alan\u0131n\u0131 ve yozla\u015fan toplum de\u011ferlerini h\u00e2l\u00e2 net bir \u015fekilde anlat\u0131yor. \u0130nsan soyunu t\u00fcrl\u00fc dertlere s\u00fcr\u00fckleyen muktedir \u201corta zek\u00e2l\u0131\u201dlar\u0131n hik\u00e2yesini bir de Livaneli\u2019nin s\u00fcr\u00fckleyici anlat\u0131m\u0131ndan dinliyoruz.  Z\u00fclf\u00fc Livaneli, pek bilgili olmasalar da kurnaz ve uyumlu olarak hayat\u0131n her alan\u0131na sinen \u201corta zek\u00e2l\u0131\u201dlar\u0131, ele\u015ftirel bir yolculu\u011fa \u00e7\u0131kar\u0131yor. Bu kez kaidelere ve geleneksel kabulleni\u015fe direniyor, hesapla\u015f\u0131yor ve hatta \u201cputlar\u0131 y\u0131k\u0131yor\u201d. Sanat\u0131 g\u00fczellik yaratman\u0131n ve kendini ifade etmenin bir bi\u00e7imi olarak g\u00f6ren \u00fcnl\u00fc sanat\u00e7\u0131n\u0131n, d\u00fc\u015f\u00fcnme ve payla\u015fma u\u011fra\u015f\u0131na t\u00fcm okurlar davetli\u2026 Ve elbette bu davet, i\u00e7inde bulundu\u011fumuz durumun t\u00fcm yanlar\u0131n\u0131 a\u00e7\u0131k\u00e7a ortaya koyuyor. <\/p>\n","protected":false},"excerpt":{"rendered":"<p>\u00dczerlerinde bir sevgisizlik kabu\u011fu ta\u015f\u0131yan orta zek\u00e2l\u0131lar, toplumdaki sayg\u0131n yerlerini koruyabilir, insanlar\u0131n ya\u015famlar\u0131 hakk\u0131nda kararlar verebilir, hepimizi y\u00f6netebilir\u2026\u201d Kimi \u015fiir dizeleri, besteleri ile T\u00fcrkiye toplumunun s\u00f6z<span class=\"excerpt-hellip\"> [\u2026]<\/span><\/p>\n","protected":false},"featured_media":0,"template":"","meta":{"_monsterinsights_skip_tracking":false,"_monsterinsights_sitenote_active":false,"_monsterinsights_sitenote_note":"","_monsterinsights_sitenote_category":0},"product_brand":[],"product_cat":[18545,12291],"product_tag":[],"class_list":{"0":"post-729871","1":"product","2":"type-product","3":"status-publish","5":"product_cat-anlati","6":"product_cat-edebiyat","7":"pa_cilt-ciltsiz","8":"pa_tur-kitap","9":"pa_yayinevi-inkilap-kitabevi","10":"pa_yazar-zulfu-livaneli","12":"first","13":"instock","14":"sale","15":"shipping-taxable","16":"purchasable","17":"product-type-simple"},"_links":{"self":[{"href":"https:\/\/roveyayinevi.com.tr\/index.php\/wp-json\/wp\/v2\/product\/729871","targetHints":{"allow":["GET"]}}],"collection":[{"href":"https:\/\/roveyayinevi.com.tr\/index.php\/wp-json\/wp\/v2\/product"}],"about":[{"href":"https:\/\/roveyayinevi.com.tr\/index.php\/wp-json\/wp\/v2\/types\/product"}],"wp:attachment":[{"href":"https:\/\/roveyayinevi.com.tr\/index.php\/wp-json\/wp\/v2\/media?parent=729871"}],"wp:term":[{"taxonomy":"product_brand","embeddable":true,"href":"https:\/\/roveyayinevi.com.tr\/index.php\/wp-json\/wp\/v2\/product_brand?post=729871"},{"taxonomy":"product_cat","embeddable":true,"href":"https:\/\/roveyayinevi.com.tr\/index.php\/wp-json\/wp\/v2\/product_cat?post=729871"},{"taxonomy":"product_tag","embeddable":true,"href":"https:\/\/roveyayinevi.com.tr\/index.php\/wp-json\/wp\/v2\/product_tag?post=729871"}],"curies":[{"name":"wp","href":"https:\/\/api.w.org\/{rel}","templated":true}]}}