{"id":729869,"date":"2025-08-27T21:04:21","date_gmt":"2025-08-27T18:04:21","guid":{"rendered":"https:\/\/roveyayinevi.com.tr\/index.php\/urun\/akilli-robot-edi\/"},"modified":"2026-04-16T02:37:35","modified_gmt":"2026-04-15T23:37:35","slug":"akilli-robot-edi","status":"publish","type":"product","link":"https:\/\/roveyayinevi.com.tr\/index.php\/urun\/akilli-robot-edi\/","title":{"rendered":"Ak\u0131ll\u0131 Robot Edi"},"content":{"rendered":"<p>Beraber oyunlar oynayabilece\u011fin, \u015fark\u0131lar s\u00f6yleyebilece\u011fin, hatta kahramanl\u0131klar yapabilece\u011fin robot bir arkada\u015f! Edi, Sabit\u2019in en yak\u0131n arkada\u015f\u0131. \u00dcstelik onu dedesiyle birlikte yapt\u0131. Edi ve Sabit mahallede herkes mutlu olsun diye maceradan maceraya ko\u015fuyor. \u0130\u015fte \u015fimdi de k\u00fc\u00e7\u00fck bir kedici\u011fin pe\u015findeler. Sen de onlara yard\u0131m etmek ister misin? Edi i\u00e7in yazaca\u011f\u0131n yeni bir kodla sen de kahraman olabilirsin. <\/p>\n","protected":false},"excerpt":{"rendered":"<p>Beraber oyunlar oynayabilece\u011fin, \u015fark\u0131lar s\u00f6yleyebilece\u011fin, hatta kahramanl\u0131klar yapabilece\u011fin robot bir arkada\u015f! Edi, Sabit\u2019in en yak\u0131n arkada\u015f\u0131. \u00dcstelik onu dedesiyle birlikte yapt\u0131. Edi ve Sabit mahallede herkes<span class=\"excerpt-hellip\"> [\u2026]<\/span><\/p>\n","protected":false},"featured_media":0,"template":"","meta":{"_monsterinsights_skip_tracking":false,"_monsterinsights_sitenote_active":false,"_monsterinsights_sitenote_note":"","_monsterinsights_sitenote_category":0},"product_brand":[],"product_cat":[12913,12274],"product_tag":[],"class_list":{"0":"post-729869","1":"product","2":"type-product","3":"status-publish","5":"product_cat-3-6-yas-kitaplari","6":"product_cat-cocuk-ve-genclik-kitaplari","7":"pa_cilt-ciltsiz","8":"pa_tur-kitap","9":"pa_yayinevi-mandolin-yayinlari","10":"pa_yazar-cagri-alici-gulsah-durmaz","12":"first","13":"instock","14":"sale","15":"shipping-taxable","16":"purchasable","17":"product-type-simple"},"_links":{"self":[{"href":"https:\/\/roveyayinevi.com.tr\/index.php\/wp-json\/wp\/v2\/product\/729869","targetHints":{"allow":["GET"]}}],"collection":[{"href":"https:\/\/roveyayinevi.com.tr\/index.php\/wp-json\/wp\/v2\/product"}],"about":[{"href":"https:\/\/roveyayinevi.com.tr\/index.php\/wp-json\/wp\/v2\/types\/product"}],"wp:attachment":[{"href":"https:\/\/roveyayinevi.com.tr\/index.php\/wp-json\/wp\/v2\/media?parent=729869"}],"wp:term":[{"taxonomy":"product_brand","embeddable":true,"href":"https:\/\/roveyayinevi.com.tr\/index.php\/wp-json\/wp\/v2\/product_brand?post=729869"},{"taxonomy":"product_cat","embeddable":true,"href":"https:\/\/roveyayinevi.com.tr\/index.php\/wp-json\/wp\/v2\/product_cat?post=729869"},{"taxonomy":"product_tag","embeddable":true,"href":"https:\/\/roveyayinevi.com.tr\/index.php\/wp-json\/wp\/v2\/product_tag?post=729869"}],"curies":[{"name":"wp","href":"https:\/\/api.w.org\/{rel}","templated":true}]}}