{"id":729838,"date":"2025-08-27T21:03:54","date_gmt":"2025-08-27T18:03:54","guid":{"rendered":"https:\/\/roveyayinevi.com.tr\/index.php\/urun\/deli-hilmi\/"},"modified":"2026-02-23T11:41:46","modified_gmt":"2026-02-23T08:41:46","slug":"deli-hilmi","status":"publish","type":"product","link":"https:\/\/roveyayinevi.com.tr\/index.php\/urun\/deli-hilmi\/","title":{"rendered":"Deli Hilmi"},"content":{"rendered":"<p>&#8220;Y\u0131ld\u0131zlar\u0131n \u0131\u015f\u0131lt\u0131s\u0131 sanki sa\u011fanak bir ya\u011fmurun taneleri gibi d\u00fc\u015fmekteydi denize. Yakamozlar\u0131n dilinde bir mar\u015f; bella \u00e7av, bella \u00e7av, \u00e7av \u00e7av \u00e7av\u2026 dalgalar co\u015fmu\u015ftu, k\u00f6p\u00fckleri bir \u00e7ocukluk sevinci ta\u015f\u0131yordu. Ay uzan\u0131p tutkuyla \u00f6p\u00fcverdi k\u00f6p\u00fckleri. Kar\u015f\u0131 k\u0131y\u0131ya yana\u015fmaktayd\u0131 Granma. B\u00fct\u00fcn \u0131\u015f\u0131klar\u0131 s\u00f6nd\u00fcr\u00fclm\u00fc\u015ft\u00fc. Ay t\u00fcm g\u00fcc\u00fcyle ayd\u0131nlat\u0131verdi Granma\u2019y\u0131.&#8221;<\/p>\n","protected":false},"excerpt":{"rendered":"<p>&#8220;Y\u0131ld\u0131zlar\u0131n \u0131\u015f\u0131lt\u0131s\u0131 sanki sa\u011fanak bir ya\u011fmurun taneleri gibi d\u00fc\u015fmekteydi denize. Yakamozlar\u0131n dilinde bir mar\u015f; bella \u00e7av, bella \u00e7av, \u00e7av \u00e7av \u00e7av\u2026 dalgalar co\u015fmu\u015ftu, k\u00f6p\u00fckleri bir \u00e7ocukluk<span class=\"excerpt-hellip\"> [\u2026]<\/span><\/p>\n","protected":false},"featured_media":0,"template":"","meta":{"_monsterinsights_skip_tracking":false,"_monsterinsights_sitenote_active":false,"_monsterinsights_sitenote_note":"","_monsterinsights_sitenote_category":0},"product_brand":[],"product_cat":[12291,12711],"product_tag":[],"class_list":{"0":"post-729838","1":"product","2":"type-product","3":"status-publish","5":"product_cat-edebiyat","6":"product_cat-roman-oyku","7":"pa_cilt-ciltsiz","8":"pa_tur-kitap","9":"pa_yayinevi-imgenin-cocuklari","10":"pa_yazar-e-bulent-yardimci","12":"first","13":"instock","14":"sale","15":"shipping-taxable","16":"purchasable","17":"product-type-simple"},"_links":{"self":[{"href":"https:\/\/roveyayinevi.com.tr\/index.php\/wp-json\/wp\/v2\/product\/729838","targetHints":{"allow":["GET"]}}],"collection":[{"href":"https:\/\/roveyayinevi.com.tr\/index.php\/wp-json\/wp\/v2\/product"}],"about":[{"href":"https:\/\/roveyayinevi.com.tr\/index.php\/wp-json\/wp\/v2\/types\/product"}],"wp:attachment":[{"href":"https:\/\/roveyayinevi.com.tr\/index.php\/wp-json\/wp\/v2\/media?parent=729838"}],"wp:term":[{"taxonomy":"product_brand","embeddable":true,"href":"https:\/\/roveyayinevi.com.tr\/index.php\/wp-json\/wp\/v2\/product_brand?post=729838"},{"taxonomy":"product_cat","embeddable":true,"href":"https:\/\/roveyayinevi.com.tr\/index.php\/wp-json\/wp\/v2\/product_cat?post=729838"},{"taxonomy":"product_tag","embeddable":true,"href":"https:\/\/roveyayinevi.com.tr\/index.php\/wp-json\/wp\/v2\/product_tag?post=729838"}],"curies":[{"name":"wp","href":"https:\/\/api.w.org\/{rel}","templated":true}]}}