{"id":729827,"date":"2025-08-27T21:03:09","date_gmt":"2025-08-27T18:03:09","guid":{"rendered":"https:\/\/roveyayinevi.com.tr\/index.php\/urun\/munebbihat-din-nasihattir\/"},"modified":"2026-04-16T02:37:34","modified_gmt":"2026-04-15T23:37:34","slug":"munebbihat-din-nasihattir","status":"publish","type":"product","link":"https:\/\/roveyayinevi.com.tr\/index.php\/urun\/munebbihat-din-nasihattir\/","title":{"rendered":"M\u00fcnebbihat &#8211; Din Nasihatt\u0131r"},"content":{"rendered":"<p>\u201cEl-Munebbih\u00e2t ale\u2019l-\u0130sti\u2019d\u00e2d li yevmi\u2019l-M\u00ee\u2019\u00e2d li\u2019n-Nushi ve\u2019l-Ved\u00e2d\u201d ismiyle bilinen bu eser as\u0131rlarca medresede okutulan kitaplar aras\u0131nda yer alm\u0131\u015f bir ahlak kitab\u0131d\u0131r. Dokuz b\u00f6l\u00fcm halinde baz\u0131 hadisler, \u00f6zl\u00fc s\u00f6zler ve kel\u00e2m-\u0131 kibardan m\u00fcte\u015fekkil olup, h\u0131fz k\u00fclt\u00fcr\u00fcn\u00fcn yayg\u0131n oldu\u011fu medreselerde ezberlemeyi kolayla\u015ft\u0131rmak i\u00e7in ikili (sun\u00e2\u00ee), \u00fc\u00e7l\u00fc (s\u00fcl\u00e2s\u00ee), d\u00f6rtl\u00fc (rub\u00e2\u00ee) ve s\u0131ras\u0131yla ona (u\u015f\u00e2r\u00ee) kadar devam eden s\u00f6z kal\u0131plar\u0131yla yaz\u0131ya d\u00f6n\u00fc\u015fm\u00fc\u015ft\u00fcr. Senet zincirlerinin verilmedi\u011fi bu kitapta iki y\u00fczden fazla \u00f6\u011f\u00fct yer almakta ve okuyucuyu ahiret \u00e2lemine y\u00f6nelik teyakkuza sevk etmekte. Okundu\u011funda g\u00f6r\u00fclece\u011fi \u00fczere, her biri uzun bahisleri kapsayacak \u00f6zl\u00fc s\u00f6zler insan\u0131n kalbinde derin bir tesir ve heyecan uyarmakta. \u0130nsan\u0131n \u00f6z\u00fcne d\u00f6nmesine vesile olacak hakikatleri adeta kalpten kalbe nak\u015fetmekte.  Bu metne \u00f6nem kazand\u0131ran bir \u00f6zellik de muhtevas\u0131 y\u00f6n\u00fcyle medrese ve tekke aras\u0131nda kurmu\u015f oldu\u011fu sa\u011flam ba\u011fd\u0131r. Bu y\u00f6n\u00fcyle \u201cz\u00fchd asr\u0131n\u0131n\u201d \u00f6nde gelen tasavvuf ricaline ait pek \u00e7ok veciz s\u00f6z medresede tedrisat g\u00f6ren talebenin dolayl\u0131 bir \u015fekilde tasavvuf d\u00fcnyas\u0131ndan beslendi\u011fini g\u00f6zler \u00f6n\u00fcne serer. Medrese ve tekke aras\u0131ndaki ili\u015fkiler g\u00f6z \u00f6n\u00fcnde tutuldu\u011funda bu kitab\u0131n kalp hayat\u0131na y\u00f6nelik uyar\u0131c\u0131 hususiyeti \u00e2lim ve \u00e2rif aras\u0131ndaki yak\u0131nl\u0131\u011f\u0131 elbette ziyadele\u015ftirmi\u015ftir. M\u00fcnebbih\u00e2t adl\u0131 eserin tasavvuf klasikleri aras\u0131nda ne\u015fredilmesi i\u015fte bu a\u00e7\u0131dan gayet m\u00fchimdir. K\u00e2mil \u00d6zay bu Arap\u00e7a eseri terc\u00fcme etmek suretiyle irfan hayat\u0131m\u0131za takdim etmekte. <\/p>\n","protected":false},"excerpt":{"rendered":"<p>\u201cEl-Munebbih\u00e2t ale\u2019l-\u0130sti\u2019d\u00e2d li yevmi\u2019l-M\u00ee\u2019\u00e2d li\u2019n-Nushi ve\u2019l-Ved\u00e2d\u201d ismiyle bilinen bu eser as\u0131rlarca medresede okutulan kitaplar aras\u0131nda yer alm\u0131\u015f bir ahlak kitab\u0131d\u0131r. Dokuz b\u00f6l\u00fcm halinde baz\u0131 hadisler, \u00f6zl\u00fc<span class=\"excerpt-hellip\"> [\u2026]<\/span><\/p>\n","protected":false},"featured_media":0,"template":"","meta":{"_monsterinsights_skip_tracking":false,"_monsterinsights_sitenote_active":false,"_monsterinsights_sitenote_note":"","_monsterinsights_sitenote_category":0},"product_brand":[],"product_cat":[12718,12719,12720],"product_tag":[],"class_list":{"0":"post-729827","1":"product","2":"type-product","3":"status-publish","5":"product_cat-din","6":"product_cat-islam","7":"product_cat-tasavvuf-mezhepler-tarikatlar","8":"pa_cilt-ciltsiz","9":"pa_tur-kitap","10":"pa_yayinevi-sufi-kitap","11":"pa_yazar-zeynu-l-kudat-ibn-el-hicci","13":"first","14":"instock","15":"sale","16":"shipping-taxable","17":"purchasable","18":"product-type-simple"},"_links":{"self":[{"href":"https:\/\/roveyayinevi.com.tr\/index.php\/wp-json\/wp\/v2\/product\/729827","targetHints":{"allow":["GET"]}}],"collection":[{"href":"https:\/\/roveyayinevi.com.tr\/index.php\/wp-json\/wp\/v2\/product"}],"about":[{"href":"https:\/\/roveyayinevi.com.tr\/index.php\/wp-json\/wp\/v2\/types\/product"}],"wp:attachment":[{"href":"https:\/\/roveyayinevi.com.tr\/index.php\/wp-json\/wp\/v2\/media?parent=729827"}],"wp:term":[{"taxonomy":"product_brand","embeddable":true,"href":"https:\/\/roveyayinevi.com.tr\/index.php\/wp-json\/wp\/v2\/product_brand?post=729827"},{"taxonomy":"product_cat","embeddable":true,"href":"https:\/\/roveyayinevi.com.tr\/index.php\/wp-json\/wp\/v2\/product_cat?post=729827"},{"taxonomy":"product_tag","embeddable":true,"href":"https:\/\/roveyayinevi.com.tr\/index.php\/wp-json\/wp\/v2\/product_tag?post=729827"}],"curies":[{"name":"wp","href":"https:\/\/api.w.org\/{rel}","templated":true}]}}