{"id":729826,"date":"2025-08-27T21:03:08","date_gmt":"2025-08-27T18:03:08","guid":{"rendered":"https:\/\/roveyayinevi.com.tr\/index.php\/urun\/hayvan-ciftligi-18\/"},"modified":"2026-04-16T02:37:34","modified_gmt":"2026-04-15T23:37:34","slug":"hayvan-ciftligi-18","status":"publish","type":"product","link":"https:\/\/roveyayinevi.com.tr\/index.php\/urun\/hayvan-ciftligi-18\/","title":{"rendered":"Hayvan \u00c7iftli\u011fi"},"content":{"rendered":"<p>Ya\u015fl\u0131 Major bir r\u00fcya g\u00f6r\u00fcr: Ac\u0131mas\u0131z insanlar iktidardan d\u00fc\u015fer, zul\u00fcm yerini adalete ve e\u015fitli\u011fe b\u0131rak\u0131r, s\u00f6m\u00fcr\u00fc son bulur, \u00f6zg\u00fcrl\u00fck geri kazan\u0131l\u0131r. Devam\u0131nda iyi y\u00f6netilmi\u015f bir Ayaklanma ile hayal ger\u00e7e\u011fe d\u00f6n\u00fc\u015f\u00fcr. Be\u015fer \u00c7iftli\u011fi\u2019nde e\u015fitli\u011fe dayal\u0131 bir hayvan cumhuriyeti kurulur. Ancak ba\u015ftaki temel ilke ve idealler yaln\u0131zca bir s\u00fcre i\u00e7in ge\u00e7erlili\u011fini koruyabilir\u2026Zaman\u0131n\u0131n \u00f6tesinde metinler kaleme alarak distopya t\u00fcr\u00fcn\u00fcn \u00f6nc\u00fc isimlerinden biri haline gelen George Orwell, insan\u0131 ve onun egemenli\u011fini sa\u011flayan ara\u00e7lar\u0131n ele\u015ftirisinden yola \u00e7\u0131karak bask\u0131c\u0131 rejimleri, yozla\u015fm\u0131\u015f siyaset\u00e7ileri, g\u00fc\u00e7 ve iktidar aras\u0131nda s\u0131k\u0131\u015fm\u0131\u015f \u00e7eli\u015fkili insan do\u011fas\u0131n\u0131 sorgulayan politik bir parodi in\u015fa ediyor. Tiranl\u0131\u011f\u0131n manip\u00fclasyonlar\u0131na, idealizmin d\u00f6n\u00fc\u015f\u00fcm\u00fcne, el de\u011fi\u015ftirse de cazibesini yitirmeyen otoriteye dair bir portre \u00e7iziyor.Hayvan \u00c7iftli\u011fi, s\u00f6m\u00fcr\u00fcye, \u00f6zg\u00fcrl\u00fc\u011fe ve kavramdan \u00f6teye ge\u00e7meyen adalete dair zamans\u0131z bir ba\u015fyap\u0131t. \u201cHayvan \u00c7iftli\u011fi tarihin karanl\u0131k y\u00fcz\u00fcne dair b\u00fcy\u00fck bir hiciv olma \u00f6zelli\u011fini h\u00e2l\u00e2 koruyor.\u201d \u2015Malcolm Bradbury\u201cOrwell\u2019\u0131n hicvi kapsaml\u0131, zekice tasarlanm\u0131\u015f ve incelikle kaleme al\u0131nm\u0131\u015f.\u201d\u2015San Francisco Chronicle\u201cHayvan \u00c7iftli\u011fi, t\u00fcm politikalar\u0131n trajikomedisini merkeze al\u0131yor, asl\u0131nda iktidar\u0131n yolsuzlu\u011funun trajik komedisi.\u201d\u2015The Guardian<\/p>\n","protected":false},"excerpt":{"rendered":"<p>Ya\u015fl\u0131 Major bir r\u00fcya g\u00f6r\u00fcr: Ac\u0131mas\u0131z insanlar iktidardan d\u00fc\u015fer, zul\u00fcm yerini adalete ve e\u015fitli\u011fe b\u0131rak\u0131r, s\u00f6m\u00fcr\u00fc son bulur, \u00f6zg\u00fcrl\u00fck geri kazan\u0131l\u0131r. Devam\u0131nda iyi y\u00f6netilmi\u015f bir Ayaklanma<span class=\"excerpt-hellip\"> [\u2026]<\/span><\/p>\n","protected":false},"featured_media":0,"template":"","meta":{"_monsterinsights_skip_tracking":false,"_monsterinsights_sitenote_active":false,"_monsterinsights_sitenote_note":"","_monsterinsights_sitenote_category":0},"product_brand":[],"product_cat":[12291,12711],"product_tag":[],"class_list":{"0":"post-729826","1":"product","2":"type-product","3":"status-publish","5":"product_cat-edebiyat","6":"product_cat-roman-oyku","7":"pa_cilt-ciltsiz","8":"pa_tur-kitap","9":"pa_yayinevi-timas-yayinlari","10":"pa_yazar-george-orwell","12":"first","13":"instock","14":"sale","15":"shipping-taxable","16":"purchasable","17":"product-type-simple"},"_links":{"self":[{"href":"https:\/\/roveyayinevi.com.tr\/index.php\/wp-json\/wp\/v2\/product\/729826","targetHints":{"allow":["GET"]}}],"collection":[{"href":"https:\/\/roveyayinevi.com.tr\/index.php\/wp-json\/wp\/v2\/product"}],"about":[{"href":"https:\/\/roveyayinevi.com.tr\/index.php\/wp-json\/wp\/v2\/types\/product"}],"wp:attachment":[{"href":"https:\/\/roveyayinevi.com.tr\/index.php\/wp-json\/wp\/v2\/media?parent=729826"}],"wp:term":[{"taxonomy":"product_brand","embeddable":true,"href":"https:\/\/roveyayinevi.com.tr\/index.php\/wp-json\/wp\/v2\/product_brand?post=729826"},{"taxonomy":"product_cat","embeddable":true,"href":"https:\/\/roveyayinevi.com.tr\/index.php\/wp-json\/wp\/v2\/product_cat?post=729826"},{"taxonomy":"product_tag","embeddable":true,"href":"https:\/\/roveyayinevi.com.tr\/index.php\/wp-json\/wp\/v2\/product_tag?post=729826"}],"curies":[{"name":"wp","href":"https:\/\/api.w.org\/{rel}","templated":true}]}}