{"id":729816,"date":"2025-08-27T21:02:57","date_gmt":"2025-08-27T18:02:57","guid":{"rendered":"https:\/\/roveyayinevi.com.tr\/index.php\/urun\/firdevsi-suleyman-name-77-cilt\/"},"modified":"2026-04-16T02:37:34","modified_gmt":"2026-04-15T23:37:34","slug":"firdevsi-suleyman-name-77-cilt","status":"publish","type":"product","link":"https:\/\/roveyayinevi.com.tr\/index.php\/urun\/firdevsi-suleyman-name-77-cilt\/","title":{"rendered":"Firdevsi S\u00fcleyman-name (77.Cilt)"},"content":{"rendered":"<p>Simge ve K\u0131saltmalar Transkripsiyon Sistemi Giri\u015f 1.Firdevs\u2019inin Hayat\u0131 ve Eserleri 2. Eserin Konusu ve N\u00fcsha \u00d6zellikleri Birinci B\u00f6l\u00fcm -Dil \u0130ncelemesi 1.1 \u0130mla 1.2 Ses Bilgisi 1.3 \u015eekil Bilgisi Sonu\u00e7 \u0130kinci B\u00f6l\u00fcm -Metin \u00dc\u00e7\u00fcnc\u00fc B\u00f6l\u00fcm-Dizin <\/p>\n","protected":false},"excerpt":{"rendered":"<p>Simge ve K\u0131saltmalar Transkripsiyon Sistemi Giri\u015f 1.Firdevs\u2019inin Hayat\u0131 ve Eserleri 2. Eserin Konusu ve N\u00fcsha \u00d6zellikleri Birinci B\u00f6l\u00fcm -Dil \u0130ncelemesi 1.1 \u0130mla 1.2 Ses Bilgisi 1.3<span class=\"excerpt-hellip\"> [\u2026]<\/span><\/p>\n","protected":false},"featured_media":0,"template":"","meta":{"_monsterinsights_skip_tracking":false,"_monsterinsights_sitenote_active":false,"_monsterinsights_sitenote_note":"","_monsterinsights_sitenote_category":0},"product_brand":[],"product_cat":[20225,12291],"product_tag":[],"class_list":{"0":"post-729816","1":"product","2":"type-product","3":"status-publish","5":"product_cat-dil-bilim","6":"product_cat-edebiyat","7":"pa_cilt-ciltsiz","8":"pa_tur-kitap","9":"pa_yayinevi-gazi-kitabevi","10":"pa_yazar-zeliha-gaddar","12":"first","13":"instock","14":"sale","15":"shipping-taxable","16":"purchasable","17":"product-type-simple"},"_links":{"self":[{"href":"https:\/\/roveyayinevi.com.tr\/index.php\/wp-json\/wp\/v2\/product\/729816","targetHints":{"allow":["GET"]}}],"collection":[{"href":"https:\/\/roveyayinevi.com.tr\/index.php\/wp-json\/wp\/v2\/product"}],"about":[{"href":"https:\/\/roveyayinevi.com.tr\/index.php\/wp-json\/wp\/v2\/types\/product"}],"wp:attachment":[{"href":"https:\/\/roveyayinevi.com.tr\/index.php\/wp-json\/wp\/v2\/media?parent=729816"}],"wp:term":[{"taxonomy":"product_brand","embeddable":true,"href":"https:\/\/roveyayinevi.com.tr\/index.php\/wp-json\/wp\/v2\/product_brand?post=729816"},{"taxonomy":"product_cat","embeddable":true,"href":"https:\/\/roveyayinevi.com.tr\/index.php\/wp-json\/wp\/v2\/product_cat?post=729816"},{"taxonomy":"product_tag","embeddable":true,"href":"https:\/\/roveyayinevi.com.tr\/index.php\/wp-json\/wp\/v2\/product_tag?post=729816"}],"curies":[{"name":"wp","href":"https:\/\/api.w.org\/{rel}","templated":true}]}}