{"id":729770,"date":"2025-08-27T21:02:12","date_gmt":"2025-08-27T18:02:12","guid":{"rendered":"https:\/\/roveyayinevi.com.tr\/index.php\/urun\/uyumsuz-coraplar\/"},"modified":"2026-04-16T02:37:33","modified_gmt":"2026-04-15T23:37:33","slug":"uyumsuz-coraplar","status":"publish","type":"product","link":"https:\/\/roveyayinevi.com.tr\/index.php\/urun\/uyumsuz-coraplar\/","title":{"rendered":"Uyumsuz \u00c7oraplar"},"content":{"rendered":"<p>G\u00fcne\u015f\u0327 ve Ya\u011fmur yak\u0131n arkada\u015flar. Su birikintilerini, \u00f6p\u00fcc\u00fckleri, kelebekleri, g\u0131d\u0131klanmay\u0131, \u015fark\u0131 s\u00f6ylemeyi, dans etmeyi ve kahkahalarla g\u00fclmeyi severler.   Zaman\u0131n\u0131 yaramazl\u0131k yaparak ge\u00e7iren Bora ise koca g\u00f6zlerini bir an bile \u00fczerlerinden ay\u0131rmaz. Yeti\u015fkinler arkalar\u0131n\u0131 d\u00f6nd\u00fckleri anda G\u00fcne\u015f\u2019i ve Ya\u011fmur\u2019u rahats\u0131z etmek i\u00e7in her \u015feyi yapar. Onu durdurman\u0131n bir yolu olmal\u0131 mutlaka. Ne yapmal\u0131 da bar\u0131\u015f\u0131 sa\u011flamal\u0131? <\/p>\n","protected":false},"excerpt":{"rendered":"<p>G\u00fcne\u015f\u0327 ve Ya\u011fmur yak\u0131n arkada\u015flar. Su birikintilerini, \u00f6p\u00fcc\u00fckleri, kelebekleri, g\u0131d\u0131klanmay\u0131, \u015fark\u0131 s\u00f6ylemeyi, dans etmeyi ve kahkahalarla g\u00fclmeyi severler. Zaman\u0131n\u0131 yaramazl\u0131k yaparak ge\u00e7iren Bora ise koca g\u00f6zlerini<span class=\"excerpt-hellip\"> [\u2026]<\/span><\/p>\n","protected":false},"featured_media":0,"template":"","meta":{"_monsterinsights_skip_tracking":false,"_monsterinsights_sitenote_active":false,"_monsterinsights_sitenote_note":"","_monsterinsights_sitenote_category":0},"product_brand":[],"product_cat":[12913,12274],"product_tag":[],"class_list":{"0":"post-729770","1":"product","2":"type-product","3":"status-publish","5":"product_cat-3-6-yas-kitaplari","6":"product_cat-cocuk-ve-genclik-kitaplari","7":"pa_cilt-ciltsiz","8":"pa_tur-kitap","9":"pa_yayinevi-cinar-yayinlari","10":"pa_yazar-marie-francine-hebert","12":"first","13":"instock","14":"sale","15":"shipping-taxable","16":"purchasable","17":"product-type-simple"},"_links":{"self":[{"href":"https:\/\/roveyayinevi.com.tr\/index.php\/wp-json\/wp\/v2\/product\/729770","targetHints":{"allow":["GET"]}}],"collection":[{"href":"https:\/\/roveyayinevi.com.tr\/index.php\/wp-json\/wp\/v2\/product"}],"about":[{"href":"https:\/\/roveyayinevi.com.tr\/index.php\/wp-json\/wp\/v2\/types\/product"}],"wp:attachment":[{"href":"https:\/\/roveyayinevi.com.tr\/index.php\/wp-json\/wp\/v2\/media?parent=729770"}],"wp:term":[{"taxonomy":"product_brand","embeddable":true,"href":"https:\/\/roveyayinevi.com.tr\/index.php\/wp-json\/wp\/v2\/product_brand?post=729770"},{"taxonomy":"product_cat","embeddable":true,"href":"https:\/\/roveyayinevi.com.tr\/index.php\/wp-json\/wp\/v2\/product_cat?post=729770"},{"taxonomy":"product_tag","embeddable":true,"href":"https:\/\/roveyayinevi.com.tr\/index.php\/wp-json\/wp\/v2\/product_tag?post=729770"}],"curies":[{"name":"wp","href":"https:\/\/api.w.org\/{rel}","templated":true}]}}