{"id":729746,"date":"2025-08-27T21:01:47","date_gmt":"2025-08-27T18:01:47","guid":{"rendered":"https:\/\/roveyayinevi.com.tr\/index.php\/urun\/ben-ameila-earhart\/"},"modified":"2026-04-16T02:37:32","modified_gmt":"2026-04-15T23:37:32","slug":"ben-ameila-earhart","status":"publish","type":"product","link":"https:\/\/roveyayinevi.com.tr\/index.php\/urun\/ben-ameila-earhart\/","title":{"rendered":"Ben Ameila Earhart"},"content":{"rendered":"<p>D\u00fcnyay\u0131 De\u011fi\u015ftiren S\u0131radan \u0130nsanlar &#8211; Ben Albert Einstein   S\u0131n\u0131r tan\u0131mad\u0131m.   Amelia Earhart, maceralara at\u0131lmay\u0131 daima \u00e7ok sevdi ve ya\u015fam\u0131 boyunca hi\u00e7 kimsenin  ona engel olmas\u0131na izin vermedi. Atlas Okyanusu\u2019nu u\u00e7akla ge\u00e7mek gibi daha \u00f6nce kad\u0131nlar\u0131n hi\u00e7 yapmad\u0131\u011f\u0131 \u015feyleri yaparken bile! Amelia, herkesten daha \u00e7ok \u00e7al\u0131\u015ft\u0131 ve hayallerinden asla vazge\u00e7medi. Sonunda, u\u00e7u\u015f rekorlar\u0131 k\u0131rarak kad\u0131nlar\u0131n da erkekler kadar y\u00fckseklere \u00e7\u0131kabilece\u011fini t\u00fcm d\u00fcnyaya kan\u0131tlad\u0131! \u201cD\u00fcnyay\u0131 De\u011fi\u015ftiren S\u0131radan \u0130nsanlar\u201d dizisinde i\u00e7imizden \u00e7\u0131kan kahramanlar\u0131 yak\u0131ndan tan\u0131yacak, onlar\u0131 kahraman yapan \u00f6zelliklerin neler oldu\u011funu g\u00f6rece\u011fiz. <\/p>\n","protected":false},"excerpt":{"rendered":"<p>D\u00fcnyay\u0131 De\u011fi\u015ftiren S\u0131radan \u0130nsanlar &#8211; Ben Albert Einstein S\u0131n\u0131r tan\u0131mad\u0131m. Amelia Earhart, maceralara at\u0131lmay\u0131 daima \u00e7ok sevdi ve ya\u015fam\u0131 boyunca hi\u00e7 kimsenin ona engel olmas\u0131na izin<span class=\"excerpt-hellip\"> [\u2026]<\/span><\/p>\n","protected":false},"featured_media":0,"template":"","meta":{"_monsterinsights_skip_tracking":false,"_monsterinsights_sitenote_active":false,"_monsterinsights_sitenote_note":"","_monsterinsights_sitenote_category":0},"product_brand":[],"product_cat":[12275,12274],"product_tag":[],"class_list":{"0":"post-729746","1":"product","2":"type-product","3":"status-publish","5":"product_cat-6-12-yas-kitaplari","6":"product_cat-cocuk-ve-genclik-kitaplari","7":"pa_cilt-ciltsiz","8":"pa_tur-kitap","9":"pa_yayinevi-indigo-cocuk","10":"pa_yazar-brad-meltzer","12":"first","13":"instock","14":"sale","15":"shipping-taxable","16":"purchasable","17":"product-type-simple"},"_links":{"self":[{"href":"https:\/\/roveyayinevi.com.tr\/index.php\/wp-json\/wp\/v2\/product\/729746","targetHints":{"allow":["GET"]}}],"collection":[{"href":"https:\/\/roveyayinevi.com.tr\/index.php\/wp-json\/wp\/v2\/product"}],"about":[{"href":"https:\/\/roveyayinevi.com.tr\/index.php\/wp-json\/wp\/v2\/types\/product"}],"wp:attachment":[{"href":"https:\/\/roveyayinevi.com.tr\/index.php\/wp-json\/wp\/v2\/media?parent=729746"}],"wp:term":[{"taxonomy":"product_brand","embeddable":true,"href":"https:\/\/roveyayinevi.com.tr\/index.php\/wp-json\/wp\/v2\/product_brand?post=729746"},{"taxonomy":"product_cat","embeddable":true,"href":"https:\/\/roveyayinevi.com.tr\/index.php\/wp-json\/wp\/v2\/product_cat?post=729746"},{"taxonomy":"product_tag","embeddable":true,"href":"https:\/\/roveyayinevi.com.tr\/index.php\/wp-json\/wp\/v2\/product_tag?post=729746"}],"curies":[{"name":"wp","href":"https:\/\/api.w.org\/{rel}","templated":true}]}}