{"id":729728,"date":"2025-08-27T21:01:29","date_gmt":"2025-08-27T18:01:29","guid":{"rendered":"https:\/\/roveyayinevi.com.tr\/index.php\/urun\/yagmurdan-korkan-semsiye\/"},"modified":"2026-04-16T02:37:32","modified_gmt":"2026-04-15T23:37:32","slug":"yagmurdan-korkan-semsiye","status":"publish","type":"product","link":"https:\/\/roveyayinevi.com.tr\/index.php\/urun\/yagmurdan-korkan-semsiye\/","title":{"rendered":"Ya\u011fmurdan Korkan \u015eemsiye"},"content":{"rendered":"<p>&#8220;Ya\u011fmurdan korkan \u015femsiye olur mu hi\u00e7!&#8221; demeyin. Kimin neyden korkaca\u011f\u0131, ni\u00e7in korktu\u011fu hi\u00e7 belli olmaz.  Bazen, korkular\u0131m\u0131zdan ka\u00e7arken ba\u015f\u0131m\u0131za gelen baz\u0131 tatl\u0131 tesad\u00fcfler cesaretin kap\u0131s\u0131n\u0131 aralar. O kap\u0131, kendini bulmaya, korkuyu yenmeye a\u00e7\u0131l\u0131r.  G\u00fcne\u015f Bloedorn\u2019un hem yazd\u0131\u011f\u0131 hem de b\u00fct\u00fcn\u00fcyle el i\u015fi kolajlarla resimledi\u011fi Ya\u011fmurdan Korkan \u015eemsiye, k\u00fc\u00e7\u00fck bir ad\u0131m\u0131n b\u00fcy\u00fck kahramanl\u0131klar do\u011furabilece\u011fini anlat\u0131yor bize<\/p>\n","protected":false},"excerpt":{"rendered":"<p>&#8220;Ya\u011fmurdan korkan \u015femsiye olur mu hi\u00e7!&#8221; demeyin. Kimin neyden korkaca\u011f\u0131, ni\u00e7in korktu\u011fu hi\u00e7 belli olmaz. Bazen, korkular\u0131m\u0131zdan ka\u00e7arken ba\u015f\u0131m\u0131za gelen baz\u0131 tatl\u0131 tesad\u00fcfler cesaretin kap\u0131s\u0131n\u0131 aralar.<span class=\"excerpt-hellip\"> [\u2026]<\/span><\/p>\n","protected":false},"featured_media":0,"template":"","meta":{"_monsterinsights_skip_tracking":false,"_monsterinsights_sitenote_active":false,"_monsterinsights_sitenote_note":"","_monsterinsights_sitenote_category":0},"product_brand":[],"product_cat":[12913,12274],"product_tag":[],"class_list":{"0":"post-729728","1":"product","2":"type-product","3":"status-publish","5":"product_cat-3-6-yas-kitaplari","6":"product_cat-cocuk-ve-genclik-kitaplari","7":"pa_cilt-ciltsiz","8":"pa_tur-kitap","9":"pa_yayinevi-nesin-yayinlari","10":"pa_yazar-gunes-bloedorn","12":"first","13":"instock","14":"sale","15":"shipping-taxable","16":"purchasable","17":"product-type-simple"},"_links":{"self":[{"href":"https:\/\/roveyayinevi.com.tr\/index.php\/wp-json\/wp\/v2\/product\/729728","targetHints":{"allow":["GET"]}}],"collection":[{"href":"https:\/\/roveyayinevi.com.tr\/index.php\/wp-json\/wp\/v2\/product"}],"about":[{"href":"https:\/\/roveyayinevi.com.tr\/index.php\/wp-json\/wp\/v2\/types\/product"}],"wp:attachment":[{"href":"https:\/\/roveyayinevi.com.tr\/index.php\/wp-json\/wp\/v2\/media?parent=729728"}],"wp:term":[{"taxonomy":"product_brand","embeddable":true,"href":"https:\/\/roveyayinevi.com.tr\/index.php\/wp-json\/wp\/v2\/product_brand?post=729728"},{"taxonomy":"product_cat","embeddable":true,"href":"https:\/\/roveyayinevi.com.tr\/index.php\/wp-json\/wp\/v2\/product_cat?post=729728"},{"taxonomy":"product_tag","embeddable":true,"href":"https:\/\/roveyayinevi.com.tr\/index.php\/wp-json\/wp\/v2\/product_tag?post=729728"}],"curies":[{"name":"wp","href":"https:\/\/api.w.org\/{rel}","templated":true}]}}