{"id":729725,"date":"2025-08-27T21:01:26","date_gmt":"2025-08-27T18:01:26","guid":{"rendered":"https:\/\/roveyayinevi.com.tr\/index.php\/urun\/perakendecilikte-kisisel-satis-ve-satis-gucu-yonetimi\/"},"modified":"2026-04-16T02:37:32","modified_gmt":"2026-04-15T23:37:32","slug":"perakendecilikte-kisisel-satis-ve-satis-gucu-yonetimi","status":"publish","type":"product","link":"https:\/\/roveyayinevi.com.tr\/index.php\/urun\/perakendecilikte-kisisel-satis-ve-satis-gucu-yonetimi\/","title":{"rendered":"Perakendecilikte Ki\u015fisel Sat\u0131\u015f ve Sat\u0131\u015f G\u00fcc\u00fc Y\u00f6netimi"},"content":{"rendered":"<p>\u0130\u00e7indekiler \u00d6ns\u00f6z \u0130\u00e7indekiler K\u0131saltmalar Giri\u015f Birinci B\u00f6l\u00fcm 1.Perakendecilik Sekt\u00f6r\u00fc. \u0130malat Sekt\u00f6r\u00fc ve Ki\u015fisel Sat\u0131\u015f \u0130kinci B\u00f6l\u00fcm 2. Ba\u015far\u0131l\u0131 Sat\u0131\u015f Elemanlar\u0131 \u00dc\u00e7\u00fcnc\u00fc B\u00f6l\u00fcm 3. Ba\u015far\u0131l\u0131 Sat\u0131\u015f Elemanlar\u0131n\u0131n \u00d6zellikleri: \u0130malat ve Perakende Sekt\u00f6r\u00fcnde Kar\u015f\u0131la\u015ft\u0131r\u0131lmal\u0131 Bir Ara\u015ft\u0131rma Sonu\u00e7 <\/p>\n","protected":false},"excerpt":{"rendered":"<p>\u0130\u00e7indekiler \u00d6ns\u00f6z \u0130\u00e7indekiler K\u0131saltmalar Giri\u015f Birinci B\u00f6l\u00fcm 1.Perakendecilik Sekt\u00f6r\u00fc. \u0130malat Sekt\u00f6r\u00fc ve Ki\u015fisel Sat\u0131\u015f \u0130kinci B\u00f6l\u00fcm 2. Ba\u015far\u0131l\u0131 Sat\u0131\u015f Elemanlar\u0131 \u00dc\u00e7\u00fcnc\u00fc B\u00f6l\u00fcm 3. Ba\u015far\u0131l\u0131 Sat\u0131\u015f Elemanlar\u0131n\u0131n<span class=\"excerpt-hellip\"> [\u2026]<\/span><\/p>\n","protected":false},"featured_media":0,"template":"","meta":{"_monsterinsights_skip_tracking":false,"_monsterinsights_sitenote_active":false,"_monsterinsights_sitenote_note":"","_monsterinsights_sitenote_category":0},"product_brand":[],"product_cat":[13043,14381],"product_tag":[],"class_list":{"0":"post-729725","1":"product","2":"type-product","3":"status-publish","5":"product_cat-ekonomi","6":"product_cat-isletme-muhasebe-maliye","7":"pa_cilt-ciltsiz","8":"pa_tur-kitap","9":"pa_yayinevi-gazi-kitabevi","10":"pa_yazar-saban-altin","12":"first","13":"instock","14":"sale","15":"shipping-taxable","16":"purchasable","17":"product-type-simple"},"_links":{"self":[{"href":"https:\/\/roveyayinevi.com.tr\/index.php\/wp-json\/wp\/v2\/product\/729725","targetHints":{"allow":["GET"]}}],"collection":[{"href":"https:\/\/roveyayinevi.com.tr\/index.php\/wp-json\/wp\/v2\/product"}],"about":[{"href":"https:\/\/roveyayinevi.com.tr\/index.php\/wp-json\/wp\/v2\/types\/product"}],"wp:attachment":[{"href":"https:\/\/roveyayinevi.com.tr\/index.php\/wp-json\/wp\/v2\/media?parent=729725"}],"wp:term":[{"taxonomy":"product_brand","embeddable":true,"href":"https:\/\/roveyayinevi.com.tr\/index.php\/wp-json\/wp\/v2\/product_brand?post=729725"},{"taxonomy":"product_cat","embeddable":true,"href":"https:\/\/roveyayinevi.com.tr\/index.php\/wp-json\/wp\/v2\/product_cat?post=729725"},{"taxonomy":"product_tag","embeddable":true,"href":"https:\/\/roveyayinevi.com.tr\/index.php\/wp-json\/wp\/v2\/product_tag?post=729725"}],"curies":[{"name":"wp","href":"https:\/\/api.w.org\/{rel}","templated":true}]}}