{"id":729724,"date":"2025-08-27T21:01:25","date_gmt":"2025-08-27T18:01:25","guid":{"rendered":"https:\/\/roveyayinevi.com.tr\/index.php\/urun\/gulliverin-gezileri-9\/"},"modified":"2026-03-21T02:43:57","modified_gmt":"2026-03-20T23:43:57","slug":"gulliverin-gezileri-9","status":"publish","type":"product","link":"https:\/\/roveyayinevi.com.tr\/index.php\/urun\/gulliverin-gezileri-9\/","title":{"rendered":"Gulliver&#8217;in Gezileri"},"content":{"rendered":"<p>Jonathan Swift, i\u00e7indeki seyahat etme istegini bir tu\u0308rlu\u0308 bast\u0131ramayan Lemuel Gulliver\u2019in fantastik seru\u0308venlerini anlat\u0131yor Gulliver\u2019in Gezileri \u2019nde. \u00d6nce minnac\u0131k insanlar u\u0308lkesi Lilliput\u2019ta bir dev olarak hu\u0308ku\u0308m su\u0308ru\u0308yor, sonra devler u\u0308lkesi Brobdingnag\u2019da ku\u0308\u00e7u\u0308k bir insan olarak hayatta kalmaya \u00e7al\u0131\u015f\u0131yor Gulliver. Durdurak bilmeden ko\u015fuyor: K\u00e2h u\u00e7an ada Laputa\u2019da matematikle bo\u011fu\u015fuyor, k\u00e2h zihni bir \u015feyler icat etmekle me\u015fgul olan Lagadolular\u0131n aras\u0131ndan s\u0131yr\u0131l\u0131p u\u0308lkesine d\u00f6nmenin yollar\u0131n\u0131 ar\u0131yor. Asl\u0131nda at olan ama insanlar gibi du\u0308\u015fu\u0308nebilen Houyhnhnmlerle kar\u015f\u0131la\u015f\u0131nca ise \u015fa\u015f\u0131r\u0131p kal\u0131yor. Ak\u0131l almaz olaylarla kar\u015f\u0131la\u015f\u0131lan bu gezilerde, Gulliver\u2019i bir ad\u0131m geriden takip ederek onun heyecan\u0131na ortak olmaya ne dersiniz?<\/p>\n","protected":false},"excerpt":{"rendered":"<p>Jonathan Swift, i\u00e7indeki seyahat etme istegini bir tu\u0308rlu\u0308 bast\u0131ramayan Lemuel Gulliver\u2019in fantastik seru\u0308venlerini anlat\u0131yor Gulliver\u2019in Gezileri \u2019nde. \u00d6nce minnac\u0131k insanlar u\u0308lkesi Lilliput\u2019ta bir dev olarak hu\u0308ku\u0308m<span class=\"excerpt-hellip\"> [\u2026]<\/span><\/p>\n","protected":false},"featured_media":0,"template":"","meta":{"_monsterinsights_skip_tracking":false,"_monsterinsights_sitenote_active":false,"_monsterinsights_sitenote_note":"","_monsterinsights_sitenote_category":0},"product_brand":[],"product_cat":[12275,12274],"product_tag":[],"class_list":{"0":"post-729724","1":"product","2":"type-product","3":"status-publish","5":"product_cat-6-12-yas-kitaplari","6":"product_cat-cocuk-ve-genclik-kitaplari","7":"pa_cilt-ciltsiz","8":"pa_tur-kitap","9":"pa_yayinevi-iletisim-yayinlari","10":"pa_yazar-jonathan-swift","12":"first","13":"instock","14":"sale","15":"shipping-taxable","16":"purchasable","17":"product-type-simple"},"_links":{"self":[{"href":"https:\/\/roveyayinevi.com.tr\/index.php\/wp-json\/wp\/v2\/product\/729724","targetHints":{"allow":["GET"]}}],"collection":[{"href":"https:\/\/roveyayinevi.com.tr\/index.php\/wp-json\/wp\/v2\/product"}],"about":[{"href":"https:\/\/roveyayinevi.com.tr\/index.php\/wp-json\/wp\/v2\/types\/product"}],"wp:attachment":[{"href":"https:\/\/roveyayinevi.com.tr\/index.php\/wp-json\/wp\/v2\/media?parent=729724"}],"wp:term":[{"taxonomy":"product_brand","embeddable":true,"href":"https:\/\/roveyayinevi.com.tr\/index.php\/wp-json\/wp\/v2\/product_brand?post=729724"},{"taxonomy":"product_cat","embeddable":true,"href":"https:\/\/roveyayinevi.com.tr\/index.php\/wp-json\/wp\/v2\/product_cat?post=729724"},{"taxonomy":"product_tag","embeddable":true,"href":"https:\/\/roveyayinevi.com.tr\/index.php\/wp-json\/wp\/v2\/product_tag?post=729724"}],"curies":[{"name":"wp","href":"https:\/\/api.w.org\/{rel}","templated":true}]}}