{"id":729722,"date":"2025-08-27T21:01:23","date_gmt":"2025-08-27T18:01:23","guid":{"rendered":"https:\/\/roveyayinevi.com.tr\/index.php\/urun\/kurtler-aslinda\/"},"modified":"2026-04-16T02:37:32","modified_gmt":"2026-04-15T23:37:32","slug":"kurtler-aslinda","status":"publish","type":"product","link":"https:\/\/roveyayinevi.com.tr\/index.php\/urun\/kurtler-aslinda\/","title":{"rendered":"K\u00fcrtler Asl\u0131nda"},"content":{"rendered":"<p>\u201cU\u00e7 sa\u011f Ku\u0308rt meselesini mu\u0308stakil bir \u015fekilde ele almak yerine komu\u0308nizmle ili\u015fkili, \u2018komu\u0308nist Ku\u0308rt\u00e7u\u0308lu\u0308k\u2019 olarak de\u011ferlendirmi\u015f ve komu\u0308nistlerin Tu\u0308rkiye\u2019deki emellerine ula\u015fmak i\u00e7in Ku\u0308rt meselesini \u2018ara\u00e7\u2019 olarak kulland\u0131\u011f\u0131n\u0131 iddia etmi\u015ftir. \u2018Komu\u0308nist Ku\u0308rt\u00e7u\u0308lu\u0308k\u2019te vurgu daha \u00e7ok \u2018komu\u0308nistlik\u2019te olmu\u015f, b\u00f6ylece Ku\u0308rt meselesi \u2018antikomu\u0308nizm politikalar\u0131\u2019 \u00e7er\u00e7evesinde \u00e7\u00f6zu\u0308lmeye \u00e7al\u0131\u015f\u0131lm\u0131\u015f ve bunda da devletle i\u015fbirli\u011fi i\u00e7erisinde olunmu\u015ftur.\u201d Tu\u0308rkiye\u2019nin en temel demokrasi gu\u0308ndemlerinden biri olan Ku\u0308rt meselesi belki de her toplumsal mesele gibi birtak\u0131m evrelerden ge\u00e7mi\u015ftir ve yaln\u0131zca \u015fimdide nas\u0131l g\u00f6ru\u0308ldu\u0308\u011fu\u0308ne bak\u0131larak anla\u015f\u0131lamaz. \u201cKu\u0308rtler Asl\u0131nda&#8230;\u201d U\u00e7 Sa\u011f\u0131n Ku\u0308rtlere Bak\u0131\u015f\u0131\u2019nda Bayram Koca, seku\u0308ler Tu\u0308rk\u00e7u\u0308-Turanc\u0131lar, ana ak\u0131m milliyet\u00e7iler, ana ak\u0131m \u0130sl\u00e2mc\u0131lar, radikal \u0130sl\u00e2mc\u0131lar olarak tan\u0131mlad\u0131\u011f\u0131 u\u00e7 sa\u011f bile\u015fenlerinin 1945-1980 y\u0131llar\u0131 aras\u0131nda Ku\u0308rtlere bak\u0131\u015f\u0131n\u0131, birincil kaynaklar\u0131 inceleyerek ve o d\u00f6nemin akt\u00f6rleriyle g\u00f6ru\u0308\u015fmeler yaparak inceliyor. Ayr\u0131ca milliyet\u00e7i ve siyasal \u0130sl\u00e2mc\u0131 ak\u0131mlar\u0131n Ku\u0308rt meselesini kavray\u0131\u015flar\u0131nda kendi i\u00e7lerindeki ortakl\u0131klar\u0131 ve farkl\u0131l\u0131klar\u0131 da bizlere sunuyor. Kitap yeni yeni geli\u015fmeye ba\u015flayan u\u00e7 sa\u011f \u00e7al\u0131\u015fmalar\u0131 alan\u0131na \u00f6nemli bir katk\u0131 yapman\u0131n yan\u0131nda, okurlar\u0131na u\u00e7 sa\u011f\u0131n Ku\u0308rt meselesine yakla\u015f\u0131m\u0131ndaki \u201cbeka\u201d kayg\u0131s\u0131n\u0131n tarihsel izle\u011fini sunuyor ve gu\u0308ncel tart\u0131\u015fmalar\u0131 yeni bir \u00e7er\u00e7evede anlamland\u0131rabilmeye yard\u0131mc\u0131 oluyor. <\/p>\n","protected":false},"excerpt":{"rendered":"<p>\u201cU\u00e7 sa\u011f Ku\u0308rt meselesini mu\u0308stakil bir \u015fekilde ele almak yerine komu\u0308nizmle ili\u015fkili, \u2018komu\u0308nist Ku\u0308rt\u00e7u\u0308lu\u0308k\u2019 olarak de\u011ferlendirmi\u015f ve komu\u0308nistlerin Tu\u0308rkiye\u2019deki emellerine ula\u015fmak i\u00e7in Ku\u0308rt meselesini \u2018ara\u00e7\u2019 olarak<span class=\"excerpt-hellip\"> [\u2026]<\/span><\/p>\n","protected":false},"featured_media":0,"template":"","meta":{"_monsterinsights_skip_tracking":false,"_monsterinsights_sitenote_active":false,"_monsterinsights_sitenote_note":"","_monsterinsights_sitenote_category":0},"product_brand":[],"product_cat":[13036,12718,12719],"product_tag":[],"class_list":{"0":"post-729722","1":"product","2":"type-product","3":"status-publish","5":"product_cat-arastirma-inceleme-islam","6":"product_cat-din","7":"product_cat-islam","8":"pa_cilt-ciltsiz","9":"pa_tur-kitap","10":"pa_yayinevi-iletisim-yayinlari","11":"pa_yazar-bayram-koca","13":"first","14":"instock","15":"sale","16":"shipping-taxable","17":"purchasable","18":"product-type-simple"},"_links":{"self":[{"href":"https:\/\/roveyayinevi.com.tr\/index.php\/wp-json\/wp\/v2\/product\/729722","targetHints":{"allow":["GET"]}}],"collection":[{"href":"https:\/\/roveyayinevi.com.tr\/index.php\/wp-json\/wp\/v2\/product"}],"about":[{"href":"https:\/\/roveyayinevi.com.tr\/index.php\/wp-json\/wp\/v2\/types\/product"}],"wp:attachment":[{"href":"https:\/\/roveyayinevi.com.tr\/index.php\/wp-json\/wp\/v2\/media?parent=729722"}],"wp:term":[{"taxonomy":"product_brand","embeddable":true,"href":"https:\/\/roveyayinevi.com.tr\/index.php\/wp-json\/wp\/v2\/product_brand?post=729722"},{"taxonomy":"product_cat","embeddable":true,"href":"https:\/\/roveyayinevi.com.tr\/index.php\/wp-json\/wp\/v2\/product_cat?post=729722"},{"taxonomy":"product_tag","embeddable":true,"href":"https:\/\/roveyayinevi.com.tr\/index.php\/wp-json\/wp\/v2\/product_tag?post=729722"}],"curies":[{"name":"wp","href":"https:\/\/api.w.org\/{rel}","templated":true}]}}