{"id":729718,"date":"2025-08-27T21:01:19","date_gmt":"2025-08-27T18:01:19","guid":{"rendered":"https:\/\/roveyayinevi.com.tr\/index.php\/urun\/delirmek-gorecelidir\/"},"modified":"2026-04-08T02:46:37","modified_gmt":"2026-04-07T23:46:37","slug":"delirmek-gorecelidir","status":"publish","type":"product","link":"https:\/\/roveyayinevi.com.tr\/index.php\/urun\/delirmek-gorecelidir\/","title":{"rendered":"Delirmek G\u00f6recelidir"},"content":{"rendered":"<p>Ben o elmay\u0131 yasak oldu\u011funu bile bile ald\u0131m. Kendi iste\u011fimle yan\u0131nda durdum. Ve yan\u0131nda durmaya da devam edece\u011fim.\u201d Kafam\u0131n i\u00e7inde durmadan bu c\u00fcmleler yank\u0131lan\u0131yordu. Sanki o an d\u00fcnya d\u00f6nmeyi b\u0131rakm\u0131\u015ft\u0131. \u00d6ylece kald\u0131\u011f\u0131m\u0131z yerde \u00e2deta b\u00fct\u00fcn gezegenler bizim etraf\u0131m\u0131zda, bizim i\u00e7in d\u00f6n\u00fcyordu. Aya\u011f\u0131ma d\u00fc\u015fen so\u011fuk kar tanesi aya\u011f\u0131mda iyice a\u00e7\u0131lan yarayla bulu\u015ftu\u011funda y\u00fcz\u00fcm\u00fc ek\u015fittim. \u0130stemsizce aya\u011f\u0131ma bakt\u0131m. Kandan ho\u015flanm\u0131yordum ve yarama bakmam hi\u00e7 iyi olmam\u0131\u015ft\u0131. G\u00f6zlerim karard\u0131. Art\u0131k tamamen kendimi g\u00fc\u00e7s\u00fcz hissediyordum. Delirmek G\u00f6recelidir, insan akl\u0131n\u0131n s\u0131n\u0131rlar\u0131nda bizi gezintiye \u00e7\u0131kar\u0131yor. Zaman ve mek\u00e2n\u0131n silikle\u015fti\u011fi, olaylar\u0131n i\u00e7 i\u00e7e ge\u00e7ti\u011fi bu roman\u0131 okurken kendinizi sorular sorarken bulacaks\u0131n\u0131z\u2026 Ya\u015fananlar ger\u00e7ek miydi? Delilik nedir? Sevmek bir \u015feyi anlamak i\u00e7in yeterli midir? <\/p>\n","protected":false},"excerpt":{"rendered":"<p>Ben o elmay\u0131 yasak oldu\u011funu bile bile ald\u0131m. Kendi iste\u011fimle yan\u0131nda durdum. Ve yan\u0131nda durmaya da devam edece\u011fim.\u201d Kafam\u0131n i\u00e7inde durmadan bu c\u00fcmleler yank\u0131lan\u0131yordu. Sanki o<span class=\"excerpt-hellip\"> [\u2026]<\/span><\/p>\n","protected":false},"featured_media":0,"template":"","meta":{"_monsterinsights_skip_tracking":false,"_monsterinsights_sitenote_active":false,"_monsterinsights_sitenote_note":"","_monsterinsights_sitenote_category":0},"product_brand":[],"product_cat":[12291,12711],"product_tag":[],"class_list":{"0":"post-729718","1":"product","2":"type-product","3":"status-publish","5":"product_cat-edebiyat","6":"product_cat-roman-oyku","7":"pa_cilt-ciltsiz","8":"pa_tur-kitap","9":"pa_yayinevi-luna-yayinlari","10":"pa_yazar-yaren-kesgin","12":"first","13":"instock","14":"sale","15":"shipping-taxable","16":"purchasable","17":"product-type-simple"},"_links":{"self":[{"href":"https:\/\/roveyayinevi.com.tr\/index.php\/wp-json\/wp\/v2\/product\/729718","targetHints":{"allow":["GET"]}}],"collection":[{"href":"https:\/\/roveyayinevi.com.tr\/index.php\/wp-json\/wp\/v2\/product"}],"about":[{"href":"https:\/\/roveyayinevi.com.tr\/index.php\/wp-json\/wp\/v2\/types\/product"}],"wp:attachment":[{"href":"https:\/\/roveyayinevi.com.tr\/index.php\/wp-json\/wp\/v2\/media?parent=729718"}],"wp:term":[{"taxonomy":"product_brand","embeddable":true,"href":"https:\/\/roveyayinevi.com.tr\/index.php\/wp-json\/wp\/v2\/product_brand?post=729718"},{"taxonomy":"product_cat","embeddable":true,"href":"https:\/\/roveyayinevi.com.tr\/index.php\/wp-json\/wp\/v2\/product_cat?post=729718"},{"taxonomy":"product_tag","embeddable":true,"href":"https:\/\/roveyayinevi.com.tr\/index.php\/wp-json\/wp\/v2\/product_tag?post=729718"}],"curies":[{"name":"wp","href":"https:\/\/api.w.org\/{rel}","templated":true}]}}