{"id":729709,"date":"2025-08-27T21:01:08","date_gmt":"2025-08-27T18:01:08","guid":{"rendered":"https:\/\/roveyayinevi.com.tr\/index.php\/urun\/hayvan-ciftligi-17\/"},"modified":"2026-04-16T02:37:32","modified_gmt":"2026-04-15T23:37:32","slug":"hayvan-ciftligi-17","status":"publish","type":"product","link":"https:\/\/roveyayinevi.com.tr\/index.php\/urun\/hayvan-ciftligi-17\/","title":{"rendered":"Hayvan \u00c7iftli\u011fi"},"content":{"rendered":"<p>\u201cB\u00fct\u00fcn hayvanlar e\u015fittir ama baz\u0131lar\u0131 daha e\u015fittir.\u201dHayatlar\u0131 boyunca k\u00f6le olarak ya\u015fayan hayvanlar, nihayet kendi kendilerinin efendileri olmaya karar verip isyan bayra\u011f\u0131n\u0131 \u00e7ekerek insanlar\u0131 alt ederler. Art\u0131k d\u00fc\u015fledikleri d\u00fcnyay\u0131 yaratma \u015fans\u0131 onlardad\u0131r. Fakat kendi kendilerine yetecekleri adil bir sistem kurma hayalleriyle \u00e7\u0131kt\u0131klar\u0131 bu yolda insanlar\u0131n hatalar\u0131n\u0131 tekrarlamaktan ve yozla\u015fmadan ka\u00e7amayacaklard\u0131r.Orwell bu unutulmaz eserinde otoriter ve totaliter rejimlerin tehlikelerini g\u00f6zler \u00f6n\u00fcne sererek, ge\u00e7mi\u015fteki ve g\u00fcn\u00fcm\u00fczdeki toplumlar\u0131n i\u015fleyi\u015f mekanizmalar\u0131n\u0131 b\u00fcy\u00fck bir ustal\u0131kla ele\u015ftirir. Hayvan \u00c7iftli\u011fi her d\u00f6nem okunabilecek bir ba\u015fyap\u0131t.<\/p>\n","protected":false},"excerpt":{"rendered":"<p>\u201cB\u00fct\u00fcn hayvanlar e\u015fittir ama baz\u0131lar\u0131 daha e\u015fittir.\u201dHayatlar\u0131 boyunca k\u00f6le olarak ya\u015fayan hayvanlar, nihayet kendi kendilerinin efendileri olmaya karar verip isyan bayra\u011f\u0131n\u0131 \u00e7ekerek insanlar\u0131 alt ederler. Art\u0131k<span class=\"excerpt-hellip\"> [\u2026]<\/span><\/p>\n","protected":false},"featured_media":0,"template":"","meta":{"_monsterinsights_skip_tracking":false,"_monsterinsights_sitenote_active":false,"_monsterinsights_sitenote_note":"","_monsterinsights_sitenote_category":0},"product_brand":[],"product_cat":[12291,12711],"product_tag":[],"class_list":{"0":"post-729709","1":"product","2":"type-product","3":"status-publish","5":"product_cat-edebiyat","6":"product_cat-roman-oyku","7":"pa_cilt-ciltsiz","8":"pa_tur-kitap","9":"pa_yayinevi-altin-kitaplar","10":"pa_yazar-george-orwell","12":"first","13":"instock","14":"sale","15":"shipping-taxable","16":"purchasable","17":"product-type-simple"},"_links":{"self":[{"href":"https:\/\/roveyayinevi.com.tr\/index.php\/wp-json\/wp\/v2\/product\/729709","targetHints":{"allow":["GET"]}}],"collection":[{"href":"https:\/\/roveyayinevi.com.tr\/index.php\/wp-json\/wp\/v2\/product"}],"about":[{"href":"https:\/\/roveyayinevi.com.tr\/index.php\/wp-json\/wp\/v2\/types\/product"}],"wp:attachment":[{"href":"https:\/\/roveyayinevi.com.tr\/index.php\/wp-json\/wp\/v2\/media?parent=729709"}],"wp:term":[{"taxonomy":"product_brand","embeddable":true,"href":"https:\/\/roveyayinevi.com.tr\/index.php\/wp-json\/wp\/v2\/product_brand?post=729709"},{"taxonomy":"product_cat","embeddable":true,"href":"https:\/\/roveyayinevi.com.tr\/index.php\/wp-json\/wp\/v2\/product_cat?post=729709"},{"taxonomy":"product_tag","embeddable":true,"href":"https:\/\/roveyayinevi.com.tr\/index.php\/wp-json\/wp\/v2\/product_tag?post=729709"}],"curies":[{"name":"wp","href":"https:\/\/api.w.org\/{rel}","templated":true}]}}