{"id":729698,"date":"2025-08-27T21:00:58","date_gmt":"2025-08-27T18:00:58","guid":{"rendered":"https:\/\/roveyayinevi.com.tr\/index.php\/urun\/pandemi-salginda-hayatta-kalma-rehberi\/"},"modified":"2026-04-16T02:37:16","modified_gmt":"2026-04-15T23:37:16","slug":"pandemi-salginda-hayatta-kalma-rehberi","status":"publish","type":"product","link":"https:\/\/roveyayinevi.com.tr\/index.php\/urun\/pandemi-salginda-hayatta-kalma-rehberi\/","title":{"rendered":"Pandemi &#8211; Salg\u0131nda Hayatta Kalma Rehberi"},"content":{"rendered":"<p>\u00d6lmek ya da \u00d6lmemek kitab\u0131n\u0131n yazar\u0131ndan, pandemilere neden olan vir\u00fcsler ve bunlarla nas\u0131l ba\u015f edece\u011fimizi anlatan \u00f6nemli bir \u00e7al\u0131\u015fma.Hastal\u0131klar nas\u0131l ortaya \u00e7\u0131kt\u0131?Salg\u0131nlara neden olan vir\u00fcslerin ortaya \u00e7\u0131kmas\u0131n\u0131 ilk etapta nas\u0131l durdurabiliriz?Hastal\u0131klar\u0131n \u00fclkemize, evlerimize ve bedenlerimize \u00f6l\u00fcmc\u00fcl sald\u0131r\u0131lar\u0131n\u0131 durdurmak i\u00e7in neler yapabiliriz?Uluslararas\u0131 tan\u0131nm\u0131\u015f bir uzman olan Dr. Michael Greger, Pandemi \/ Salg\u0131nda Hayatta Kalma Rehberi\u2019nde d\u00fcnyan\u0131n g\u00f6rd\u00fc\u011f\u00fc en \u00f6l\u00fcmc\u00fcl patojenlerin baz\u0131lar\u0131n\u0131n k\u00f6kenlerini ara\u015ft\u0131r\u0131yor. Ge\u00e7mi\u015ften bug\u00fcne evrimlerinin izini s\u00fcren Dr. Greger, bu patojenlerin nereden kaynakland\u0131\u011f\u0131n\u0131 incelerken, \u00f6l\u00fcmc\u00fcl etkilerini k\u00fcresel d\u00fczeylere ta\u015f\u0131yan insan rol\u00fcne dikkat \u00e7ekiyor. T\u00fcberk\u00fclozdan ku\u015f gribine, HIV&#8217;den koronavir\u00fcse kadar bula\u015f\u0131c\u0131 hastal\u0131klar ortak bir hik\u00e2 ye payla\u015f\u0131yor: hayvan ve insan etkile\u015fimi. D\u00fcnya, yeni koronavir\u00fcs\u00fcn y\u0131k\u0131c\u0131 etkisiyle bo\u011fu\u015furken, Dr. Greger yaln\u0131zca bir pandemi s\u0131ras\u0131nda kendimizi ve sevdiklerimizi korumak i\u00e7in neler yapabilece\u011fimizi de\u011fil, ayn\u0131 zamanda insan n\u00fcfusunun daha b\u00fcy\u00fck felaketlerin olas\u0131l\u0131\u011f\u0131n\u0131 azaltmak i\u00e7in neleri d\u00fczeltmesi gerekti\u011fini de ortaya koyuyor.<\/p>\n","protected":false},"excerpt":{"rendered":"<p>\u00d6lmek ya da \u00d6lmemek kitab\u0131n\u0131n yazar\u0131ndan, pandemilere neden olan vir\u00fcsler ve bunlarla nas\u0131l ba\u015f edece\u011fimizi anlatan \u00f6nemli bir \u00e7al\u0131\u015fma.Hastal\u0131klar nas\u0131l ortaya \u00e7\u0131kt\u0131?Salg\u0131nlara neden olan vir\u00fcslerin ortaya<span class=\"excerpt-hellip\"> [\u2026]<\/span><\/p>\n","protected":false},"featured_media":0,"template":"","meta":{"_monsterinsights_skip_tracking":false,"_monsterinsights_sitenote_active":false,"_monsterinsights_sitenote_note":"","_monsterinsights_sitenote_category":0},"product_brand":[],"product_cat":[16965,13365],"product_tag":[],"class_list":{"0":"post-729698","1":"product","2":"type-product","3":"status-publish","5":"product_cat-genel-saglik-kitaplari","6":"product_cat-saglik","7":"pa_cilt-ciltsiz","8":"pa_tur-kitap","9":"pa_yayinevi-altin-kitaplar","10":"pa_yazar-michael-greger-gene-stone","12":"first","13":"instock","14":"sale","15":"shipping-taxable","16":"purchasable","17":"product-type-simple"},"_links":{"self":[{"href":"https:\/\/roveyayinevi.com.tr\/index.php\/wp-json\/wp\/v2\/product\/729698","targetHints":{"allow":["GET"]}}],"collection":[{"href":"https:\/\/roveyayinevi.com.tr\/index.php\/wp-json\/wp\/v2\/product"}],"about":[{"href":"https:\/\/roveyayinevi.com.tr\/index.php\/wp-json\/wp\/v2\/types\/product"}],"wp:attachment":[{"href":"https:\/\/roveyayinevi.com.tr\/index.php\/wp-json\/wp\/v2\/media?parent=729698"}],"wp:term":[{"taxonomy":"product_brand","embeddable":true,"href":"https:\/\/roveyayinevi.com.tr\/index.php\/wp-json\/wp\/v2\/product_brand?post=729698"},{"taxonomy":"product_cat","embeddable":true,"href":"https:\/\/roveyayinevi.com.tr\/index.php\/wp-json\/wp\/v2\/product_cat?post=729698"},{"taxonomy":"product_tag","embeddable":true,"href":"https:\/\/roveyayinevi.com.tr\/index.php\/wp-json\/wp\/v2\/product_tag?post=729698"}],"curies":[{"name":"wp","href":"https:\/\/api.w.org\/{rel}","templated":true}]}}