{"id":729694,"date":"2025-08-27T21:00:54","date_gmt":"2025-08-27T18:00:54","guid":{"rendered":"https:\/\/roveyayinevi.com.tr\/index.php\/urun\/anadolu-feng-shui\/"},"modified":"2026-04-16T02:37:15","modified_gmt":"2026-04-15T23:37:15","slug":"anadolu-feng-shui","status":"publish","type":"product","link":"https:\/\/roveyayinevi.com.tr\/index.php\/urun\/anadolu-feng-shui\/","title":{"rendered":"Anadolu Feng Shui"},"content":{"rendered":"<p>Geceleri neden aynan\u0131n \u00fczerini \u00f6rtmemiz gerekir? Kedilerin uyuyaca\u011f\u0131m\u0131z odayla ilgisi ne? \u015eahperi Sofras\u0131\u2019n\u0131 yedi sene \u00fcst \u00fcste kurdu\u011fumuzda ne olur? Evlerimizde neden demir bulunmal\u0131d\u0131r? G\u00fcl kokusu ne i\u015fe yarar? Hangi bitkiler t\u0131ls\u0131ml\u0131d\u0131r? Ya\u015fam alanlar\u0131m\u0131zda bolluk-bereket i\u00e7in ne yapmal\u0131y\u0131z? Bu sorular\u0131n cevaplar\u0131, binlerce y\u0131l \u00f6ncesine dayanan Anadolu rit\u00fcellerinde sakl\u0131. Gazeteci-yazar Neslihan Perker, kendi deneyimlerinden yola \u00e7\u0131karak ya\u015fan\u0131lan mek\u00e2nlarda ya\u015fam enerjisini harekete ge\u00e7irme pratiklerini ara\u015ft\u0131r\u0131yor. Anadolu Feng Shui, ya\u015fad\u0131\u011f\u0131m\u0131z topraklara \u00f6zg\u00fc binlerce y\u0131ll\u0131k rit\u00fcelleri uygulaman\u0131z i\u00e7in mini bir rehber \u00f6zelli\u011fi ta\u015f\u0131yor. <\/p>\n","protected":false},"excerpt":{"rendered":"<p>Geceleri neden aynan\u0131n \u00fczerini \u00f6rtmemiz gerekir? Kedilerin uyuyaca\u011f\u0131m\u0131z odayla ilgisi ne? \u015eahperi Sofras\u0131\u2019n\u0131 yedi sene \u00fcst \u00fcste kurdu\u011fumuzda ne olur? Evlerimizde neden demir bulunmal\u0131d\u0131r? G\u00fcl kokusu<span class=\"excerpt-hellip\"> [\u2026]<\/span><\/p>\n","protected":false},"featured_media":0,"template":"","meta":{"_monsterinsights_skip_tracking":false,"_monsterinsights_sitenote_active":false,"_monsterinsights_sitenote_note":"","_monsterinsights_sitenote_category":0},"product_brand":[],"product_cat":[12364,12376],"product_tag":[],"class_list":{"0":"post-729694","1":"product","2":"type-product","3":"status-publish","5":"product_cat-genel-konular","6":"product_cat-kisisel-gelisim","7":"pa_cilt-ciltsiz","8":"pa_tur-kitap","9":"pa_yayinevi-kara-karga-yayinlari","10":"pa_yazar-neslihan-perker","12":"first","13":"instock","14":"sale","15":"shipping-taxable","16":"purchasable","17":"product-type-simple"},"_links":{"self":[{"href":"https:\/\/roveyayinevi.com.tr\/index.php\/wp-json\/wp\/v2\/product\/729694","targetHints":{"allow":["GET"]}}],"collection":[{"href":"https:\/\/roveyayinevi.com.tr\/index.php\/wp-json\/wp\/v2\/product"}],"about":[{"href":"https:\/\/roveyayinevi.com.tr\/index.php\/wp-json\/wp\/v2\/types\/product"}],"wp:attachment":[{"href":"https:\/\/roveyayinevi.com.tr\/index.php\/wp-json\/wp\/v2\/media?parent=729694"}],"wp:term":[{"taxonomy":"product_brand","embeddable":true,"href":"https:\/\/roveyayinevi.com.tr\/index.php\/wp-json\/wp\/v2\/product_brand?post=729694"},{"taxonomy":"product_cat","embeddable":true,"href":"https:\/\/roveyayinevi.com.tr\/index.php\/wp-json\/wp\/v2\/product_cat?post=729694"},{"taxonomy":"product_tag","embeddable":true,"href":"https:\/\/roveyayinevi.com.tr\/index.php\/wp-json\/wp\/v2\/product_tag?post=729694"}],"curies":[{"name":"wp","href":"https:\/\/api.w.org\/{rel}","templated":true}]}}