{"id":729687,"date":"2025-08-27T21:00:48","date_gmt":"2025-08-27T18:00:48","guid":{"rendered":"https:\/\/roveyayinevi.com.tr\/index.php\/urun\/kabenin-oglu-ali-1\/"},"modified":"2026-04-16T02:37:15","modified_gmt":"2026-04-15T23:37:15","slug":"kabenin-oglu-ali-1","status":"publish","type":"product","link":"https:\/\/roveyayinevi.com.tr\/index.php\/urun\/kabenin-oglu-ali-1\/","title":{"rendered":"Kabenin O\u011flu Ali &#8211; 1"},"content":{"rendered":"<p>Ac\u0131n\u0131n \u015fehridir, insan\u0131n kalbinde in\u015fa etti\u011fi. Her bir tu\u011flas\u0131n\u0131 \u00f6zenle yerle\u015ftirdi\u011fi. Sonra&#8230; Bir g\u00fcnahk\u00e2r\u0131n pi\u015fmanl\u0131\u011f\u0131yd\u0131 yedi kat duvarlar\u0131n\u0131n \u00f6tesinde yank\u0131lanan. Bir kartal\u0131n pen\u00e7eleriydi ruhuna ge\u00e7irip ac\u0131mas\u0131zca kopard\u0131\u011f\u0131 et par\u00e7alar\u0131n\u0131 her seferinde kanatan. Ve&#8230; Maktul sendin! Batakl\u0131klar\u0131n kuytusunda \u00e7amura bulanm\u0131\u015f beyaz y\u00fczlerdi&#8230; Senin y\u00fczlerindi&#8230; Bo\u015f bak\u0131\u015flarla birbirini s\u00fczen. Oysa&#8230; Hi\u00e7 tan\u0131d\u0131k de\u011fildi de\u011fil mi? Nas\u0131rl\u0131 parmaklar\u0131n, k\u00fcf kokan etin, \u00f6l\u00fc g\u00f6zlerin. Hepsi sendin! Hepsi sensin! Sen oldu\u011funu bildi\u011fin&#8230; <\/p>\n","protected":false},"excerpt":{"rendered":"<p>Ac\u0131n\u0131n \u015fehridir, insan\u0131n kalbinde in\u015fa etti\u011fi. Her bir tu\u011flas\u0131n\u0131 \u00f6zenle yerle\u015ftirdi\u011fi. Sonra&#8230; Bir g\u00fcnahk\u00e2r\u0131n pi\u015fmanl\u0131\u011f\u0131yd\u0131 yedi kat duvarlar\u0131n\u0131n \u00f6tesinde yank\u0131lanan. Bir kartal\u0131n pen\u00e7eleriydi ruhuna ge\u00e7irip ac\u0131mas\u0131zca<span class=\"excerpt-hellip\"> [\u2026]<\/span><\/p>\n","protected":false},"featured_media":0,"template":"","meta":{"_monsterinsights_skip_tracking":false,"_monsterinsights_sitenote_active":false,"_monsterinsights_sitenote_note":"","_monsterinsights_sitenote_category":0},"product_brand":[],"product_cat":[12718,18102,12719],"product_tag":[],"class_list":{"0":"post-729687","1":"product","2":"type-product","3":"status-publish","5":"product_cat-din","6":"product_cat-edebiyat-roman","7":"product_cat-islam","8":"pa_cilt-ciltsiz","9":"pa_tur-kitap","10":"pa_yayinevi-la-kitap-yayinlari","11":"pa_yazar-ilknur-altintas","13":"first","14":"instock","15":"sale","16":"shipping-taxable","17":"purchasable","18":"product-type-simple"},"_links":{"self":[{"href":"https:\/\/roveyayinevi.com.tr\/index.php\/wp-json\/wp\/v2\/product\/729687","targetHints":{"allow":["GET"]}}],"collection":[{"href":"https:\/\/roveyayinevi.com.tr\/index.php\/wp-json\/wp\/v2\/product"}],"about":[{"href":"https:\/\/roveyayinevi.com.tr\/index.php\/wp-json\/wp\/v2\/types\/product"}],"wp:attachment":[{"href":"https:\/\/roveyayinevi.com.tr\/index.php\/wp-json\/wp\/v2\/media?parent=729687"}],"wp:term":[{"taxonomy":"product_brand","embeddable":true,"href":"https:\/\/roveyayinevi.com.tr\/index.php\/wp-json\/wp\/v2\/product_brand?post=729687"},{"taxonomy":"product_cat","embeddable":true,"href":"https:\/\/roveyayinevi.com.tr\/index.php\/wp-json\/wp\/v2\/product_cat?post=729687"},{"taxonomy":"product_tag","embeddable":true,"href":"https:\/\/roveyayinevi.com.tr\/index.php\/wp-json\/wp\/v2\/product_tag?post=729687"}],"curies":[{"name":"wp","href":"https:\/\/api.w.org\/{rel}","templated":true}]}}